{"id":38,"date":"2024-10-04T10:05:57","date_gmt":"2024-10-04T07:05:57","guid":{"rendered":"https:\/\/u79114.www2.webdomain.fi\/green-flag-award\/?page_id=38"},"modified":"2025-05-13T13:42:16","modified_gmt":"2025-05-13T10:42:16","slug":"tuomarit","status":"publish","type":"page","link":"https:\/\/www.vyl.fi\/green-flag-award\/tuomarit\/","title":{"rendered":"Tuomarit"},"content":{"rendered":"\n<p class=\"wp-block-lala-blocks-lala-ingressi\">Koulutetut puistotuomarit ovat elint\u00e4rkeit\u00e4 GFA -toiminnan kehittymisen kannalta.<\/p>\n\n\n\n<p><\/p>\n\n\n\n<p>Vapaaehtoiset tuomarit luovat linkin viheralueen k\u00e4ytt\u00e4jien ja toimijoiden v\u00e4lille ja voivat vahvasti vaikuttaa alueen kehitt\u00e4miseen. Suomessa on t\u00e4ll\u00e4 hetkell\u00e4 31\u00a0koulutettua GFA-tuomaria ja vuosittain arvioidaan uusien tuomareiden koulutustarvetta. Tuomarit ovat koulutettuja viheralan toimijoita, joilla on\u00a0kokemusta\/osaamista viheralueiden hoito- ja yll\u00e4pitoteht\u00e4vist\u00e4, maisemanhoidosta, puutarhataloudesta, ymp\u00e4rist\u00f6tieteist\u00e4 tai luonnonsuojelusta sek\u00e4 kokonaiskuvaa viheralasta ja julkisen ulkotilan\/puiston\/viheralueen hallinnoinnista.<\/p>\n\n\n\n<p><\/p>\n","protected":false},"excerpt":{"rendered":"<p>Vapaaehtoiset tuomarit luovat linkin viheralueen k\u00e4ytt\u00e4jien ja toimijoiden v\u00e4lille ja voivat vahvasti vaikuttaa alueen kehitt\u00e4miseen. Suomessa on t\u00e4ll\u00e4 hetkell\u00e4 31\u00a0koulutettua GFA-tuomaria ja vuosittain arvioidaan uusien tuomareiden koulutustarvetta. Tuomarit ovat koulutettuja viheralan toimijoita, joilla on\u00a0kokemusta\/osaamista viheralueiden hoito- ja yll\u00e4pitoteht\u00e4vist\u00e4, maisemanhoidosta, puutarhataloudesta, ymp\u00e4rist\u00f6tieteist\u00e4 tai luonnonsuojelusta sek\u00e4 kokonaiskuvaa viheralasta ja julkisen ulkotilan\/puiston\/viheralueen hallinnoinnista.<\/p>\n","protected":false},"author":7,"featured_media":87,"parent":0,"menu_order":40,"comment_status":"closed","ping_status":"closed","template":"","meta":{"_acf_changed":false,"_relevanssi_hide_post":"","_relevanssi_hide_content":"","_relevanssi_pin_for_all":"","_relevanssi_pin_keywords":"","_relevanssi_unpin_keywords":"","_relevanssi_related_keywords":"","_relevanssi_related_include_ids":"","_relevanssi_related_exclude_ids":"","_relevanssi_related_no_append":"","_relevanssi_related_not_related":"","_relevanssi_related_posts":"1","_relevanssi_noindex_reason":"","footnotes":""},"class_list":["post-38","page","type-page","status-publish","has-post-thumbnail","hentry"],"acf":[],"_links":{"self":[{"href":"https:\/\/www.vyl.fi\/green-flag-award\/wp-json\/wp\/v2\/pages\/38","targetHints":{"allow":["GET"]}}],"collection":[{"href":"https:\/\/www.vyl.fi\/green-flag-award\/wp-json\/wp\/v2\/pages"}],"about":[{"href":"https:\/\/www.vyl.fi\/green-flag-award\/wp-json\/wp\/v2\/types\/page"}],"author":[{"embeddable":true,"href":"https:\/\/www.vyl.fi\/green-flag-award\/wp-json\/wp\/v2\/users\/7"}],"replies":[{"embeddable":true,"href":"https:\/\/www.vyl.fi\/green-flag-award\/wp-json\/wp\/v2\/comments?post=38"}],"version-history":[{"count":3,"href":"https:\/\/www.vyl.fi\/green-flag-award\/wp-json\/wp\/v2\/pages\/38\/revisions"}],"predecessor-version":[{"id":214,"href":"https:\/\/www.vyl.fi\/green-flag-award\/wp-json\/wp\/v2\/pages\/38\/revisions\/214"}],"wp:featuredmedia":[{"embeddable":true,"href":"https:\/\/www.vyl.fi\/green-flag-award\/wp-json\/wp\/v2\/media\/87"}],"wp:attachment":[{"href":"https:\/\/www.vyl.fi\/green-flag-award\/wp-json\/wp\/v2\/media?parent=38"}],"curies":[{"name":"wp","href":"https:\/\/api.w.org\/{rel}","templated":true}]}}