{"id":114,"date":"2024-10-16T14:41:47","date_gmt":"2024-10-16T11:41:47","guid":{"rendered":"https:\/\/u79114.www2.webdomain.fi\/kesy\/?page_id=114"},"modified":"2024-10-16T16:28:59","modified_gmt":"2024-10-16T13:28:59","slug":"vedenkulutuksen-vahentaminen-kasvillisuusalueiden-hoidossa","status":"publish","type":"page","link":"https:\/\/www.vyl.fi\/kesy\/teemat\/vesiolosuhteet\/vedenkulutuksen-vahentaminen-kasvillisuusalueiden-hoidossa\/","title":{"rendered":"Vedenkulutuksen v\u00e4hent\u00e4minen kasvillisuus&shy;alueiden hoidossa"},"content":{"rendered":"\n<p><strong>TAVOITTEET<\/strong><\/p>\n\n\n\n<ul class=\"wp-block-list\">\n<li>S\u00e4\u00e4stet\u00e4\u00e4n vesivaroja, erityisesti hyv\u00e4laatuisia pinta- ja pohjavesivaroja sek\u00e4 talousvett\u00e4.<\/li>\n\n\n\n<li>V\u00e4hennet\u00e4\u00e4n talousveden (juomakelpoisen veden), luonnonmukaisten pintavesien sek\u00e4 pohjavesien kulutusta kasvillisuusalueiden hoidossa.<\/li>\n\n\n\n<li>V\u00e4hennet\u00e4\u00e4n energian k\u00e4ytt\u00f6\u00e4 esim. veden kuljettamisessa.<\/li>\n\n\n\n<li>V\u00e4hennet\u00e4\u00e4n kunnossapidon kustannuksia.<\/li>\n\n\n\n<li>Hy\u00f6dynnet\u00e4\u00e4n hulevesi\u00e4 kastelussa.<\/li>\n<\/ul>\n\n\n\n<p>Tavoitteet koskevat alueen vakiintuneiden kasvillisuusalueiden hoitoon k\u00e4ytett\u00e4vi\u00e4 vesivaroja. Tilanteesta riippuen tavoitteena voi olla:<\/p>\n\n\n\n<ul class=\"wp-block-list\">\n<li><em>kastelun v\u00e4hent\u00e4minen<\/em><\/li>\n\n\n\n<li><em>kastelun merkitt\u00e4v\u00e4 v\u00e4hent\u00e4minen<\/em><\/li>\n\n\n\n<li><em>kastelun lopettaminen kokonaan kasvillisuusalueilla.<\/em><\/li>\n<\/ul>\n\n\n\n<p><strong>YLEISET TOIMINTAPERIAATTEET<\/strong><\/p>\n\n\n\n<ul class=\"wp-block-list\">\n<li>Hy\u00f6dynnet\u00e4\u00e4n kastelussa alueella ker\u00e4ttyj\u00e4 ja viivytett\u00e4vi\u00e4 hulevesi\u00e4 sek\u00e4 harmaita vesi\u00e4.<\/li>\n\n\n\n<li>Vedenkulutusta merkitt\u00e4v\u00e4sti v\u00e4hennett\u00e4ess\u00e4 ei kasteluun k\u00e4ytet\u00e4 talousvett\u00e4, luonnollisia pintavesi\u00e4 tai pohjavett\u00e4 lukuun ottamatta kasvillisuusalueiden rakentamisvaihetta ja takuuajan kunnossapitoa (huomioidaan kuitenkin veden saatavuus ja kuljetusmatkat alueilla, joilla infrastruktuuri talousveden ottamiselle on olemassa).\u00a0<\/li>\n\n\n\n<li>Lopetetaan kasvillisuusalueiden kastelu kokonaan, jolloin kastellaan kasvillisuusalueita vain rakentamisvaiheessa ja takuuaikana.<\/li>\n\n\n\n<li>V\u00e4hennet\u00e4\u00e4n veden kulutusta merkitt\u00e4v\u00e4sti tai kastelu lopetetaan kokonaan. Rakentamisvaiheessa kastelussa hy\u00f6dynnet\u00e4\u00e4n vain seuraavia vesil\u00e4hteit\u00e4:\n<ul class=\"wp-block-list\">\n<li>talteen otettu hulevesi<\/li>\n\n\n\n<li>uusiok\u00e4ytetty vesi<\/li>\n\n\n\n<li>kierr\u00e4tetty j\u00e4tevesi<\/li>\n\n\n\n<li>kierr\u00e4tetty harmaa j\u00e4tevesi<\/li>\n\n\n\n<li>julkisen sektorin puhdistamaa ja toimittamaa vett\u00e4, joka on tarkoitettu erityisesti muuhun kuin talousk\u00e4ytt\u00f6\u00f6n.<\/li>\n<\/ul>\n<\/li>\n\n\n\n<li>HUOM! Muusta kuin juomakelpoisesta l\u00e4hteest\u00e4 tulevan kasteluveden k\u00e4yt\u00f6ss\u00e4 tulee huomioida, ett\u00e4 se t\u00e4ytt\u00e4\u00e4 kasteluvedelle asetetut ominaisuudet.<\/li>\n<\/ul>\n","protected":false},"excerpt":{"rendered":"<p>TAVOITTEET Tavoitteet koskevat alueen vakiintuneiden kasvillisuusalueiden hoitoon k\u00e4ytett\u00e4vi\u00e4 vesivaroja. Tilanteesta riippuen tavoitteena voi olla: YLEISET TOIMINTAPERIAATTEET<\/p>\n","protected":false},"author":7,"featured_media":0,"parent":87,"menu_order":50,"comment_status":"closed","ping_status":"closed","template":"","meta":{"_acf_changed":false,"_relevanssi_hide_post":"","_relevanssi_hide_content":"","_relevanssi_pin_for_all":"","_relevanssi_pin_keywords":"","_relevanssi_unpin_keywords":"","_relevanssi_related_keywords":"","_relevanssi_related_include_ids":"","_relevanssi_related_exclude_ids":"","_relevanssi_related_no_append":"","_relevanssi_related_not_related":"","_relevanssi_related_posts":"1","_relevanssi_noindex_reason":"","footnotes":""},"class_list":["post-114","page","type-page","status-publish","hentry"],"acf":[],"_links":{"self":[{"href":"https:\/\/www.vyl.fi\/kesy\/wp-json\/wp\/v2\/pages\/114","targetHints":{"allow":["GET"]}}],"collection":[{"href":"https:\/\/www.vyl.fi\/kesy\/wp-json\/wp\/v2\/pages"}],"about":[{"href":"https:\/\/www.vyl.fi\/kesy\/wp-json\/wp\/v2\/types\/page"}],"author":[{"embeddable":true,"href":"https:\/\/www.vyl.fi\/kesy\/wp-json\/wp\/v2\/users\/7"}],"replies":[{"embeddable":true,"href":"https:\/\/www.vyl.fi\/kesy\/wp-json\/wp\/v2\/comments?post=114"}],"version-history":[{"count":4,"href":"https:\/\/www.vyl.fi\/kesy\/wp-json\/wp\/v2\/pages\/114\/revisions"}],"predecessor-version":[{"id":139,"href":"https:\/\/www.vyl.fi\/kesy\/wp-json\/wp\/v2\/pages\/114\/revisions\/139"}],"up":[{"embeddable":true,"href":"https:\/\/www.vyl.fi\/kesy\/wp-json\/wp\/v2\/pages\/87"}],"wp:attachment":[{"href":"https:\/\/www.vyl.fi\/kesy\/wp-json\/wp\/v2\/media?parent=114"}],"curies":[{"name":"wp","href":"https:\/\/api.w.org\/{rel}","templated":true}]}}