{"id":17,"date":"2024-10-09T10:34:28","date_gmt":"2024-10-09T07:34:28","guid":{"rendered":"https:\/\/u79114.www2.webdomain.fi\/kesy\/?page_id=17"},"modified":"2024-12-05T10:17:27","modified_gmt":"2024-12-05T08:17:27","slug":"teemat","status":"publish","type":"page","link":"https:\/\/www.vyl.fi\/kesy\/teemat\/","title":{"rendered":"Teemat"},"content":{"rendered":"\n<p class=\"wp-block-lala-blocks-lala-ingressi\">Toimintamallissa esitet\u00e4\u00e4n kest\u00e4v\u00e4n kehityksen mukaisen ymp\u00e4rist\u00f6rakentamisen toimintaperiaatteet viiden teeman kautta: paikan vesiolot; paikan maaper\u00e4 ja kasvillisuus; k\u00e4ytett\u00e4v\u00e4t raaka-aineet, materiaalit ja tuotteet; energians\u00e4\u00e4st\u00f6, ilmanlaatu ja ymp\u00e4rist\u00f6nsuojelu; ihmisten terveys ja hyvinvointi.<\/p>\n\n\n\n<p>Kest\u00e4v\u00e4ss\u00e4 ymp\u00e4rist\u00f6rakentamisessa keskeinen tekij\u00e4 on paikka ja sen asettamat l\u00e4ht\u00f6kohdat, kuten paikan vesiolot, maaper\u00e4n ja kasvillisuuden ominaisuudet.<\/p>\n\n\n\n<p>Vesioloihin liittyv\u00e4t toimintaperiaatteet kannustavat turvaamaan paikan vesiekosysteemipalvelut. Ne ohjaavat rakentamisen sijoittamista siten, ett\u00e4 esimerkiksi tulva-alueiden ekologiset toiminnot ja herkkien vesiekosysteemien toiminta turvataan. Ne ohjeistavat my\u00f6s vesiekosysteemien kunnostusta ja hulevesien hallintaa. Lis\u00e4ksi tavoitteeksi on asetettu talousveden kulutuksen v\u00e4hent\u00e4minen.<\/p>\n\n\n\n<p>Maaper\u00e4\u00e4n ja kasvillisuuteen liittyv\u00e4t toimintaperiaatteet edist\u00e4v\u00e4t terveen maaper\u00e4n ja kasvillisuuden s\u00e4ilytt\u00e4mist\u00e4, maaper\u00e4n kunnostusta ja hoitoa. Ne ohjaavat arvokkaan ja alkuper\u00e4isen kasvillisuuden suojelemiseen, kasvupaikkaan soveltuvan kasvillisuuden k\u00e4ytt\u00f6\u00f6n ja vieraslajien hallintaan. Lis\u00e4ksi niiden avulla edistet\u00e4\u00e4n biomassan, eli elollista alkuper\u00e4\u00e4 olevan materiaalin s\u00e4ilytt\u00e4mist\u00e4 ja lis\u00e4\u00e4mist\u00e4.<\/p>\n\n\n\n<p>K\u00e4ytett\u00e4vien materiaalien ja tuotteiden valintaan liittyv\u00e4t toimintaperiaatteet kannustavat materiaalitehokkuuteen, raaka-aineiden vastuulliseen k\u00e4ytt\u00f6\u00f6n sek\u00e4 ekologisesti kest\u00e4v\u00e4n materiaali- ja taimituotannon tukemiseen. Lis\u00e4ksi materiaalin kierr\u00e4tyksen ja uusiok\u00e4yt\u00f6n sek\u00e4 rakentamisessa syntyv\u00e4n j\u00e4tteen m\u00e4\u00e4r\u00e4n rajoittaminen ja lajitteleminen ovat keskeisi\u00e4 n\u00e4k\u00f6kulmia. Suositaan paikallisia tuottajia, valmistajia ja materiaaleja.<\/p>\n\n\n\n<p>Energias\u00e4\u00e4st\u00f6n, ilmanlaadun ja ymp\u00e4rist\u00f6n suojelemiseen liittyv\u00e4t toimintaperiaatteet keskittyv\u00e4t erilaisten p\u00e4\u00e4st\u00f6jen v\u00e4hent\u00e4miseen. Tavoitteena on v\u00e4hent\u00e4\u00e4 kasvihuonep\u00e4\u00e4st\u00f6j\u00e4, elinymp\u00e4rist\u00f6jen tuhoutumista ja negatiivisia vaikutuksia ihmisten ja eli\u00f6iden terveyteen. Periaatteet ohjaavat my\u00f6s urbaanien l\u00e4mp\u00f6saarekkeiden vaikutusten lievent\u00e4misess\u00e4 ja rakennusten energiank\u00e4yt\u00f6n v\u00e4hent\u00e4misess\u00e4 kasvillisuuden keinoin.<\/p>\n\n\n\n<p>Ihmisten terveyden ja hyvinvoinnin edist\u00e4mist\u00e4 k\u00e4sittelev\u00e4t toimintaperiaatteet liittyv\u00e4t erityisesti sosiaaliseen kest\u00e4vyyteen. Niill\u00e4 tuetaan kulttuuriymp\u00e4rist\u00f6n arvojen vaalimista, viheralueiden saavutettavuutta, turvallisuutta ja k\u00e4ytt\u00f6mukavuutta sek\u00e4 kaikille k\u00e4ytt\u00e4jille tasavertaisia k\u00e4ytt\u00f6mahdollisuuksia. Viheralueilla on merkitt\u00e4v\u00e4 rooli henkisen palautumisen sek\u00e4 terveytt\u00e4 edist\u00e4vien fyysisten aktiviteettien paikkana. Kohtaamispaikat ja sosiaalisen kanssak\u00e4ymisen tukeminen vahvistavat yhteis\u00f6llisyytt\u00e4. Hy\u00f6tyviljely on yksi yhteis\u00f6llisyytt\u00e4 edist\u00e4v\u00e4 toiminnan muoto. Tukemalla paikallista taloutta esimerkiksi k\u00e4ytt\u00e4m\u00e4ll\u00e4 paikallista ty\u00f6voimaa ja materiaaleja kehitet\u00e4\u00e4n paikallisia yhteis\u00f6j\u00e4 ja niiden toimintaa.<\/p>\n\n\n\n<p>Kutakin teemaa tarkastellaan tarkemmin muutaman eri n\u00e4k\u00f6kulman avulla. Niiden yhteydess\u00e4 esitell\u00e4\u00e4n tarkemmat tavoitteet ja toimintaperiaatteet, joilla kest\u00e4v\u00e4n kehityksen mukainen toimintamalli on mahdollista saavuttaa. Toimintaperiaatteiden kirjaamisessa on huomioitu hankkeen eri vaiheet&nbsp; \u2013 tilaaminen, suunnittelu, rakentaminen ja kunnossapito.<\/p>\n\n\n\n<h2 class=\"wp-block-heading\">Katso video: Kest\u00e4v\u00e4n ymp\u00e4rist\u00f6rakentamisen toimintamalli<br><\/h2>\n\n\n\n<figure class=\"wp-block-embed is-type-video is-provider-youtube wp-block-embed-youtube wp-embed-aspect-16-9 wp-has-aspect-ratio\"><div class=\"wp-block-embed__wrapper\">\n<iframe loading=\"lazy\" title=\"Kest\u00e4v\u00e4n ymp\u00e4rist\u00f6rakentamisen toimintamalli\" width=\"800\" height=\"450\" src=\"https:\/\/www.youtube.com\/embed\/7zpNzZhucNk?start=1&#038;feature=oembed\" frameborder=\"0\" allow=\"accelerometer; autoplay; clipboard-write; encrypted-media; gyroscope; picture-in-picture; web-share\" referrerpolicy=\"strict-origin-when-cross-origin\" allowfullscreen><\/iframe>\n<\/div><\/figure>\n","protected":false},"excerpt":{"rendered":"<p>Kest\u00e4v\u00e4ss\u00e4 ymp\u00e4rist\u00f6rakentamisessa keskeinen tekij\u00e4 on paikka ja sen asettamat l\u00e4ht\u00f6kohdat, kuten paikan vesiolot, maaper\u00e4n ja kasvillisuuden ominaisuudet. Vesioloihin liittyv\u00e4t toimintaperiaatteet kannustavat turvaamaan paikan vesiekosysteemipalvelut. Ne ohjaavat rakentamisen sijoittamista siten, ett\u00e4 esimerkiksi tulva-alueiden ekologiset toiminnot ja herkkien vesiekosysteemien toiminta turvataan. Ne ohjeistavat my\u00f6s vesiekosysteemien kunnostusta ja hulevesien hallintaa. Lis\u00e4ksi tavoitteeksi on asetettu talousveden kulutuksen v\u00e4hent\u00e4minen. Maaper\u00e4\u00e4n [&hellip;]<\/p>\n","protected":false},"author":7,"featured_media":572,"parent":0,"menu_order":0,"comment_status":"closed","ping_status":"closed","template":"","meta":{"_acf_changed":false,"_relevanssi_hide_post":"","_relevanssi_hide_content":"","_relevanssi_pin_for_all":"","_relevanssi_pin_keywords":"","_relevanssi_unpin_keywords":"","_relevanssi_related_keywords":"","_relevanssi_related_include_ids":"","_relevanssi_related_exclude_ids":"","_relevanssi_related_no_append":"","_relevanssi_related_not_related":"","_relevanssi_related_posts":"1","_relevanssi_noindex_reason":"","footnotes":""},"class_list":["post-17","page","type-page","status-publish","has-post-thumbnail","hentry"],"acf":[],"_links":{"self":[{"href":"https:\/\/www.vyl.fi\/kesy\/wp-json\/wp\/v2\/pages\/17","targetHints":{"allow":["GET"]}}],"collection":[{"href":"https:\/\/www.vyl.fi\/kesy\/wp-json\/wp\/v2\/pages"}],"about":[{"href":"https:\/\/www.vyl.fi\/kesy\/wp-json\/wp\/v2\/types\/page"}],"author":[{"embeddable":true,"href":"https:\/\/www.vyl.fi\/kesy\/wp-json\/wp\/v2\/users\/7"}],"replies":[{"embeddable":true,"href":"https:\/\/www.vyl.fi\/kesy\/wp-json\/wp\/v2\/comments?post=17"}],"version-history":[{"count":4,"href":"https:\/\/www.vyl.fi\/kesy\/wp-json\/wp\/v2\/pages\/17\/revisions"}],"predecessor-version":[{"id":458,"href":"https:\/\/www.vyl.fi\/kesy\/wp-json\/wp\/v2\/pages\/17\/revisions\/458"}],"wp:featuredmedia":[{"embeddable":true,"href":"https:\/\/www.vyl.fi\/kesy\/wp-json\/wp\/v2\/media\/572"}],"wp:attachment":[{"href":"https:\/\/www.vyl.fi\/kesy\/wp-json\/wp\/v2\/media?parent=17"}],"curies":[{"name":"wp","href":"https:\/\/api.w.org\/{rel}","templated":true}]}}