{"id":193,"date":"2024-10-21T08:20:36","date_gmt":"2024-10-21T05:20:36","guid":{"rendered":"https:\/\/u79114.www2.webdomain.fi\/kesy\/?page_id=193"},"modified":"2024-10-21T08:20:36","modified_gmt":"2024-10-21T05:20:36","slug":"toimenpiteet-rakentamisessa","status":"publish","type":"page","link":"https:\/\/www.vyl.fi\/kesy\/teemat\/maapera-ja-kasvillisuus\/maaperan-sailyttaminen-kunnostus-ja-hoito\/toimenpiteet-rakentamisessa\/","title":{"rendered":"Toimenpiteet rakentamisessa"},"content":{"rendered":"\n<p><em>Maaper\u00e4n s\u00e4ilytt\u00e4miseen liittyen:<\/em><\/p>\n\n\n\n<ul class=\"wp-block-list\">\n<li>Perehdytet\u00e4\u00e4n, opastetaan ja tiedotetaan oman organisaation ja aliurakoitsijoiden rakennusty\u00f6n tekij\u00e4t maaper\u00e4n suojaamiseen ja huomioimiseen rakennusty\u00f6n aikana.<\/li>\n\n\n\n<li>Sijoitetaan v\u00e4livarastointi, huolto- ja kulkureitit, pys\u00e4k\u00f6inti ja ty\u00f6maan taukotilat ensisijaisesti alueille, joiden maaper\u00e4 on h\u00e4iriintynyt aikaisemman k\u00e4yt\u00f6n seurauksena.<\/li>\n\n\n\n<li>Suojataan maaper\u00e4 suunnitelma-asiakirjojen mukaan tai niiden puuttuessa yleisten laatuvaatimusten mukaan.<\/li>\n\n\n\n<li>Suositaan suojavy\u00f6hykkeiden suojaamisessa asianmukaisia, tukevia aitarakenteita tai muita fyysisi\u00e4 esteit\u00e4.<\/li>\n\n\n\n<li>Varmistetaan, etteiv\u00e4t rakennusaikaiset j\u00e4tevedet ja hulevedet kulkeudu maaper\u00e4\u00e4n.<\/li>\n\n\n\n<li>Rakennusaikaiset j\u00e4tevedet ja hulevedet puhdistetaan ennen niiden johtamista maaper\u00e4\u00e4n.<\/li>\n<\/ul>\n\n\n\n<p><em>Maaper\u00e4n kunnostukseen ja hoitoon liittyen:<\/em><\/p>\n\n\n\n<ul class=\"wp-block-list\">\n<li>V\u00e4hennet\u00e4\u00e4n maaper\u00e4n kunnostuksen tarvetta rajaamalla rakennust\u00f6ist\u00e4 aiheutuvat h\u00e4iri\u00f6t mahdollisimman pienelle alueelle.<\/li>\n\n\n\n<li>Perehdytet\u00e4\u00e4n, opastetaan ja tiedotetaan oman organisaation ja aliurakoitsijoiden rakennusty\u00f6n tekij\u00e4t rakentamisen ulkopuolelle j\u00e4\u00e4vien alueiden rajauksiin ja maaper\u00e4n kunnostuksen ja hoidon tavoitteisiin rakennusty\u00f6n aikana.<\/li>\n\n\n\n<li>Suojataan maaper\u00e4n ja kasvillisuuden suojavy\u00f6hykkeet asianmukaisilla suoja-aidoilla.<\/li>\n\n\n\n<li>Otetaan talteen kaikki kaivettava maa-aines. Hy\u00f6dynnet\u00e4\u00e4n tai kierr\u00e4tet\u00e4\u00e4n se mahdollisuuksien mukaan kohdan 3.1 Materiaalitehokkuuden edist\u00e4minen mukaan.<\/li>\n\n\n\n<li>K\u00e4sitell\u00e4\u00e4n rakennuspaikalla siirrett\u00e4vi\u00e4 tai sinne tuotavia maa-aineksia niiden alkuper\u00e4n tavoin eli hy\u00f6dynnet\u00e4\u00e4n pohjamaita pohjamaina ja pintamaita pintamaina. Joissain tapauksissa pohjamaata voidaan parantamalla\/muokkaamalla uusiok\u00e4ytt\u00e4\u00e4 pintamaana.<\/li>\n\n\n\n<li>Parannetaan maa-aineksia maa-analyysin tulosten mukaan eloper\u00e4isill\u00e4 aineksilla.<\/li>\n\n\n\n<li>M\u00e4\u00e4ritell\u00e4\u00e4n ty\u00f6maata varten mallimaaper\u00e4, mik\u00e4 on terve maaper\u00e4tyyppi ja sen kerrokset alueella. Kunnostuksessa ja hoidossa huomioidaan kunnostusvy\u00f6hykkeen mallina k\u00e4ytett\u00e4v\u00e4n alueen maaper\u00e4n ominaispiirteet. Mik\u00e4li ei ole mahdollista m\u00e4\u00e4ritell\u00e4 mallimaaper\u00e4\u00e4, t\u00e4ytyy selvitt\u00e4\u00e4, mik\u00e4 on maaper\u00e4n teht\u00e4v\u00e4 alueella ja laaditaan sen perusteella maaper\u00e4n kunnostussuunnitelma.<\/li>\n\n\n\n<li>Ennen rakentamist\u00f6iden aloittamista m\u00e4\u00e4ritell\u00e4\u00e4n toimenpiteet, joita k\u00e4ytet\u00e4\u00e4n kaikkien rakentamisen aikana h\u00e4iriintyneiden maa-alueiden kunnostamiseksi rakennust\u00f6iden p\u00e4\u00e4tytty\u00e4.<\/li>\n\n\n\n<li>K\u00e4ytet\u00e4\u00e4n esimerkiksi kompostikatetta, pengerryksi\u00e4 tai muita luonnonmukaisia eroosiosuojauksia est\u00e4m\u00e4\u00e4n eroosiota ja sedimenttien kasautumista yleisten laatuvaatimusten mukaan.<\/li>\n\n\n\n<li>V\u00e4ltet\u00e4\u00e4n maa-ainesten tarpeetonta tiivist\u00e4mist\u00e4.<\/li>\n<\/ul>\n","protected":false},"excerpt":{"rendered":"<p>Maaper\u00e4n s\u00e4ilytt\u00e4miseen liittyen: Maaper\u00e4n kunnostukseen ja hoitoon liittyen:<\/p>\n","protected":false},"author":7,"featured_media":0,"parent":186,"menu_order":30,"comment_status":"closed","ping_status":"closed","template":"","meta":{"_acf_changed":false,"_relevanssi_hide_post":"","_relevanssi_hide_content":"","_relevanssi_pin_for_all":"","_relevanssi_pin_keywords":"","_relevanssi_unpin_keywords":"","_relevanssi_related_keywords":"","_relevanssi_related_include_ids":"","_relevanssi_related_exclude_ids":"","_relevanssi_related_no_append":"","_relevanssi_related_not_related":"","_relevanssi_related_posts":"1","_relevanssi_noindex_reason":"","footnotes":""},"class_list":["post-193","page","type-page","status-publish","hentry"],"acf":[],"_links":{"self":[{"href":"https:\/\/www.vyl.fi\/kesy\/wp-json\/wp\/v2\/pages\/193","targetHints":{"allow":["GET"]}}],"collection":[{"href":"https:\/\/www.vyl.fi\/kesy\/wp-json\/wp\/v2\/pages"}],"about":[{"href":"https:\/\/www.vyl.fi\/kesy\/wp-json\/wp\/v2\/types\/page"}],"author":[{"embeddable":true,"href":"https:\/\/www.vyl.fi\/kesy\/wp-json\/wp\/v2\/users\/7"}],"replies":[{"embeddable":true,"href":"https:\/\/www.vyl.fi\/kesy\/wp-json\/wp\/v2\/comments?post=193"}],"version-history":[{"count":1,"href":"https:\/\/www.vyl.fi\/kesy\/wp-json\/wp\/v2\/pages\/193\/revisions"}],"predecessor-version":[{"id":194,"href":"https:\/\/www.vyl.fi\/kesy\/wp-json\/wp\/v2\/pages\/193\/revisions\/194"}],"up":[{"embeddable":true,"href":"https:\/\/www.vyl.fi\/kesy\/wp-json\/wp\/v2\/pages\/186"}],"wp:attachment":[{"href":"https:\/\/www.vyl.fi\/kesy\/wp-json\/wp\/v2\/media?parent=193"}],"curies":[{"name":"wp","href":"https:\/\/api.w.org\/{rel}","templated":true}]}}