{"id":195,"date":"2024-10-21T08:21:32","date_gmt":"2024-10-21T05:21:32","guid":{"rendered":"https:\/\/u79114.www2.webdomain.fi\/kesy\/?page_id=195"},"modified":"2024-10-21T08:21:33","modified_gmt":"2024-10-21T05:21:33","slug":"toimenpiteet-kunnossapidossa","status":"publish","type":"page","link":"https:\/\/www.vyl.fi\/kesy\/teemat\/maapera-ja-kasvillisuus\/maaperan-sailyttaminen-kunnostus-ja-hoito\/toimenpiteet-kunnossapidossa\/","title":{"rendered":"Toimenpiteet kunnossapidossa"},"content":{"rendered":"\n<ul class=\"wp-block-list\">\n<li>Perehdytet\u00e4\u00e4n, opastetaan ja tiedotetaan oman organisaation ja aliurakoitsijoiden kunnossapitoty\u00f6ntekij\u00e4t terveen maaper\u00e4n suojaamiseen ja huomioimiseen kunnossapitoty\u00f6n aikana.<\/li>\n\n\n\n<li>Seurataan maaper\u00e4n terveytt\u00e4 ja kuntoa maa-analyysein kunnossapitosuunnitelman mukaan.<\/li>\n\n\n\n<li>Ajoitetaan kunnossapitoty\u00f6t maaper\u00e4n tarpeiden ja toiminnan mukaan.<\/li>\n\n\n\n<li>K\u00e4ytet\u00e4\u00e4n maanparannusaineita ja menetelmi\u00e4, jotka parhaiten tukevat maaper\u00e4n eli\u00f6st\u00f6n, vesitalouden, ravinnetalouden ja kaasujen vaihdon toimintaa.<\/li>\n\n\n\n<li>Noudatetaan erityist\u00e4 varovaisuutta ty\u00f6skennelt\u00e4ess\u00e4 suojavy\u00f6hykkeeksi m\u00e4\u00e4ritellyill\u00e4 alueilla. K\u00e4ytett\u00e4v\u00e4t ty\u00f6v\u00e4lineet ja -menetelm\u00e4t valitaan siten, etteiv\u00e4t ne aiheuta haittaa maaper\u00e4lle. Muun muassa alueella liikkuminen, tai ty\u00f6v\u00e4lineiden ja materiaalien kuljetus tai varastointi ei saa aiheuttaa maaper\u00e4n tiivistymist\u00e4.<\/li>\n<\/ul>\n","protected":false},"excerpt":{"rendered":"","protected":false},"author":7,"featured_media":0,"parent":186,"menu_order":40,"comment_status":"closed","ping_status":"closed","template":"","meta":{"_acf_changed":false,"_relevanssi_hide_post":"","_relevanssi_hide_content":"","_relevanssi_pin_for_all":"","_relevanssi_pin_keywords":"","_relevanssi_unpin_keywords":"","_relevanssi_related_keywords":"","_relevanssi_related_include_ids":"","_relevanssi_related_exclude_ids":"","_relevanssi_related_no_append":"","_relevanssi_related_not_related":"","_relevanssi_related_posts":"1","_relevanssi_noindex_reason":"","footnotes":""},"class_list":["post-195","page","type-page","status-publish","hentry"],"acf":[],"_links":{"self":[{"href":"https:\/\/www.vyl.fi\/kesy\/wp-json\/wp\/v2\/pages\/195","targetHints":{"allow":["GET"]}}],"collection":[{"href":"https:\/\/www.vyl.fi\/kesy\/wp-json\/wp\/v2\/pages"}],"about":[{"href":"https:\/\/www.vyl.fi\/kesy\/wp-json\/wp\/v2\/types\/page"}],"author":[{"embeddable":true,"href":"https:\/\/www.vyl.fi\/kesy\/wp-json\/wp\/v2\/users\/7"}],"replies":[{"embeddable":true,"href":"https:\/\/www.vyl.fi\/kesy\/wp-json\/wp\/v2\/comments?post=195"}],"version-history":[{"count":1,"href":"https:\/\/www.vyl.fi\/kesy\/wp-json\/wp\/v2\/pages\/195\/revisions"}],"predecessor-version":[{"id":196,"href":"https:\/\/www.vyl.fi\/kesy\/wp-json\/wp\/v2\/pages\/195\/revisions\/196"}],"up":[{"embeddable":true,"href":"https:\/\/www.vyl.fi\/kesy\/wp-json\/wp\/v2\/pages\/186"}],"wp:attachment":[{"href":"https:\/\/www.vyl.fi\/kesy\/wp-json\/wp\/v2\/media?parent=195"}],"curies":[{"name":"wp","href":"https:\/\/api.w.org\/{rel}","templated":true}]}}