{"id":238,"date":"2024-10-21T09:06:42","date_gmt":"2024-10-21T06:06:42","guid":{"rendered":"https:\/\/u79114.www2.webdomain.fi\/kesy\/?page_id=238"},"modified":"2024-10-22T17:43:54","modified_gmt":"2024-10-22T14:43:54","slug":"materiaalien-ja-tuotteiden-valinta-2","status":"publish","type":"page","link":"https:\/\/www.vyl.fi\/kesy\/teemat\/materiaalien-ja-tuotteiden-valinta-2\/","title":{"rendered":"Materiaalien ja tuotteiden valinta"},"content":{"rendered":"\n<p class=\"wp-block-lala-blocks-lala-ingressi\">K\u00e4ytett\u00e4vien raaka-aineiden, materiaalien ja tuotteiden tuotantoon, valintaan ja kierr\u00e4tykseen liittyv\u00e4t toimintaperiaatteet ja toimenpiteet kannustavat materiaalitehokkuuteen, raaka-aineiden vastuulliseen k\u00e4ytt\u00f6\u00f6n sek\u00e4 ekologisesti kest\u00e4v\u00e4n materiaali- ja taimituotannon tukemiseen. Lis\u00e4ksi materiaalin kierr\u00e4tyksen ja uusio- ja\/ tai uudelleenk\u00e4yt\u00f6n sek\u00e4 rakentamisessa syntyv\u00e4n j\u00e4tteen m\u00e4\u00e4r\u00e4n rajoittaminen ja lajitteleminen ovat keskeisi\u00e4 toimenpiteit\u00e4.<\/p>\n\n\n\n<p>Toimintaperiaatteet liittyv\u00e4t erityisesti siihen, ett\u00e4 asetetaan tavoitteita suhteessa vallitsevaan perustasoon \u2013 esimerkiksi p\u00e4\u00e4st\u00f6jen, energiank\u00e4yt\u00f6n, veden k\u00e4yt\u00f6n tai j\u00e4tem\u00e4\u00e4rien v\u00e4hent\u00e4miseen. Tavoitteista tiedottaminen yhteisty\u00f6kumppaneille ja toimijoille sek\u00e4 kest\u00e4v\u00e4n kehityksen arvojen mukaisen toiminnan tukeminen asettavat uusia haasteita kaikille ymp\u00e4rist\u00f6rakentamisen prosessin osallisille ja toimijoille. Keskeisen\u00e4 periaatteena on suosia toimijoita, joiden tuotannossa kest\u00e4vyyden arvot ja ymp\u00e4rist\u00f6n\u00e4k\u00f6kohdat on huomioitu ja dokumentoitu. My\u00f6s paikallisten toimijoiden merkitys sek\u00e4 tuotannon turvallisuus, terveellisyys ja oikeudenmukaisuus korostuvat.<\/p>\n\n\n\n<h2 class=\"wp-block-heading\">Katso video: Materiaalitehokkuus<\/h2>\n\n\n\n<figure class=\"wp-block-embed is-type-video is-provider-youtube wp-block-embed-youtube wp-embed-aspect-16-9 wp-has-aspect-ratio\"><div class=\"wp-block-embed__wrapper\">\n<iframe loading=\"lazy\" title=\"KESY toimintamalli. Teema 3: Materiaalitehokkuus\" width=\"800\" height=\"450\" src=\"https:\/\/www.youtube.com\/embed\/Dfj_Iciqufw?feature=oembed\" frameborder=\"0\" allow=\"accelerometer; autoplay; clipboard-write; encrypted-media; gyroscope; picture-in-picture; web-share\" referrerpolicy=\"strict-origin-when-cross-origin\" allowfullscreen><\/iframe>\n<\/div><\/figure>\n\n\n\n<p><\/p>\n","protected":false},"excerpt":{"rendered":"<p>Toimintaperiaatteet liittyv\u00e4t erityisesti siihen, ett\u00e4 asetetaan tavoitteita suhteessa vallitsevaan perustasoon \u2013 esimerkiksi p\u00e4\u00e4st\u00f6jen, energiank\u00e4yt\u00f6n, veden k\u00e4yt\u00f6n tai j\u00e4tem\u00e4\u00e4rien v\u00e4hent\u00e4miseen. Tavoitteista tiedottaminen yhteisty\u00f6kumppaneille ja toimijoille sek\u00e4 kest\u00e4v\u00e4n kehityksen arvojen mukaisen toiminnan tukeminen asettavat uusia haasteita kaikille ymp\u00e4rist\u00f6rakentamisen prosessin osallisille ja toimijoille. Keskeisen\u00e4 periaatteena on suosia toimijoita, joiden tuotannossa kest\u00e4vyyden arvot ja ymp\u00e4rist\u00f6n\u00e4k\u00f6kohdat on huomioitu ja dokumentoitu. [&hellip;]<\/p>\n","protected":false},"author":7,"featured_media":0,"parent":17,"menu_order":30,"comment_status":"closed","ping_status":"closed","template":"","meta":{"_acf_changed":false,"_relevanssi_hide_post":"","_relevanssi_hide_content":"","_relevanssi_pin_for_all":"","_relevanssi_pin_keywords":"","_relevanssi_unpin_keywords":"","_relevanssi_related_keywords":"","_relevanssi_related_include_ids":"","_relevanssi_related_exclude_ids":"","_relevanssi_related_no_append":"","_relevanssi_related_not_related":"","_relevanssi_related_posts":"1","_relevanssi_noindex_reason":"","footnotes":""},"class_list":["post-238","page","type-page","status-publish","hentry"],"acf":[],"_links":{"self":[{"href":"https:\/\/www.vyl.fi\/kesy\/wp-json\/wp\/v2\/pages\/238","targetHints":{"allow":["GET"]}}],"collection":[{"href":"https:\/\/www.vyl.fi\/kesy\/wp-json\/wp\/v2\/pages"}],"about":[{"href":"https:\/\/www.vyl.fi\/kesy\/wp-json\/wp\/v2\/types\/page"}],"author":[{"embeddable":true,"href":"https:\/\/www.vyl.fi\/kesy\/wp-json\/wp\/v2\/users\/7"}],"replies":[{"embeddable":true,"href":"https:\/\/www.vyl.fi\/kesy\/wp-json\/wp\/v2\/comments?post=238"}],"version-history":[{"count":2,"href":"https:\/\/www.vyl.fi\/kesy\/wp-json\/wp\/v2\/pages\/238\/revisions"}],"predecessor-version":[{"id":460,"href":"https:\/\/www.vyl.fi\/kesy\/wp-json\/wp\/v2\/pages\/238\/revisions\/460"}],"up":[{"embeddable":true,"href":"https:\/\/www.vyl.fi\/kesy\/wp-json\/wp\/v2\/pages\/17"}],"wp:attachment":[{"href":"https:\/\/www.vyl.fi\/kesy\/wp-json\/wp\/v2\/media?parent=238"}],"curies":[{"name":"wp","href":"https:\/\/api.w.org\/{rel}","templated":true}]}}