{"id":240,"date":"2024-10-21T09:08:20","date_gmt":"2024-10-21T06:08:20","guid":{"rendered":"https:\/\/u79114.www2.webdomain.fi\/kesy\/?page_id=240"},"modified":"2024-10-21T09:08:21","modified_gmt":"2024-10-21T06:08:21","slug":"materiaalitehokkuuden-edistaminen","status":"publish","type":"page","link":"https:\/\/www.vyl.fi\/kesy\/teemat\/materiaalien-ja-tuotteiden-valinta-2\/materiaalitehokkuuden-edistaminen\/","title":{"rendered":"Materiaalitehokkuuden edist\u00e4minen"},"content":{"rendered":"\n<p><strong>TAVOITTEET<\/strong><\/p>\n\n\n\n<ul class=\"wp-block-list\">\n<li>S\u00e4\u00e4stet\u00e4\u00e4n erityisesti neitseellisi\u00e4 luonnonvaroja.<\/li>\n\n\n\n<li>Edistet\u00e4\u00e4n materiaalien tehokasta hy\u00f6dynt\u00e4mist\u00e4.<\/li>\n\n\n\n<li>Lis\u00e4t\u00e4\u00e4n materiaalien ja tuotteiden uusio- ja\/ tai uudelleenk\u00e4ytt\u00f6\u00e4.\u00a0<\/li>\n\n\n\n<li>V\u00e4hennet\u00e4\u00e4n j\u00e4tteiden synty\u00e4 ja niiden haitallisuutta.<\/li>\n\n\n\n<li>Tehostetaan j\u00e4tteiden lajittelua ja kierr\u00e4tyst\u00e4.\u00a0<\/li>\n\n\n\n<li>Edistet\u00e4\u00e4n \u201cnollaj\u00e4te-ty\u00f6maan\u201d toteutumista.<\/li>\n\n\n\n<li>V\u00e4ltet\u00e4\u00e4n k\u00e4ytt\u00f6kelpoisten materiaalien p\u00e4\u00e4tymist\u00e4 kaatopaikoille.\u00a0<\/li>\n\n\n\n<li>V\u00e4hennet\u00e4\u00e4n uusien materiaalien ja tuotteiden k\u00e4ytt\u00f6\u00e4.\u00a0<\/li>\n\n\n\n<li>K\u00e4ytet\u00e4\u00e4n laadukkaita ja kest\u00e4vi\u00e4 tuotteita ja materiaaleja.\u00a0<\/li>\n\n\n\n<li>V\u00e4hennet\u00e4\u00e4n logistiikan energiankulutusta.<\/li>\n\n\n\n<li>V\u00e4hennet\u00e4\u00e4n kuljetuskustannuksia.<\/li>\n\n\n\n<li>V\u00e4hennet\u00e4\u00e4n kasvihuonekaasup\u00e4\u00e4st\u00f6j\u00e4.<\/li>\n\n\n\n<li>Edistet\u00e4\u00e4n ravinteiden kiertoa.<\/li>\n<\/ul>\n\n\n\n<p><strong>YLEISET TOIMINTAPERIAATTEET<\/strong><\/p>\n\n\n\n<ul class=\"wp-block-list\">\n<li>Toimitaan olemassa olevan j\u00e4telains\u00e4\u00e4d\u00e4nn\u00f6n mukaisesti. Noudatetaan j\u00e4tteiden k\u00e4sittelyss\u00e4 mm. EU:n j\u00e4tedirektiivin mukaista j\u00e4tehierarkiaa, eli etusijaj\u00e4rjestyst\u00e4:\n<ul class=\"wp-block-list\">\n<li>1. J\u00e4tteen m\u00e4\u00e4r\u00e4n ja haitallisuuden v\u00e4hent\u00e4minen<\/li>\n\n\n\n<li>2. Uudelleenk\u00e4yt\u00f6n valmistelu<\/li>\n\n\n\n<li>3. Kierr\u00e4tys<\/li>\n\n\n\n<li>4. Hy\u00f6dynt\u00e4minen energiana tai muu hy\u00f6dynt\u00e4minen<\/li>\n\n\n\n<li>5. Loppuk\u00e4sittely<\/li>\n<\/ul>\n<\/li>\n\n\n\n<li>K\u00e4ytet\u00e4\u00e4n muunneltavia ratkaisuja, joissa rakenteet ja materiaalit ovat helposti purettavissa, lajiteltavissa ja kierr\u00e4tett\u00e4viss\u00e4.<\/li>\n\n\n\n<li>K\u00e4ytet\u00e4\u00e4n materiaaleja, tuotteita ja rakenteita, jotka sis\u00e4lt\u00e4v\u00e4t kierr\u00e4tysosia ja\/tai on suunniteltu kierr\u00e4tett\u00e4v\u00e4ksi.<\/li>\n\n\n\n<li>Lis\u00e4t\u00e4\u00e4n kunnostus- ja purkut\u00f6ist\u00e4 syntyvien materiaalien ja tuotteiden, kuten kasvillisuuden, kivi- ja maa-ainesten sek\u00e4 kalusteiden ja varusteiden, uusio- ja\/ tai uudelleenk\u00e4ytt\u00f6\u00e4 ja kierr\u00e4tyst\u00e4.<\/li>\n\n\n\n<li>Pidennet\u00e4\u00e4n elinkaarta alueen asianmukaisella ja riitt\u00e4v\u00e4ll\u00e4 kunnossapidolla.<\/li>\n\n\n\n<li>Pidennet\u00e4\u00e4n rakenteiden ja infrastruktuurin elinkaarta k\u00e4ytt\u00e4m\u00e4ll\u00e4 hyv\u00e4ksi alueella jo olemassa olevat maanalaiset ja maanp\u00e4\u00e4lliset rakenteet, kuten rakennusten pohjat ja perustukset, muurit ja p\u00e4\u00e4llystetyt alueet niiden nykyisess\u00e4 muodossa.<\/li>\n\n\n\n<li>Uusio- ja\/ tai uudelleenk\u00e4ytet\u00e4\u00e4n poistettavaksi m\u00e4\u00e4riteltyj\u00e4 materiaaleja, tuotteita ja kasvillisuutta soveltuvin osin.<\/li>\n\n\n\n<li>Asetetaan tavoitteet uudelleen k\u00e4ytett\u00e4vien tuotteiden muunneltavuudelle ja korjaustarpeille.<\/li>\n\n\n\n<li>Asetetaan hankekohtainen tavoite poistettavaksi m\u00e4\u00e4riteltyjen materiaalien hy\u00f6dynt\u00e4miseksi.<\/li>\n\n\n\n<li>Asetetaan hankekohtainen tavoite kierr\u00e4tysosia sis\u00e4lt\u00e4vien materiaalien, tuotteiden ja rakenteiden k\u00e4yt\u00f6lle.<\/li>\n\n\n\n<li>Hallitaan suunnitelmallisesti rakennus- ja kunnossapitokohteesta syntyvi\u00e4 j\u00e4tevirtoja, ohjaten niit\u00e4 lajittelun kautta materiaalien kierr\u00e4tt\u00e4miseen ja uusio- ja\/ tai uudelleenk\u00e4ytt\u00f6\u00f6n, joko ty\u00f6n alla olevassa kohteessa tai muussa kohteessa.<\/li>\n\n\n\n<li>Hy\u00f6dynnet\u00e4\u00e4n, kunnostetaan ja k\u00e4ytet\u00e4\u00e4n uudelleen olemassa olevat rakenteet ja p\u00e4\u00e4llysteet.<\/li>\n\n\n\n<li>Noudatetaan kohteessa massatasapainoa.<\/li>\n\n\n\n<li>Hy\u00f6dynnet\u00e4\u00e4n kohteen kivi-, maa-, kasvi- ja muu orgaaninen aines niin, ettei niist\u00e4 synny j\u00e4tett\u00e4. Hy\u00f6dynnet\u00e4\u00e4n ainekset ensisijaisesti syntykohteessaan.<\/li>\n\n\n\n<li>Kierr\u00e4tet\u00e4\u00e4n ylim\u00e4\u00e4r\u00e4inen aines \u2013 hakkeena, kompostina, eroosionsuojauksen materiaalina, t\u00e4ytt\u00f6maana tai muuna materiaalina tai rakenteen kierr\u00e4tysosana \u2013 joko alueella tai muussa kohteessa.<\/li>\n\n\n\n<li>Tehd\u00e4\u00e4n yhteisty\u00f6t\u00e4 materiaalien ja tuotteiden toimittajien ja muiden paikallisten toimijoiden kanssa, jotta saadaan\n<ul class=\"wp-block-list\">\n<li>kehitetty\u00e4 kierr\u00e4tett\u00e4vi\u00e4 materiaaleja, tuotteita ja tuotteiden osia<\/li>\n\n\n\n<li>k\u00e4ytt\u00f6\u00f6n kierr\u00e4tysosia sis\u00e4lt\u00e4vi\u00e4 materiaaleja, tuotteita ja rakenteita<\/li>\n\n\n\n<li>poistettavat materiaalit, tuotteet ja kasvillisuus kiertoon ja uusio- ja\/ tai uudelleenk\u00e4ytt\u00f6\u00f6n<\/li>\n\n\n\n<li>kehitetty\u00e4 rakennus- ja kunnossapitoj\u00e4tteiden lajittelua ja kierr\u00e4tyst\u00e4.<\/li>\n<\/ul>\n<\/li>\n\n\n\n<li>Asetetaan tavoitteet materiaalien uusio- ja\/ tai uudelleenk\u00e4yt\u00f6lle esimerkiksi,\u00a0<em>Sustainable Sites<\/em>&#8211; ohjelman mukaisesti:\n<ul class=\"wp-block-list\">\n<li><em>Uusiok\u00e4ytet\u00e4\u00e4n poistettavaksi m\u00e4\u00e4riteltyj\u00e4 materiaaleja (kasvit mukaan lukien) 20 prosenttia, mutta v\u00e4hint\u00e4\u00e4n 10 prosenttia hankkeessa k\u00e4ytett\u00e4vien materiaalien kokonaism\u00e4\u00e4r\u00e4st\u00e4.<\/em><\/li>\n<\/ul>\n<\/li>\n\n\n\n<li>Kehitet\u00e4\u00e4n mittarit, joilla voidaan arvioida ja vertailla ymp\u00e4rist\u00f6rakentamisessa k\u00e4ytett\u00e4vien materiaalien ja tuotteiden elinkaarta, hiilijalanj\u00e4lke\u00e4, vesijalanj\u00e4lke\u00e4 ja energiatehokkuutta.<\/li>\n\n\n\n<li>Kehitet\u00e4\u00e4n materiaalien ja tuotteiden \u201dkierr\u00e4tysp\u00f6rssi\u00e4\u201d tai vastaavaa j\u00e4rjestelm\u00e4\u00e4, jossa tiedotetaan alan toimijoille kierr\u00e4tett\u00e4vist\u00e4 materiaaleista ja tuotteista.<\/li>\n<\/ul>\n","protected":false},"excerpt":{"rendered":"<p>TAVOITTEET YLEISET TOIMINTAPERIAATTEET<\/p>\n","protected":false},"author":7,"featured_media":0,"parent":238,"menu_order":10,"comment_status":"closed","ping_status":"closed","template":"","meta":{"_acf_changed":false,"_relevanssi_hide_post":"","_relevanssi_hide_content":"","_relevanssi_pin_for_all":"","_relevanssi_pin_keywords":"","_relevanssi_unpin_keywords":"","_relevanssi_related_keywords":"","_relevanssi_related_include_ids":"","_relevanssi_related_exclude_ids":"","_relevanssi_related_no_append":"","_relevanssi_related_not_related":"","_relevanssi_related_posts":"1","_relevanssi_noindex_reason":"","footnotes":""},"class_list":["post-240","page","type-page","status-publish","hentry"],"acf":[],"_links":{"self":[{"href":"https:\/\/www.vyl.fi\/kesy\/wp-json\/wp\/v2\/pages\/240","targetHints":{"allow":["GET"]}}],"collection":[{"href":"https:\/\/www.vyl.fi\/kesy\/wp-json\/wp\/v2\/pages"}],"about":[{"href":"https:\/\/www.vyl.fi\/kesy\/wp-json\/wp\/v2\/types\/page"}],"author":[{"embeddable":true,"href":"https:\/\/www.vyl.fi\/kesy\/wp-json\/wp\/v2\/users\/7"}],"replies":[{"embeddable":true,"href":"https:\/\/www.vyl.fi\/kesy\/wp-json\/wp\/v2\/comments?post=240"}],"version-history":[{"count":1,"href":"https:\/\/www.vyl.fi\/kesy\/wp-json\/wp\/v2\/pages\/240\/revisions"}],"predecessor-version":[{"id":241,"href":"https:\/\/www.vyl.fi\/kesy\/wp-json\/wp\/v2\/pages\/240\/revisions\/241"}],"up":[{"embeddable":true,"href":"https:\/\/www.vyl.fi\/kesy\/wp-json\/wp\/v2\/pages\/238"}],"wp:attachment":[{"href":"https:\/\/www.vyl.fi\/kesy\/wp-json\/wp\/v2\/media?parent=240"}],"curies":[{"name":"wp","href":"https:\/\/api.w.org\/{rel}","templated":true}]}}