{"id":294,"date":"2024-10-21T10:25:24","date_gmt":"2024-10-21T07:25:24","guid":{"rendered":"https:\/\/u79114.www2.webdomain.fi\/kesy\/?page_id=294"},"modified":"2024-10-21T10:25:24","modified_gmt":"2024-10-21T07:25:24","slug":"toimenpiteet-tilaamisessa","status":"publish","type":"page","link":"https:\/\/www.vyl.fi\/kesy\/teemat\/energiansaasto-ilmanlaatu-ymparistonsuojelu\/pienilmaston-parantaminen-kaupunkiymparistossa\/toimenpiteet-tilaamisessa\/","title":{"rendered":"Toimenpiteet tilaamisessa"},"content":{"rendered":"\n<ul class=\"wp-block-list\">\n<li>Selvitet\u00e4\u00e4n alueen valo- ja varjo-olosuhteet.<\/li>\n\n\n\n<li>Selvitet\u00e4\u00e4n kasvillisuuden laajuutta verrattuna p\u00e4\u00e4llystettyjen ja kattopintojen laajuuteen.<\/li>\n\n\n\n<li>Asetetaan tavoitteet suunnittelualueen kasvillisuusalueiden k\u00e4ytt\u00f6tavalle, sijoittelulle ja m\u00e4\u00e4r\u00e4lle pienilmaston parantamiseksi.<\/li>\n\n\n\n<li>Asetetaan tavoitteet suunnittelualueen kasvillisuusalueiden k\u00e4ytt\u00f6tavalle, sijoittelulle, m\u00e4\u00e4r\u00e4lle ja osuudelle kaikesta p\u00e4\u00e4llyste- ja kattopinta-alasta, jotta kaupunkisaarekeilm\u00f6n vaikutus v\u00e4henee.<\/li>\n\n\n\n<li>M\u00e4\u00e4ritet\u00e4\u00e4n mittarit ja\/tai seurantamenetelm\u00e4t, joilla mitataan\/seurataan kasvillisuusalueiden k\u00e4ytt\u00f6tavan, sijoittelun m\u00e4\u00e4r\u00e4n ja osuuden toteutumista.<\/li>\n\n\n\n<li>Lis\u00e4t\u00e4\u00e4n kasvillisuuden monipuolista k\u00e4ytt\u00f6\u00e4 hy\u00f6dynt\u00e4m\u00e4ll\u00e4 rakentamiseen liittyv\u00e4ss\u00e4 suunnittelussa maisemasuunnittelijoiden ja maisema-arkkitehtien osaamista.<\/li>\n\n\n\n<li>Ohjataan suunnittelijaa suunnittelemaan alue siten, ett\u00e4 kasvillisuusalueiden k\u00e4ytt\u00f6tapa, sijoittelu, m\u00e4\u00e4r\u00e4 ja osuus kaikesta p\u00e4\u00e4llyste- ja kattopinta-alasta on asetettujen tavoitteiden mukaan.<\/li>\n\n\n\n<li>Ohjataan suunnittelijaa valitsemaan materiaaleja, jotka eiv\u00e4t sido l\u00e4mp\u00f6s\u00e4teily\u00e4.<\/li>\n\n\n\n<li>Ohjataan kunnossapit\u00e4j\u00e4\u00e4 hoitamaan ja kunnostamaan kasvillisuusalueita siten, ett\u00e4 ne v\u00e4hent\u00e4v\u00e4t kaupunkisaarekeilmi\u00f6n vaikutusta ja tuottavat varjoa asetettujen tavoitteiden mukaan.<\/li>\n\n\n\n<li>Valvotaan suunnitelmassa kasvillisuusalueiden k\u00e4ytt\u00f6tavalle, sijoittelulle, m\u00e4\u00e4r\u00e4lle ja osuudelle kaikesta p\u00e4\u00e4llyste- ja kattopinta-alasta asetettujen tavoitteiden toteutumista.<\/li>\n\n\n\n<li>Valvotaan kunnossapidossa kasvillisuuden kunnolle ja varjostusvaikutukselle asetettujen tavoitteiden toteutumista.<\/li>\n<\/ul>\n","protected":false},"excerpt":{"rendered":"","protected":false},"author":7,"featured_media":0,"parent":292,"menu_order":10,"comment_status":"closed","ping_status":"closed","template":"","meta":{"_acf_changed":false,"_relevanssi_hide_post":"","_relevanssi_hide_content":"","_relevanssi_pin_for_all":"","_relevanssi_pin_keywords":"","_relevanssi_unpin_keywords":"","_relevanssi_related_keywords":"","_relevanssi_related_include_ids":"","_relevanssi_related_exclude_ids":"","_relevanssi_related_no_append":"","_relevanssi_related_not_related":"","_relevanssi_related_posts":"1","_relevanssi_noindex_reason":"","footnotes":""},"class_list":["post-294","page","type-page","status-publish","hentry"],"acf":[],"_links":{"self":[{"href":"https:\/\/www.vyl.fi\/kesy\/wp-json\/wp\/v2\/pages\/294","targetHints":{"allow":["GET"]}}],"collection":[{"href":"https:\/\/www.vyl.fi\/kesy\/wp-json\/wp\/v2\/pages"}],"about":[{"href":"https:\/\/www.vyl.fi\/kesy\/wp-json\/wp\/v2\/types\/page"}],"author":[{"embeddable":true,"href":"https:\/\/www.vyl.fi\/kesy\/wp-json\/wp\/v2\/users\/7"}],"replies":[{"embeddable":true,"href":"https:\/\/www.vyl.fi\/kesy\/wp-json\/wp\/v2\/comments?post=294"}],"version-history":[{"count":1,"href":"https:\/\/www.vyl.fi\/kesy\/wp-json\/wp\/v2\/pages\/294\/revisions"}],"predecessor-version":[{"id":295,"href":"https:\/\/www.vyl.fi\/kesy\/wp-json\/wp\/v2\/pages\/294\/revisions\/295"}],"up":[{"embeddable":true,"href":"https:\/\/www.vyl.fi\/kesy\/wp-json\/wp\/v2\/pages\/292"}],"wp:attachment":[{"href":"https:\/\/www.vyl.fi\/kesy\/wp-json\/wp\/v2\/media?parent=294"}],"curies":[{"name":"wp","href":"https:\/\/api.w.org\/{rel}","templated":true}]}}

<ul class="wp-block-list">
<li>Selvitetään alueen valo- ja varjo-olosuhteet.</li>



<li>Selvitetään kasvillisuuden laajuutta verrattuna päällystettyjen ja kattopintojen laajuuteen.</li>



<li>Asetetaan tavoitteet suunnittelualueen kasvillisuusalueiden käyttötavalle, sijoittelulle ja määrälle pienilmaston parantamiseksi.</li>



<li>Asetetaan tavoitteet suunnittelualueen kasvillisuusalueiden käyttötavalle, sijoittelulle, määrälle ja osuudelle kaikesta päällyste- ja kattopinta-alasta, jotta kaupunkisaarekeilmön vaikutus vähenee.</li>



<li>Määritetään mittarit ja/tai seurantamenetelmät, joilla mitataan/seurataan kasvillisuusalueiden käyttötavan, sijoittelun määrän ja osuuden toteutumista.</li>



<li>Lisätään kasvillisuuden monipuolista käyttöä hyödyntämällä rakentamiseen liittyvässä suunnittelussa maisemasuunnittelijoiden ja maisema-arkkitehtien osaamista.</li>



<li>Ohjataan suunnittelijaa suunnittelemaan alue siten, että kasvillisuusalueiden käyttötapa, sijoittelu, määrä ja osuus kaikesta päällyste- ja kattopinta-alasta on asetettujen tavoitteiden mukaan.</li>



<li>Ohjataan suunnittelijaa valitsemaan materiaaleja, jotka eivät sido lämpösäteilyä.</li>



<li>Ohjataan kunnossapitäjää hoitamaan ja kunnostamaan kasvillisuusalueita siten, että ne vähentävät kaupunkisaarekeilmiön vaikutusta ja tuottavat varjoa asetettujen tavoitteiden mukaan.</li>



<li>Valvotaan suunnitelmassa kasvillisuusalueiden käyttötavalle, sijoittelulle, määrälle ja osuudelle kaikesta päällyste- ja kattopinta-alasta asetettujen tavoitteiden toteutumista.</li>



<li>Valvotaan kunnossapidossa kasvillisuuden kunnolle ja varjostusvaikutukselle asetettujen tavoitteiden toteutumista.</li>
</ul>
