{"id":333,"date":"2024-10-21T11:11:07","date_gmt":"2024-10-21T08:11:07","guid":{"rendered":"https:\/\/u79114.www2.webdomain.fi\/kesy\/?page_id=333"},"modified":"2024-10-21T11:11:07","modified_gmt":"2024-10-21T08:11:07","slug":"toimintaperiaatteet-rakentamisessa","status":"publish","type":"page","link":"https:\/\/www.vyl.fi\/kesy\/teemat\/ihmisten-terveys-ja-hyvinvointi\/viheralueiden-ja-muiden-julkisten-ulkotilojen-saavutettavuuden-turvallisuuden-ja-kayttajamukavuuden-parantaminen\/toimintaperiaatteet-rakentamisessa\/","title":{"rendered":"Toimintaperiaatteet rakentamisessa"},"content":{"rendered":"\n<p>Toteutetaan rakentaminen siten, ett\u00e4 sen toteutus ei est\u00e4 alueen tai siihen liittyv\u00e4n alueen saavutettavuudelle, turvallisuudelle ja k\u00e4ytt\u00f6mukavuudelle asetettujen tavoitteiden toteutumista.<\/p>\n","protected":false},"excerpt":{"rendered":"<p>Toteutetaan rakentaminen siten, ett\u00e4 sen toteutus ei est\u00e4 alueen tai siihen liittyv\u00e4n alueen saavutettavuudelle, turvallisuudelle ja k\u00e4ytt\u00f6mukavuudelle asetettujen tavoitteiden toteutumista.<\/p>\n","protected":false},"author":7,"featured_media":0,"parent":325,"menu_order":30,"comment_status":"closed","ping_status":"closed","template":"","meta":{"_acf_changed":false,"_relevanssi_hide_post":"","_relevanssi_hide_content":"","_relevanssi_pin_for_all":"","_relevanssi_pin_keywords":"","_relevanssi_unpin_keywords":"","_relevanssi_related_keywords":"","_relevanssi_related_include_ids":"","_relevanssi_related_exclude_ids":"","_relevanssi_related_no_append":"","_relevanssi_related_not_related":"","_relevanssi_related_posts":"1","_relevanssi_noindex_reason":"","footnotes":""},"class_list":["post-333","page","type-page","status-publish","hentry"],"acf":[],"_links":{"self":[{"href":"https:\/\/www.vyl.fi\/kesy\/wp-json\/wp\/v2\/pages\/333","targetHints":{"allow":["GET"]}}],"collection":[{"href":"https:\/\/www.vyl.fi\/kesy\/wp-json\/wp\/v2\/pages"}],"about":[{"href":"https:\/\/www.vyl.fi\/kesy\/wp-json\/wp\/v2\/types\/page"}],"author":[{"embeddable":true,"href":"https:\/\/www.vyl.fi\/kesy\/wp-json\/wp\/v2\/users\/7"}],"replies":[{"embeddable":true,"href":"https:\/\/www.vyl.fi\/kesy\/wp-json\/wp\/v2\/comments?post=333"}],"version-history":[{"count":1,"href":"https:\/\/www.vyl.fi\/kesy\/wp-json\/wp\/v2\/pages\/333\/revisions"}],"predecessor-version":[{"id":334,"href":"https:\/\/www.vyl.fi\/kesy\/wp-json\/wp\/v2\/pages\/333\/revisions\/334"}],"up":[{"embeddable":true,"href":"https:\/\/www.vyl.fi\/kesy\/wp-json\/wp\/v2\/pages\/325"}],"wp:attachment":[{"href":"https:\/\/www.vyl.fi\/kesy\/wp-json\/wp\/v2\/media?parent=333"}],"curies":[{"name":"wp","href":"https:\/\/api.w.org\/{rel}","templated":true}]}}