{"id":401,"date":"2024-10-22T15:39:07","date_gmt":"2024-10-22T12:39:07","guid":{"rendered":"https:\/\/u79114.www2.webdomain.fi\/kesy\/?page_id=401"},"modified":"2024-10-22T15:39:07","modified_gmt":"2024-10-22T12:39:07","slug":"eerolanpuron-kosteikon-seuranta","status":"publish","type":"page","link":"https:\/\/www.vyl.fi\/kesy\/kesy-hankkeet\/eerolanpuron-kosteikon-seuranta\/","title":{"rendered":"Eerolanpuron kosteikon seuranta"},"content":{"rendered":"\n<p class=\"wp-block-lala-blocks-lala-ingressi\">Eerolanpuron kosteikko on vuonna 2016 valmistunut kohde Jyv\u00e4skyl\u00e4ss\u00e4 Tuomioj\u00e4rven etel\u00e4puolella, siihen laskevan Eerolanpuron yhteydess\u00e4. Kaupunkikosteikko on kaupungin ensimm\u00e4inen luonnonmukainen hulevesien viivytysratkaisu, jossa hulevesi\u00e4 k\u00e4sitell\u00e4\u00e4n jo vakiintuneessa kaupunkiymp\u00e4rist\u00f6ss\u00e4.<\/p>\n\n\n\n<p>Kaupunkikosteikko on n\u00e4ytt\u00e4v\u00e4 maisemallinen elementti, joka tuottaa monia hy\u00f6tyj\u00e4 alueella. N\u00e4it\u00e4 ovat hulevesien puhdistumisen lis\u00e4ksi elinymp\u00e4rist\u00f6jen luominen eri eli\u00f6lajeille ja alueen virkistysk\u00e4ytt\u00f6. Hulevedet ovat taajama-alueiden pinnoitetuilta alueilta huuhtoutuvia vesi\u00e4, jotka ilman asianmukaista k\u00e4sittely\u00e4 aiheuttavat vesist\u00f6ille haitallista kuormitusta. Kosteikko ja sit\u00e4 edelt\u00e4v\u00e4t allasrakenteet laskeuttavat vedest\u00e4 kiintoainetta ja siihen sitoutuneita haitta-aineita, kuten ravinteita ja raskasmetalleja. Vuosien kuluessa kosteikolle asettuva kasvillisuus edesauttaa vesien puhdistumista. L\u00e4heinen Tuomioj\u00e4rvi on Jyv\u00e4skyl\u00e4n kaupungille t\u00e4rke\u00e4 vesist\u00f6, sill\u00e4 j\u00e4rven vett\u00e4 hy\u00f6dynnet\u00e4\u00e4n kaupungin raakavesitarpeisiin.<\/p>\n\n\n\n<p>Kosteikko suunniteltiin tiiviisti rakennetulle alueelle ymp\u00e4r\u00f6iv\u00e4\u00e4n maisemaan sopivaksi. Kosteikolle istutettiin liki 2000 kosteikkokasvin taimea, kuten esimerkiksi vihvil\u00f6it\u00e4, saroja, keltakurjenmiekkoja, rantakukkia ja rentukoita. N\u00e4iden menestymist\u00e4 seurataan tulevaisuudessa. Kosteikon ymp\u00e4rist\u00f6\u00f6n ja kaivuumaiden sijoituspaikoille on tehty puu- ja pensasistutuksia. Lis\u00e4ksi alueille kylvettiin nurmi ja niittym\u00e4ist\u00e4 kasvillisuutta.<\/p>\n\n\n\n<p><strong>Toteutusaikataulu<\/strong>: seuranta 2017-2018<\/p>\n\n\n\n<p><strong>Tilaaja:<\/strong>&nbsp;Jyv\u00e4skyl\u00e4n kaupunki, Kaupunkirakenteen toimiala<\/p>\n\n\n\n<p><strong>Suunnittelu ja toteutus<\/strong>&nbsp;: Vapo Clean Waters Oy, Viherteema Oy ja Luonnonvarakeskus (LUKE)<\/p>\n\n\n\n<p><strong>Lis\u00e4tiedot:<\/strong>&nbsp;Paula Tuomi,&nbsp;<a href=\"mailto:paula.tuomi@jyvaskyla.fi\">etunimi.sukunimi@jyvaskyla.fi<\/a><\/p>\n\n\n\n<div class=\"wp-block-buttons is-layout-flex wp-block-buttons-is-layout-flex\">\n<div class=\"wp-block-button\"><a class=\"wp-block-button__link wp-element-button\" href=\"https:\/\/www.jyvaskyla.fi\/kaavoitus\/projektit-ja-ohjelmat\/sinivihrea-infrastruktuuri\/eerolanpuron-kosteikko\" target=\"_blank\" rel=\"noreferrer noopener\">Lue lis\u00e4\u00e4 Eerolanpuistosta<\/a><\/div>\n<\/div>\n\n\n\n<p><\/p>\n","protected":false},"excerpt":{"rendered":"<p>Kaupunkikosteikko on n\u00e4ytt\u00e4v\u00e4 maisemallinen elementti, joka tuottaa monia hy\u00f6tyj\u00e4 alueella. N\u00e4it\u00e4 ovat hulevesien puhdistumisen lis\u00e4ksi elinymp\u00e4rist\u00f6jen luominen eri eli\u00f6lajeille ja alueen virkistysk\u00e4ytt\u00f6. Hulevedet ovat taajama-alueiden pinnoitetuilta alueilta huuhtoutuvia vesi\u00e4, jotka ilman asianmukaista k\u00e4sittely\u00e4 aiheuttavat vesist\u00f6ille haitallista kuormitusta. Kosteikko ja sit\u00e4 edelt\u00e4v\u00e4t allasrakenteet laskeuttavat vedest\u00e4 kiintoainetta ja siihen sitoutuneita haitta-aineita, kuten ravinteita ja raskasmetalleja. Vuosien kuluessa [&hellip;]<\/p>\n","protected":false},"author":7,"featured_media":0,"parent":24,"menu_order":12,"comment_status":"closed","ping_status":"closed","template":"","meta":{"_acf_changed":false,"_relevanssi_hide_post":"","_relevanssi_hide_content":"","_relevanssi_pin_for_all":"","_relevanssi_pin_keywords":"","_relevanssi_unpin_keywords":"","_relevanssi_related_keywords":"","_relevanssi_related_include_ids":"","_relevanssi_related_exclude_ids":"","_relevanssi_related_no_append":"","_relevanssi_related_not_related":"","_relevanssi_related_posts":"1","_relevanssi_noindex_reason":"","footnotes":""},"class_list":["post-401","page","type-page","status-publish","hentry"],"acf":[],"_links":{"self":[{"href":"https:\/\/www.vyl.fi\/kesy\/wp-json\/wp\/v2\/pages\/401","targetHints":{"allow":["GET"]}}],"collection":[{"href":"https:\/\/www.vyl.fi\/kesy\/wp-json\/wp\/v2\/pages"}],"about":[{"href":"https:\/\/www.vyl.fi\/kesy\/wp-json\/wp\/v2\/types\/page"}],"author":[{"embeddable":true,"href":"https:\/\/www.vyl.fi\/kesy\/wp-json\/wp\/v2\/users\/7"}],"replies":[{"embeddable":true,"href":"https:\/\/www.vyl.fi\/kesy\/wp-json\/wp\/v2\/comments?post=401"}],"version-history":[{"count":1,"href":"https:\/\/www.vyl.fi\/kesy\/wp-json\/wp\/v2\/pages\/401\/revisions"}],"predecessor-version":[{"id":402,"href":"https:\/\/www.vyl.fi\/kesy\/wp-json\/wp\/v2\/pages\/401\/revisions\/402"}],"up":[{"embeddable":true,"href":"https:\/\/www.vyl.fi\/kesy\/wp-json\/wp\/v2\/pages\/24"}],"wp:attachment":[{"href":"https:\/\/www.vyl.fi\/kesy\/wp-json\/wp\/v2\/media?parent=401"}],"curies":[{"name":"wp","href":"https:\/\/api.w.org\/{rel}","templated":true}]}}