{"id":405,"date":"2024-10-22T15:43:48","date_gmt":"2024-10-22T12:43:48","guid":{"rendered":"https:\/\/u79114.www2.webdomain.fi\/kesy\/?page_id=405"},"modified":"2024-10-22T15:43:48","modified_gmt":"2024-10-22T12:43:48","slug":"kankaan-hulevesikanavan-kasvittaminen","status":"publish","type":"page","link":"https:\/\/www.vyl.fi\/kesy\/kesy-hankkeet\/kankaan-hulevesikanavan-kasvittaminen\/","title":{"rendered":"Kankaan hulevesikanavan kasvittaminen"},"content":{"rendered":"\n<p class=\"wp-block-lala-blocks-lala-ingressi\">Entisen paperitehtaan paikalle rakentuvan Kankaan tulevat hulevedet johdetaan kasvitettavaan kanavaan, jossa ne puhdistuvat ennen p\u00e4\u00e4tymist\u00e4\u00e4n Tourujokeen ja sit\u00e4 kautta Jyv\u00e4sj\u00e4rveen.<\/p>\n\n\n\n<p>Kankaan kanavaa muutettiin rakenteellisesti siten, ett\u00e4 veden virtaamaa hidastetaan purouoman muodoilla ja rakenteella, pohjakynnyksill\u00e4 sek\u00e4 istutettavalla kasvillisuudella.&nbsp;Kanavaan istutetun kasvillisuuden avulla saatiin luotua kanavan pohjalle ravinteita ja haitta-aineita hulevesist\u00e4 sitova kosteikkoymp\u00e4rist\u00f6. Lis\u00e4ksi pohjakynnysten avulla luotiin kasveille erilaisia kasvualustoja.<\/p>\n\n\n\n<p>Kankaan hulevesikanava on&nbsp;my\u00f6s t\u00e4rke\u00e4 osa kaupunkivihre\u00e4\u00e4 lis\u00e4ten luonnon monimuotoisuutta ja alueen viihtyisyytt\u00e4. Yli 100 metri\u00e4 pitk\u00e4\u00e4n kanavaan istutettiin jopa 3500 kappaletta kosteikkokasvien, heinien ja pensaiden taimia, jotka hulevesien puhdistamisen ohella luovat kukkiessaan v\u00e4riloistoa kanavaan. Kasvillisuuden valinnoissa on suosittu kotimaista alkuper\u00e4\u00e4 olevia kasveja.<\/p>\n\n\n\n<p><strong>Toteutusaikataulu<\/strong>: suunnittelu 2017, rakentaminen 2017-2018<\/p>\n\n\n\n<p><strong>Tilaaja:<\/strong>&nbsp;Jyv\u00e4skyl\u00e4n kaupunki, Kaupunkirakenteen toimiala<\/p>\n\n\n\n<p><strong>Rakennussuunnittelu:<\/strong>&nbsp;Ramboll Oy<\/p>\n\n\n\n<p><strong>Lis\u00e4tiedot:<\/strong>&nbsp;Paula Tuomi,&nbsp;<a href=\"mailto:paula.tuomi@jyvaskyla.fi\">etunimi.sukunimi@jyvaskyla.fi<\/a><\/p>\n","protected":false},"excerpt":{"rendered":"<p>Kankaan kanavaa muutettiin rakenteellisesti siten, ett\u00e4 veden virtaamaa hidastetaan purouoman muodoilla ja rakenteella, pohjakynnyksill\u00e4 sek\u00e4 istutettavalla kasvillisuudella.&nbsp;Kanavaan istutetun kasvillisuuden avulla saatiin luotua kanavan pohjalle ravinteita ja haitta-aineita hulevesist\u00e4 sitova kosteikkoymp\u00e4rist\u00f6. Lis\u00e4ksi pohjakynnysten avulla luotiin kasveille erilaisia kasvualustoja. Kankaan hulevesikanava on&nbsp;my\u00f6s t\u00e4rke\u00e4 osa kaupunkivihre\u00e4\u00e4 lis\u00e4ten luonnon monimuotoisuutta ja alueen viihtyisyytt\u00e4. Yli 100 metri\u00e4 pitk\u00e4\u00e4n kanavaan istutettiin [&hellip;]<\/p>\n","protected":false},"author":7,"featured_media":0,"parent":24,"menu_order":47,"comment_status":"closed","ping_status":"closed","template":"","meta":{"_acf_changed":false,"_relevanssi_hide_post":"","_relevanssi_hide_content":"","_relevanssi_pin_for_all":"","_relevanssi_pin_keywords":"","_relevanssi_unpin_keywords":"","_relevanssi_related_keywords":"","_relevanssi_related_include_ids":"","_relevanssi_related_exclude_ids":"","_relevanssi_related_no_append":"","_relevanssi_related_not_related":"","_relevanssi_related_posts":"1","_relevanssi_noindex_reason":"","footnotes":""},"class_list":["post-405","page","type-page","status-publish","hentry"],"acf":[],"_links":{"self":[{"href":"https:\/\/www.vyl.fi\/kesy\/wp-json\/wp\/v2\/pages\/405","targetHints":{"allow":["GET"]}}],"collection":[{"href":"https:\/\/www.vyl.fi\/kesy\/wp-json\/wp\/v2\/pages"}],"about":[{"href":"https:\/\/www.vyl.fi\/kesy\/wp-json\/wp\/v2\/types\/page"}],"author":[{"embeddable":true,"href":"https:\/\/www.vyl.fi\/kesy\/wp-json\/wp\/v2\/users\/7"}],"replies":[{"embeddable":true,"href":"https:\/\/www.vyl.fi\/kesy\/wp-json\/wp\/v2\/comments?post=405"}],"version-history":[{"count":1,"href":"https:\/\/www.vyl.fi\/kesy\/wp-json\/wp\/v2\/pages\/405\/revisions"}],"predecessor-version":[{"id":406,"href":"https:\/\/www.vyl.fi\/kesy\/wp-json\/wp\/v2\/pages\/405\/revisions\/406"}],"up":[{"embeddable":true,"href":"https:\/\/www.vyl.fi\/kesy\/wp-json\/wp\/v2\/pages\/24"}],"wp:attachment":[{"href":"https:\/\/www.vyl.fi\/kesy\/wp-json\/wp\/v2\/media?parent=405"}],"curies":[{"name":"wp","href":"https:\/\/api.w.org\/{rel}","templated":true}]}}