{"id":486,"date":"2024-10-24T14:36:58","date_gmt":"2024-10-24T11:36:58","guid":{"rendered":"https:\/\/u79114.www2.webdomain.fi\/kesy\/?page_id=486"},"modified":"2024-10-24T14:36:59","modified_gmt":"2024-10-24T11:36:59","slug":"yleiset-periaatteet-rakentamisessa","status":"publish","type":"page","link":"https:\/\/www.vyl.fi\/kesy\/toimintaperiaatteet\/rakentaja\/yleiset-periaatteet-rakentamisessa\/","title":{"rendered":"Yleiset periaatteet rakentamisessa"},"content":{"rendered":"\n<ul class=\"wp-block-list\">\n<li>Ymm\u00e4rret\u00e4\u00e4n rakennusty\u00f6n osuus ja merkitys koko ymp\u00e4rist\u00f6rakentamishankkeen ja sen elinkaaren kannalta.<\/li>\n\n\n\n<li>Ymm\u00e4rret\u00e4\u00e4n suunnittelun ja kunnossapitoty\u00f6n osuus ja merkitys koko ymp\u00e4rist\u00f6rakentamishankkeen ja sen elinkaaren kannalta.<\/li>\n\n\n\n<li>Varataan rakennusty\u00f6h\u00f6n riitt\u00e4v\u00e4t resurssit ja osaaminen.<\/li>\n\n\n\n<li>Noudatetaan rakentamisessa tilaajaorganisaation strategioita, ymp\u00e4rist\u00f6- ja kest\u00e4v\u00e4n kehityksen ohjelmia, laatu- ja toimintaj\u00e4rjestelm\u00e4\u00e4 sek\u00e4 muita tilaajaorganisaation toimintaohjeita.<\/li>\n\n\n\n<li>Noudatetaan rakentamisessa oman organisaation strategioita, ymp\u00e4rist\u00f6- ja kest\u00e4v\u00e4n kehityksen ohjelmia, laatu- ja toimintaj\u00e4rjestelm\u00e4\u00e4 sek\u00e4 muita toimintaohjeita.<\/li>\n\n\n\n<li>Laaditaan rakennusty\u00f6lle laatu-, turvallisuus-, ty\u00f6- ja omavalvontasuunnitelmat, joissa huomioidaan my\u00f6s rakennusty\u00f6h\u00f6n liittyv\u00e4t kest\u00e4v\u00e4n kehityksen asiat.<\/li>\n\n\n\n<li>Noudatetaan alueelle laadittua suunnitelmaa, hankekohtaista ty\u00f6selostusta, tilaajan ja suunnittelijan ohjeita sek\u00e4 urakoitsijan itsens\u00e4 laatimia laatu-, turvallisuus-, ty\u00f6- ja omavalvontasuunnitelmia.<\/li>\n\n\n\n<li>Tehd\u00e4\u00e4n tuote- ja materiaalihankinnat suunnitelman mukaisesti.<\/li>\n\n\n\n<li>Tarkastetaan rakennusty\u00f6 ty\u00f6vaiheittain eli tehd\u00e4\u00e4n itselleluovutus omavalvontasuunnitelman ja yleisten laatuvaatimusten mukaan. Dokumentoidaan tarkastuksen tulokset, ja korjataan mahdolliset poikkeamat ja virheet tilaajan kanssa sovitulla tavalla.<\/li>\n\n\n\n<li>Ker\u00e4t\u00e4\u00e4n tietoa ja palautetta rakennusty\u00f6n onnistumisesta hankkeen muilta osapuolilta \u2013 eli tilaajalta, suunnittelijalta, kunnossapit\u00e4j\u00e4lt\u00e4 ja k\u00e4ytt\u00e4jilt\u00e4.<\/li>\n\n\n\n<li>Hy\u00f6dynnet\u00e4\u00e4n saatua palautetta rakennusty\u00f6n kehitt\u00e4miseen.<\/li>\n\n\n\n<li>Siirret\u00e4\u00e4n tieto kunnossapitoon.<\/li>\n<\/ul>\n","protected":false},"excerpt":{"rendered":"","protected":false},"author":7,"featured_media":0,"parent":467,"menu_order":10,"comment_status":"closed","ping_status":"closed","template":"","meta":{"_acf_changed":false,"_relevanssi_hide_post":"","_relevanssi_hide_content":"","_relevanssi_pin_for_all":"","_relevanssi_pin_keywords":"","_relevanssi_unpin_keywords":"","_relevanssi_related_keywords":"","_relevanssi_related_include_ids":"","_relevanssi_related_exclude_ids":"","_relevanssi_related_no_append":"","_relevanssi_related_not_related":"","_relevanssi_related_posts":"1","_relevanssi_noindex_reason":"","footnotes":""},"class_list":["post-486","page","type-page","status-publish","hentry"],"acf":[],"_links":{"self":[{"href":"https:\/\/www.vyl.fi\/kesy\/wp-json\/wp\/v2\/pages\/486","targetHints":{"allow":["GET"]}}],"collection":[{"href":"https:\/\/www.vyl.fi\/kesy\/wp-json\/wp\/v2\/pages"}],"about":[{"href":"https:\/\/www.vyl.fi\/kesy\/wp-json\/wp\/v2\/types\/page"}],"author":[{"embeddable":true,"href":"https:\/\/www.vyl.fi\/kesy\/wp-json\/wp\/v2\/users\/7"}],"replies":[{"embeddable":true,"href":"https:\/\/www.vyl.fi\/kesy\/wp-json\/wp\/v2\/comments?post=486"}],"version-history":[{"count":1,"href":"https:\/\/www.vyl.fi\/kesy\/wp-json\/wp\/v2\/pages\/486\/revisions"}],"predecessor-version":[{"id":487,"href":"https:\/\/www.vyl.fi\/kesy\/wp-json\/wp\/v2\/pages\/486\/revisions\/487"}],"up":[{"embeddable":true,"href":"https:\/\/www.vyl.fi\/kesy\/wp-json\/wp\/v2\/pages\/467"}],"wp:attachment":[{"href":"https:\/\/www.vyl.fi\/kesy\/wp-json\/wp\/v2\/media?parent=486"}],"curies":[{"name":"wp","href":"https:\/\/api.w.org\/{rel}","templated":true}]}}