{"id":53,"date":"2024-10-16T12:12:36","date_gmt":"2024-10-16T09:12:36","guid":{"rendered":"https:\/\/u79114.www2.webdomain.fi\/kesy\/?page_id=53"},"modified":"2024-11-13T08:42:18","modified_gmt":"2024-11-13T06:42:18","slug":"hae-tunnusta","status":"publish","type":"page","link":"https:\/\/www.vyl.fi\/kesy\/mika-on-kesy\/kesy-tunnus\/hae-tunnusta\/","title":{"rendered":"Hae tunnusta"},"content":{"rendered":"\n<h2 class=\"wp-block-heading\">KUKA VOI HAKEA?<\/h2>\n\n\n\n<ul class=\"wp-block-list\">\n<li>Tunnuksen voi saada organisaatio, joka hakee KESY-tunnusta Viherymp\u00e4rist\u00f6liitolta ja sitoutuu noudattamaan kest\u00e4v\u00e4n ymp\u00e4rist\u00f6rakentamisen toimintaperiaatteita.<\/li>\n\n\n\n<li>Tunnuksen saanut organisaatio sitoutuu raportoimaan Viherymp\u00e4rist\u00f6liitolle KESY-hankkeistaan tai muusta KESY-toiminnastaan v\u00e4hint\u00e4\u00e4n kerran vuodessa.<\/li>\n\n\n\n<li>Tunnusta saa k\u00e4ytt\u00e4\u00e4 vain KESY-toiminnan yhteydess\u00e4.<\/li>\n<\/ul>\n\n\n\n<p><em>Viherymp\u00e4rist\u00f6liitto my\u00f6nt\u00e4\u00e4 KESY-tunnuksen k\u00e4ytt\u00f6oikeuden ja se on voimassa toistaiseksi. Viherymp\u00e4rist\u00f6liitto pid\u00e4tt\u00e4\u00e4 oikeuden k\u00e4ytt\u00f6oikeuden poistamiseen, mik\u00e4li toimija ei raportoi hankkeistaan raportointilomakkeella kahden vuoden kuluessa merkin my\u00f6nt\u00e4misest\u00e4 tai k\u00e4ytt\u00e4\u00e4 merkki\u00e4 ristiriidassa sen tarkoitukseen n\u00e4hden. Viherymp\u00e4rist\u00f6liitto pid\u00e4tt\u00e4\u00e4 oikeuden k\u00e4ytt\u00f6oikeuden poistamiseen, mik\u00e4li toimija laiminly\u00f6 raportointivelvollisuutta.<\/em><\/p>\n\n\n\n<h2 class=\"wp-block-heading\">HAE TUNNUSTA<\/h2>\n\n\n\n<p>Voit hakea KESY-tunnusta t\u00e4ytt\u00e4m\u00e4ll\u00e4 hakulomakkeen. T\u00e4m\u00e4n j\u00e4lkeen saat s\u00e4hk\u00f6postiisi tunnuksen ja raportointiohjeet. <\/p>\n\n\n\n<div class=\"wp-block-contact-form-7-contact-form-selector\">\n<div class=\"wpcf7 no-js\" id=\"wpcf7-f527-o1\" lang=\"fi\" dir=\"ltr\" data-wpcf7-id=\"527\">\n<div class=\"screen-reader-response\"><p role=\"status\" aria-live=\"polite\" aria-atomic=\"true\"><\/p> <ul><\/ul><\/div>\n<form action=\"\/kesy\/wp-json\/wp\/v2\/pages\/53#wpcf7-f527-o1\" method=\"post\" class=\"wpcf7-form init\" aria-label=\"Yhteydenottolomake\" novalidate=\"novalidate\" data-status=\"init\">\n<fieldset class=\"hidden-fields-container\"><input type=\"hidden\" name=\"_wpcf7\" value=\"527\" \/><input type=\"hidden\" name=\"_wpcf7_version\" value=\"6.1.5\" \/><input type=\"hidden\" name=\"_wpcf7_locale\" value=\"fi\" \/><input type=\"hidden\" name=\"_wpcf7_unit_tag\" value=\"wpcf7-f527-o1\" \/><input type=\"hidden\" name=\"_wpcf7_container_post\" value=\"0\" \/><input type=\"hidden\" name=\"_wpcf7_posted_data_hash\" value=\"\" \/>\n<\/fieldset>\n<p><label> Hakija*<br \/>\n<span class=\"wpcf7-form-control-wrap\" data-name=\"your-name\"><input size=\"40\" maxlength=\"400\" class=\"wpcf7-form-control wpcf7-text wpcf7-validates-as-required\" autocomplete=\"name\" aria-required=\"true\" aria-invalid=\"false\" value=\"\" type=\"text\" name=\"your-name\" \/><\/span> <\/label>\n<\/p>\n<p><label> S\u00e4hk\u00f6postiosoite*<br \/>\n<span class=\"wpcf7-form-control-wrap\" data-name=\"your-email\"><input size=\"40\" maxlength=\"400\" class=\"wpcf7-form-control wpcf7-email wpcf7-validates-as-required wpcf7-text wpcf7-validates-as-email\" autocomplete=\"email\" aria-required=\"true\" aria-invalid=\"false\" value=\"\" type=\"email\" name=\"your-email\" \/><\/span> <\/label>\n<\/p>\n<p><label> Yhteyshenkil\u00f6n nimi*<br \/>\n<span class=\"wpcf7-form-control-wrap\" data-name=\"your-subject\"><input size=\"40\" maxlength=\"400\" class=\"wpcf7-form-control wpcf7-text wpcf7-validates-as-required\" aria-required=\"true\" aria-invalid=\"false\" value=\"\" type=\"text\" name=\"your-subject\" \/><\/span> <\/label>\n<\/p>\n<p><label> Verkkosivut*<br \/>\n<span class=\"wpcf7-form-control-wrap\" data-name=\"url-586\"><input size=\"40\" maxlength=\"400\" class=\"wpcf7-form-control wpcf7-url wpcf7-text wpcf7-validates-as-url\" aria-invalid=\"false\" value=\"\" type=\"url\" name=\"url-586\" \/><\/span> <\/label>\n<\/p>\n<p><label> Perustelut*<br \/>\n<span class=\"wpcf7-form-control-wrap\" data-name=\"your-message\"><textarea cols=\"40\" rows=\"10\" maxlength=\"2000\" class=\"wpcf7-form-control wpcf7-textarea\" aria-invalid=\"false\" name=\"your-message\"><\/textarea><\/span> <\/label>\n<\/p>\n<p>Olen tutustunut KESY-toimintamalliin ja hyv\u00e4ksyn toimintamallin tavoitteet. Sitoudun edist\u00e4m\u00e4\u00e4n KESY:n tavoitteita ja sis\u00e4llytt\u00e4m\u00e4\u00e4n niit\u00e4 omaan toimintaani sek\u00e4 viestim\u00e4\u00e4n KESY:st\u00e4 omille sidosryhmilleni*\n<\/p>\n<p><span class=\"wpcf7-form-control-wrap\" data-name=\"radio-389\"><span class=\"wpcf7-form-control wpcf7-radio\"><span class=\"wpcf7-list-item first last\"><label><input type=\"radio\" name=\"radio-389\" value=\"Kyll\u00e4\" \/><span class=\"wpcf7-list-item-label\">Kyll\u00e4<\/span><\/label><\/span><\/span><\/span>\n<\/p>\n<p>Sitoudun raportoimaan KESY-hankkeista ja -toiminnasta, joissa organisaationi on mukana raportointiohjeiden mukaisesti (ks. linkki alla)*\n<\/p>\n<p><span class=\"wpcf7-form-control-wrap\" data-name=\"radio-266\"><span class=\"wpcf7-form-control wpcf7-radio\"><span class=\"wpcf7-list-item first last\"><label><input type=\"radio\" name=\"radio-266\" value=\"Kyll\u00e4\" \/><span class=\"wpcf7-list-item-label\">Kyll\u00e4<\/span><\/label><\/span><\/span><\/span>\n<\/p>\n<p>Antamani tiedot saa julkaista KESY-sivustolla*\n<\/p>\n<p><span class=\"wpcf7-form-control-wrap\" data-name=\"radio-181\"><span class=\"wpcf7-form-control wpcf7-radio\"><span class=\"wpcf7-list-item first\"><label><input type=\"radio\" name=\"radio-181\" value=\"Kyll\u00e4\" \/><span class=\"wpcf7-list-item-label\">Kyll\u00e4<\/span><\/label><\/span><span class=\"wpcf7-list-item last\"><label><input type=\"radio\" name=\"radio-181\" value=\"Ei\" \/><span class=\"wpcf7-list-item-label\">Ei<\/span><\/label><\/span><\/span><\/span>\n<\/p>\n<p><input class=\"wpcf7-form-control wpcf7-submit has-spinner\" type=\"submit\" value=\"L\u00e4het\u00e4\" \/>\n<\/p><div class=\"wpcf7-response-output\" aria-hidden=\"true\"><\/div>\n<\/form>\n<\/div>\n<\/div>\n\n\n\n<div class=\"wp-block-buttons is-layout-flex wp-block-buttons-is-layout-flex\">\n<div class=\"wp-block-button\"><a class=\"wp-block-button__link wp-element-button\" href=\"https:\/\/www.vyl.fi\/kesy\/mika-on-kesy\/kesy-tunnus\/raportointi\/\">LUE RAPORTOINNISTA<\/a><\/div>\n<\/div>\n","protected":false},"excerpt":{"rendered":"<p>KUKA VOI HAKEA? Viherymp\u00e4rist\u00f6liitto my\u00f6nt\u00e4\u00e4 KESY-tunnuksen k\u00e4ytt\u00f6oikeuden ja se on voimassa toistaiseksi. Viherymp\u00e4rist\u00f6liitto pid\u00e4tt\u00e4\u00e4 oikeuden k\u00e4ytt\u00f6oikeuden poistamiseen, mik\u00e4li toimija ei raportoi hankkeistaan raportointilomakkeella kahden vuoden kuluessa merkin my\u00f6nt\u00e4misest\u00e4 tai k\u00e4ytt\u00e4\u00e4 merkki\u00e4 ristiriidassa sen tarkoitukseen n\u00e4hden. Viherymp\u00e4rist\u00f6liitto pid\u00e4tt\u00e4\u00e4 oikeuden k\u00e4ytt\u00f6oikeuden poistamiseen, mik\u00e4li toimija laiminly\u00f6 raportointivelvollisuutta. HAE TUNNUSTA Voit hakea KESY-tunnusta t\u00e4ytt\u00e4m\u00e4ll\u00e4 hakulomakkeen. T\u00e4m\u00e4n j\u00e4lkeen saat s\u00e4hk\u00f6postiisi [&hellip;]<\/p>\n","protected":false},"author":7,"featured_media":0,"parent":44,"menu_order":15,"comment_status":"closed","ping_status":"closed","template":"","meta":{"_acf_changed":false,"_relevanssi_hide_post":"","_relevanssi_hide_content":"","_relevanssi_pin_for_all":"","_relevanssi_pin_keywords":"","_relevanssi_unpin_keywords":"","_relevanssi_related_keywords":"","_relevanssi_related_include_ids":"","_relevanssi_related_exclude_ids":"","_relevanssi_related_no_append":"","_relevanssi_related_not_related":"","_relevanssi_related_posts":"1","_relevanssi_noindex_reason":"","footnotes":""},"class_list":["post-53","page","type-page","status-publish","hentry"],"acf":[],"_links":{"self":[{"href":"https:\/\/www.vyl.fi\/kesy\/wp-json\/wp\/v2\/pages\/53","targetHints":{"allow":["GET"]}}],"collection":[{"href":"https:\/\/www.vyl.fi\/kesy\/wp-json\/wp\/v2\/pages"}],"about":[{"href":"https:\/\/www.vyl.fi\/kesy\/wp-json\/wp\/v2\/types\/page"}],"author":[{"embeddable":true,"href":"https:\/\/www.vyl.fi\/kesy\/wp-json\/wp\/v2\/users\/7"}],"replies":[{"embeddable":true,"href":"https:\/\/www.vyl.fi\/kesy\/wp-json\/wp\/v2\/comments?post=53"}],"version-history":[{"count":11,"href":"https:\/\/www.vyl.fi\/kesy\/wp-json\/wp\/v2\/pages\/53\/revisions"}],"predecessor-version":[{"id":529,"href":"https:\/\/www.vyl.fi\/kesy\/wp-json\/wp\/v2\/pages\/53\/revisions\/529"}],"up":[{"embeddable":true,"href":"https:\/\/www.vyl.fi\/kesy\/wp-json\/wp\/v2\/pages\/44"}],"wp:attachment":[{"href":"https:\/\/www.vyl.fi\/kesy\/wp-json\/wp\/v2\/media?parent=53"}],"curies":[{"name":"wp","href":"https:\/\/api.w.org\/{rel}","templated":true}]}}