{"id":57,"date":"2024-10-16T12:14:28","date_gmt":"2024-10-16T09:14:28","guid":{"rendered":"https:\/\/u79114.www2.webdomain.fi\/kesy\/?page_id=57"},"modified":"2024-10-18T15:35:24","modified_gmt":"2024-10-18T12:35:24","slug":"dynaamisia-istutusalueita","status":"publish","type":"page","link":"https:\/\/www.vyl.fi\/kesy\/materiaalit\/dynaamisia-istutusalueita\/","title":{"rendered":"Dynaamisia istutusalueita"},"content":{"rendered":"\n<p class=\"wp-block-lala-blocks-lala-ingressi\">Katso lista dynaamisista istutusalueista Suomessa.<\/p>\n\n\n\n<p>Lista on Viherymp\u00e4rist\u00f6liiton luoma. Listalle voit k\u00e4yd\u00e4 ilmiantamassa tiedossasi olevan dynaamisen istutusalueen.<\/p>\n\n\n\n<p>Kirjaa listaan&nbsp;<\/p>\n\n\n\n<ul class=\"wp-block-list\">\n<li>Kuvaus istutuksesta<\/li>\n\n\n\n<li>Paikkakunta<\/li>\n\n\n\n<li>Katuosoite<\/li>\n\n\n\n<li>Valmistumisvuosi<\/li>\n\n\n\n<li>Kylvetyt \/ istutetut lajit<\/li>\n\n\n\n<li>Yhteyshenkil\u00f6n tiedot (muistathan kysy\u00e4 luvan yhteystietojen julkaisemiseen)<\/li>\n<\/ul>\n\n\n\n<div class=\"wp-block-buttons is-layout-flex wp-block-buttons-is-layout-flex\">\n<div class=\"wp-block-button\"><a class=\"wp-block-button__link wp-element-button\" href=\"https:\/\/viherymparistoliitto.sharepoint.com\/:x:\/g\/EUT_cmobIo5JjeZm8XeOtpIBzFZte07rD05tG2sIWE5sNA?e=qnXsU4\">DYNAAMISET ISTUTUSALUEET -LISTA<\/a><\/div>\n<\/div>\n\n\n\n<p>HUOM! Kohteen ilmoittaja vastaa listalle kirjaamansa kohteen tietojen oikeellisuudesta.&nbsp;<\/p>\n","protected":false},"excerpt":{"rendered":"<p>Lista on Viherymp\u00e4rist\u00f6liiton luoma. Listalle voit k\u00e4yd\u00e4 ilmiantamassa tiedossasi olevan dynaamisen istutusalueen. Kirjaa listaan&nbsp; HUOM! Kohteen ilmoittaja vastaa listalle kirjaamansa kohteen tietojen oikeellisuudesta.&nbsp;<\/p>\n","protected":false},"author":7,"featured_media":0,"parent":21,"menu_order":30,"comment_status":"closed","ping_status":"closed","template":"","meta":{"_acf_changed":false,"_relevanssi_hide_post":"","_relevanssi_hide_content":"","_relevanssi_pin_for_all":"","_relevanssi_pin_keywords":"","_relevanssi_unpin_keywords":"","_relevanssi_related_keywords":"","_relevanssi_related_include_ids":"","_relevanssi_related_exclude_ids":"","_relevanssi_related_no_append":"","_relevanssi_related_not_related":"","_relevanssi_related_posts":"1","_relevanssi_noindex_reason":"","footnotes":""},"class_list":["post-57","page","type-page","status-publish","hentry"],"acf":[],"_links":{"self":[{"href":"https:\/\/www.vyl.fi\/kesy\/wp-json\/wp\/v2\/pages\/57","targetHints":{"allow":["GET"]}}],"collection":[{"href":"https:\/\/www.vyl.fi\/kesy\/wp-json\/wp\/v2\/pages"}],"about":[{"href":"https:\/\/www.vyl.fi\/kesy\/wp-json\/wp\/v2\/types\/page"}],"author":[{"embeddable":true,"href":"https:\/\/www.vyl.fi\/kesy\/wp-json\/wp\/v2\/users\/7"}],"replies":[{"embeddable":true,"href":"https:\/\/www.vyl.fi\/kesy\/wp-json\/wp\/v2\/comments?post=57"}],"version-history":[{"count":4,"href":"https:\/\/www.vyl.fi\/kesy\/wp-json\/wp\/v2\/pages\/57\/revisions"}],"predecessor-version":[{"id":62,"href":"https:\/\/www.vyl.fi\/kesy\/wp-json\/wp\/v2\/pages\/57\/revisions\/62"}],"up":[{"embeddable":true,"href":"https:\/\/www.vyl.fi\/kesy\/wp-json\/wp\/v2\/pages\/21"}],"wp:attachment":[{"href":"https:\/\/www.vyl.fi\/kesy\/wp-json\/wp\/v2\/media?parent=57"}],"curies":[{"name":"wp","href":"https:\/\/api.w.org\/{rel}","templated":true}]}}