{"id":622,"date":"2025-09-03T17:03:32","date_gmt":"2025-09-03T14:03:32","guid":{"rendered":"https:\/\/www.vyl.fi\/kesy\/?page_id=622"},"modified":"2025-09-03T17:04:22","modified_gmt":"2025-09-03T14:04:22","slug":"pispalan-kirkon-ja-seurakuntatalon-saneeraus","status":"publish","type":"page","link":"https:\/\/www.vyl.fi\/kesy\/kesy-hankkeet\/pispalan-kirkon-ja-seurakuntatalon-saneeraus\/","title":{"rendered":"Pispalan kirkon ja seurakuntatalon saneeraus"},"content":{"rendered":"\n<p class=\"wp-block-lala-blocks-lala-ingressi\">Pispalan kirkon piha-alueen peruskorjaus sis\u00e4lt\u00e4\u00e4 monia ekologisia ja k\u00e4yt\u00e4nn\u00f6llisi\u00e4 parannuksia, jotka edist\u00e4v\u00e4t ekologisuutta, monimuotoisuutta ja alueen k\u00e4yt\u00e4nn\u00f6llisyytt\u00e4, tehden Pispalan kirkon pihasta entist\u00e4 viihtyis\u00e4mm\u00e4n ja toimivamman.<\/p>\n\n\n\n<p><strong>Hankkeen\/ kohteen yleinen kuvaus<\/strong><\/p>\n\n\n\n<p>Pispalan kirkon piha-alueen peruskorjauksen yhteydess\u00e4 uusittiin istutukset ja pihapinnat, kunnostettiin sokkelit ja uusittiin raja-aidat, graniittiset portaat, j\u00e4tteenker\u00e4yspiste, terassi, penkkimuuri sek\u00e4 laajennettiin parkkialuetta. Pihavalaistus, opasteet uusittiin ja parannettiin esteett\u00f6myyden ja kevyen liikenteen v\u00e4yli\u00e4. &nbsp;<\/p>\n\n\n\n<p><strong>Hankkeen tavoitteet:<\/strong><\/p>\n\n\n\n<p>Pispalan kirkon piha-alueen peruskorjauksen laadulliset tavoitteet keskittyv\u00e4t alueen toimivuuden, ekologisuuden ja viihtyisyyden parantamiseen. Keskeiset laadulliset tavoitteet ovat:<\/p>\n\n\n\n<p>1. Toimivuus ja saavutettavuus Esteett\u00f6myys: Kulkuv\u00e4ylien ja rakenteiden suunnittelu huomioi liikuntarajoitteiset ja lastenvaunuilla liikkuvat. Selke\u00e4 ja johdonmukainen tilank\u00e4ytt\u00f6: Pys\u00e4k\u00f6inti, kevyen liikenteen v\u00e4yl\u00e4t ja oleskelualueet sijoitetaan loogisesti ja helposti hahmotettaviksi. Hyvin suunniteltu liikennevirta: Autopaikkojen ja kevyen liikenteen ratkaisut tukevat turvallista liikkumista alueella.<\/p>\n\n\n\n<p>2. Viihtyisyys ja esteettinen laatu Kauniit ja kest\u00e4v\u00e4t materiaalit: Luonnonmateriaalien, kuten graniitin, puun ja kivipintojen k\u00e4ytt\u00f6 tukee alueen perinteist\u00e4 ilmett\u00e4. Harmoninen istutussuunnittelu: Uudet istutukset valitaan sopimaan ymp\u00e4r\u00f6iv\u00e4\u00e4n maisemaan ja vuodenkierron mukaan. Mukavat oleskelutilat: Terassi ja penkkimuuri tarjoavat paikkoja seurustelulle ja rentoutumiselle.<\/p>\n\n\n\n<p>3. Ekologisuus ja kest\u00e4vyys Monimuotoisuuden lis\u00e4\u00e4minen: P\u00f6lytt\u00e4j\u00e4yst\u00e4v\u00e4lliset kasvit, mehil\u00e4iskodit ja luonnonmukaiset viheralueet tukevat elinymp\u00e4rist\u00f6j\u00e4. Kiertotalous ja resurssitehokkuus: Rakenteissa suositaan kierr\u00e4tett\u00e4vi\u00e4 ja pitk\u00e4ik\u00e4isi\u00e4 materiaaleja. Hulevesien hallinta: Vett\u00e4 imeytt\u00e4v\u00e4t pinnat ja luonnonmukaiset ratkaisut v\u00e4hent\u00e4v\u00e4t eroosiota ja vesist\u00f6rasitusta.<\/p>\n\n\n\n<p>4. Turvallisuus ja huollettavuus Hyv\u00e4 valaistus ja n\u00e4kyvyys: Pihavalaisimet uusitaan niin, ett\u00e4 ne lis\u00e4\u00e4v\u00e4t turvallisuutta mutta eiv\u00e4t h\u00e4iritse ymp\u00e4rist\u00f6\u00e4. Kameravalvonnan tehostaminen: Turvaa alueen k\u00e4ytt\u00f6\u00e4 erityisesti ilta-aikaan. Selke\u00e4t opasteet: Digitaalinen ilmoitustaulu ja p\u00e4ivitetyt opasteet helpottavat alueen k\u00e4ytt\u00f6\u00e4.<\/p>\n\n\n\n<p>5. Yhteis\u00f6llisyys ja seurakuntatoiminnan tukeminen Seurakunnan tilaisuuksiin soveltuva piha: J\u00e4rjestelyt tukevat tapahtumien ja kokoontumisten j\u00e4rjest\u00e4mist\u00e4. Kahvilan ja ulkotilojen k\u00e4yt\u00f6n parantaminen: Terassi ja muut oleskelutilat tekev\u00e4t alueesta kutsuvamman. Kulttuurihistoriallisen arvon s\u00e4ilytt\u00e4minen: Kirkon ja seurakuntatalon ymp\u00e4rist\u00f6 kunnostetaan arvokkaasti ja sen ilme s\u00e4ilytet\u00e4\u00e4n perinteit\u00e4 kunnioittaen.<\/p>\n\n\n\n<p><strong>Tulokselliset tavoitteet:<\/strong><\/p>\n\n\n\n<ol class=\"wp-block-list\">\n<li>Toiminnalliset tulokset &#8211; Esteett\u00f6myyden parantaminen Kulkuv\u00e4yl\u00e4t ja pys\u00e4k\u00f6intialueet ovat esteett\u00f6mi\u00e4 ja helposti saavutettavia. Kevyen liikenteen v\u00e4yl\u00e4t ovat selke\u00e4t ja turvalliset. &#8211; Pys\u00e4k\u00f6innin ja liikenteen sujuvuus Autopaikkojen m\u00e4\u00e4r\u00e4 kasvaa 30 paikkaan (lis\u00e4ys 8 paikkaa). Polkupy\u00f6r\u00e4paikkojen m\u00e4\u00e4r\u00e4 nousee 45 paikkaan, mik\u00e4 tukee kest\u00e4v\u00e4\u00e4 liikkumista. S\u00e4hk\u00f6autojen latauspisteet rakennetaan sek\u00e4 yl\u00e4- ett\u00e4 alaparkkialueelle. Polkupy\u00f6r\u00e4varasto rakennetaan, sis\u00e4lt\u00e4en s\u00e4hk\u00f6py\u00f6rien latauspisteet. &#8211; J\u00e4tteenhuollon ja yll\u00e4pidon tehostaminen J\u00e4tteenker\u00e4yspiste uusitaan, jolloin j\u00e4tteiden lajittelu helpottuu. Lumenhallinta tehostuu uusien raja-aitojen ansiosta, mik\u00e4 est\u00e4\u00e4 lumen siirtymisen naapurin tontille.<\/li>\n\n\n\n<li>\u00a0Ymp\u00e4rist\u00f6lliset ja ekologiset tulokset &#8211; P\u00f6lytt\u00e4j\u00e4yst\u00e4v\u00e4llisen ymp\u00e4rist\u00f6n kehitt\u00e4minen Istutuksissa suositaan p\u00f6lytt\u00e4j\u00e4yst\u00e4v\u00e4llisi\u00e4 kasveja. Pihalle lis\u00e4t\u00e4\u00e4n mehil\u00e4iskoteja, jotka tukevat luonnon monimuotoisuutta. &#8211; Hulevesien hallinnan parantaminen Vett\u00e4 imeytt\u00e4v\u00e4t pinnat ja luonnonmukaiset viheralueet v\u00e4hent\u00e4v\u00e4t pintavaluntaa. &#8211; Energiatehokkuuden parantaminen Vanhat pihavalaisimet uusitaan energiatehokkaisiin malleihin. Digitaalinen ilmoitustaulu v\u00e4hent\u00e4\u00e4 fyysisten ilmoitusten tarvetta.<\/li>\n\n\n\n<li>Viihtyisyyden ja yhteis\u00f6llisyyden tulokset &#8211; K\u00e4ytett\u00e4vyyden ja oleskelumahdollisuuksien parantaminen Kahvilalle rakennetaan terassi, joka lis\u00e4\u00e4 viihtyisyytt\u00e4 ja seurustelumahdollisuuksia. Kirkon p\u00e4\u00e4ovien viereen rakennetaan penkkimuuri, joka luo oleskelutilaa. Kirkon taakse rakennetaan polku ja portaat, parantaen alueen saavutettavuutta. &#8211; Turvallisuuden lis\u00e4\u00e4minen Kameravalvontaa tehostetaan, mik\u00e4 parantaa alueen turvallisuutta. Pihavalaistus uusitaan, mik\u00e4 parantaa n\u00e4kyvyytt\u00e4 ja lis\u00e4\u00e4 turvallisuutta iltaisin.<\/li>\n\n\n\n<li>Seurakunnan toiminnan tukeminen &#8211; Paremmat puitteet tapahtumille ja kokoontumisille Piha-alue tukee seurakunnan kokoontumisia ja ulkotapahtumia. Uudet oleskelualueet mahdollistavat monipuolisemman k\u00e4yt\u00f6n. &#8211; Ymp\u00e4rist\u00f6n arvon ja kulttuurihistoriallisen ilmeen s\u00e4ilytt\u00e4minen Seurakuntatalon graniittiset p\u00e4\u00e4portaat kunnostetaan, s\u00e4ilytt\u00e4en niiden arvokkuuden. -Kokonaisuudessaan hanke tuottaa selkeit\u00e4, mitattavia hy\u00f6tyj\u00e4, kuten lis\u00e4\u00e4ntynytt\u00e4 ekologisuutta, parempaa saavutettavuutta ja turvallisuutta sek\u00e4 viihtyis\u00e4mpi\u00e4 tiloja seurakuntalaisille ja alueen asukkaille.<\/li>\n<\/ol>\n\n\n\n<p><strong>Tilaaja:<\/strong>&nbsp;Tampereen ev.lut seurakuntayhtym\u00e4<\/p>\n\n\n\n<p><strong>Suunnittelu:<\/strong>&nbsp;P\u00e4\u00e4suunnittelu: Svetlana Fedorova Ins. tsto Vevira; Pihasuunnittelu ja hulevesien hallinta . Ins tsto Vevira Oy; Rakennesuunnittelu IdeaStructura Oy ; LVI-suunnittelu: Oy PQR Consult Mikko Ilvesm\u00e4ki AB; S\u00e4hk\u00f6suunnittelu:<\/p>\n\n\n\n<p><strong>Rakentajat:<\/strong> Hervannan Kaivin Oy<\/p>\n\n\n\n<p><strong>Valvojat:<\/strong>&nbsp;Tampereen ev.lut seurakuntayhtym\u00e4<\/p>\n\n\n\n<p><strong>Kunnossapit\u00e4j\u00e4t: <\/strong>Tampereen ev.lut seurakuntayhtym\u00e4<\/p>\n\n\n\n<p><strong>Lis\u00e4tiedot:<\/strong>\u00a0<br>Svetlana Fedorova<br>Puhelinnumero +358505978725<br>S\u00e4hk\u00f6posti: svetlana.fedorova@vevira.fi<\/p>\n\n\n\n<figure class=\"wp-block-gallery has-nested-images columns-default is-cropped wp-block-gallery-1 is-layout-flex wp-block-gallery-is-layout-flex\">\n<figure class=\"wp-block-image size-large\"><img loading=\"lazy\" decoding=\"async\" width=\"768\" height=\"1024\" data-id=\"624\" src=\"https:\/\/www.vyl.fi\/kesy\/wp-content\/uploads\/sites\/4\/2025\/09\/Pispalan-kirkko-2-768x1024.jpg\" alt=\"\" class=\"wp-image-624\" srcset=\"https:\/\/www.vyl.fi\/kesy\/wp-content\/uploads\/sites\/4\/2025\/09\/Pispalan-kirkko-2-768x1024.jpg 768w, https:\/\/www.vyl.fi\/kesy\/wp-content\/uploads\/sites\/4\/2025\/09\/Pispalan-kirkko-2-225x300.jpg 225w, https:\/\/www.vyl.fi\/kesy\/wp-content\/uploads\/sites\/4\/2025\/09\/Pispalan-kirkko-2-1152x1536.jpg 1152w, https:\/\/www.vyl.fi\/kesy\/wp-content\/uploads\/sites\/4\/2025\/09\/Pispalan-kirkko-2-1536x2048.jpg 1536w, https:\/\/www.vyl.fi\/kesy\/wp-content\/uploads\/sites\/4\/2025\/09\/Pispalan-kirkko-2-scaled.jpg 1920w\" sizes=\"(max-width: 768px) 100vw, 768px\" \/><\/figure>\n\n\n\n<figure class=\"wp-block-image size-large\"><img loading=\"lazy\" decoding=\"async\" width=\"1024\" height=\"768\" data-id=\"625\" src=\"https:\/\/www.vyl.fi\/kesy\/wp-content\/uploads\/sites\/4\/2025\/09\/Pispalan-kirkko-1024x768.jpg\" alt=\"\" class=\"wp-image-625\" srcset=\"https:\/\/www.vyl.fi\/kesy\/wp-content\/uploads\/sites\/4\/2025\/09\/Pispalan-kirkko-1024x768.jpg 1024w, https:\/\/www.vyl.fi\/kesy\/wp-content\/uploads\/sites\/4\/2025\/09\/Pispalan-kirkko-300x225.jpg 300w, https:\/\/www.vyl.fi\/kesy\/wp-content\/uploads\/sites\/4\/2025\/09\/Pispalan-kirkko-768x576.jpg 768w, https:\/\/www.vyl.fi\/kesy\/wp-content\/uploads\/sites\/4\/2025\/09\/Pispalan-kirkko-1536x1152.jpg 1536w, https:\/\/www.vyl.fi\/kesy\/wp-content\/uploads\/sites\/4\/2025\/09\/Pispalan-kirkko-2048x1536.jpg 2048w\" sizes=\"(max-width: 1024px) 100vw, 1024px\" \/><\/figure>\n\n\n\n<figure class=\"wp-block-image size-large\"><img loading=\"lazy\" decoding=\"async\" width=\"642\" height=\"537\" data-id=\"623\" src=\"https:\/\/www.vyl.fi\/kesy\/wp-content\/uploads\/sites\/4\/2025\/09\/Pispalan-kirkon-saneerauskaava.png\" alt=\"\" class=\"wp-image-623\" srcset=\"https:\/\/www.vyl.fi\/kesy\/wp-content\/uploads\/sites\/4\/2025\/09\/Pispalan-kirkon-saneerauskaava.png 642w, https:\/\/www.vyl.fi\/kesy\/wp-content\/uploads\/sites\/4\/2025\/09\/Pispalan-kirkon-saneerauskaava-300x251.png 300w\" sizes=\"(max-width: 642px) 100vw, 642px\" \/><\/figure>\n<\/figure>\n\n\n\n<figure class=\"wp-block-gallery has-nested-images columns-default is-cropped wp-block-gallery-2 is-layout-flex wp-block-gallery-is-layout-flex\">\n<figure class=\"wp-block-image size-large\"><img loading=\"lazy\" decoding=\"async\" width=\"1024\" height=\"724\" data-id=\"627\" src=\"https:\/\/www.vyl.fi\/kesy\/wp-content\/uploads\/sites\/4\/2025\/09\/Pispalan-kirkon-ja-seurakuntatalon-saneeraus-2-png-1024x724.png\" alt=\"\" class=\"wp-image-627\" srcset=\"https:\/\/www.vyl.fi\/kesy\/wp-content\/uploads\/sites\/4\/2025\/09\/Pispalan-kirkon-ja-seurakuntatalon-saneeraus-2-png-1024x724.png 1024w, https:\/\/www.vyl.fi\/kesy\/wp-content\/uploads\/sites\/4\/2025\/09\/Pispalan-kirkon-ja-seurakuntatalon-saneeraus-2-png-300x212.png 300w, https:\/\/www.vyl.fi\/kesy\/wp-content\/uploads\/sites\/4\/2025\/09\/Pispalan-kirkon-ja-seurakuntatalon-saneeraus-2-png-768x543.png 768w, https:\/\/www.vyl.fi\/kesy\/wp-content\/uploads\/sites\/4\/2025\/09\/Pispalan-kirkon-ja-seurakuntatalon-saneeraus-2-png.png 1481w\" sizes=\"(max-width: 1024px) 100vw, 1024px\" \/><\/figure>\n\n\n\n<figure class=\"wp-block-image size-large\"><img loading=\"lazy\" decoding=\"async\" width=\"1024\" height=\"724\" data-id=\"626\" src=\"https:\/\/www.vyl.fi\/kesy\/wp-content\/uploads\/sites\/4\/2025\/09\/Pispalan-kirkon-ja-seurakuntatalon-saneeraus-1024x724.png\" alt=\"\" class=\"wp-image-626\" srcset=\"https:\/\/www.vyl.fi\/kesy\/wp-content\/uploads\/sites\/4\/2025\/09\/Pispalan-kirkon-ja-seurakuntatalon-saneeraus-1024x724.png 1024w, https:\/\/www.vyl.fi\/kesy\/wp-content\/uploads\/sites\/4\/2025\/09\/Pispalan-kirkon-ja-seurakuntatalon-saneeraus-300x212.png 300w, https:\/\/www.vyl.fi\/kesy\/wp-content\/uploads\/sites\/4\/2025\/09\/Pispalan-kirkon-ja-seurakuntatalon-saneeraus-768x543.png 768w, https:\/\/www.vyl.fi\/kesy\/wp-content\/uploads\/sites\/4\/2025\/09\/Pispalan-kirkon-ja-seurakuntatalon-saneeraus.png 1481w\" sizes=\"(max-width: 1024px) 100vw, 1024px\" \/><\/figure>\n<\/figure>\n","protected":false},"excerpt":{"rendered":"<p>Hankkeen\/ kohteen yleinen kuvaus Pispalan kirkon piha-alueen peruskorjauksen yhteydess\u00e4 uusittiin istutukset ja pihapinnat, kunnostettiin sokkelit ja uusittiin raja-aidat, graniittiset portaat, j\u00e4tteenker\u00e4yspiste, terassi, penkkimuuri sek\u00e4 laajennettiin parkkialuetta. Pihavalaistus, opasteet uusittiin ja parannettiin esteett\u00f6myyden ja kevyen liikenteen v\u00e4yli\u00e4. &nbsp; Hankkeen tavoitteet: Pispalan kirkon piha-alueen peruskorjauksen laadulliset tavoitteet keskittyv\u00e4t alueen toimivuuden, ekologisuuden ja viihtyisyyden parantamiseen. Keskeiset laadulliset tavoitteet [&hellip;]<\/p>\n","protected":false},"author":7,"featured_media":0,"parent":24,"menu_order":68,"comment_status":"closed","ping_status":"closed","template":"","meta":{"_acf_changed":false,"_relevanssi_hide_post":"","_relevanssi_hide_content":"","_relevanssi_pin_for_all":"","_relevanssi_pin_keywords":"","_relevanssi_unpin_keywords":"","_relevanssi_related_keywords":"","_relevanssi_related_include_ids":"","_relevanssi_related_exclude_ids":"","_relevanssi_related_no_append":"","_relevanssi_related_not_related":"","_relevanssi_related_posts":"","_relevanssi_noindex_reason":"","footnotes":""},"class_list":["post-622","page","type-page","status-publish","hentry"],"acf":[],"_links":{"self":[{"href":"https:\/\/www.vyl.fi\/kesy\/wp-json\/wp\/v2\/pages\/622","targetHints":{"allow":["GET"]}}],"collection":[{"href":"https:\/\/www.vyl.fi\/kesy\/wp-json\/wp\/v2\/pages"}],"about":[{"href":"https:\/\/www.vyl.fi\/kesy\/wp-json\/wp\/v2\/types\/page"}],"author":[{"embeddable":true,"href":"https:\/\/www.vyl.fi\/kesy\/wp-json\/wp\/v2\/users\/7"}],"replies":[{"embeddable":true,"href":"https:\/\/www.vyl.fi\/kesy\/wp-json\/wp\/v2\/comments?post=622"}],"version-history":[{"count":1,"href":"https:\/\/www.vyl.fi\/kesy\/wp-json\/wp\/v2\/pages\/622\/revisions"}],"predecessor-version":[{"id":628,"href":"https:\/\/www.vyl.fi\/kesy\/wp-json\/wp\/v2\/pages\/622\/revisions\/628"}],"up":[{"embeddable":true,"href":"https:\/\/www.vyl.fi\/kesy\/wp-json\/wp\/v2\/pages\/24"}],"wp:attachment":[{"href":"https:\/\/www.vyl.fi\/kesy\/wp-json\/wp\/v2\/media?parent=622"}],"curies":[{"name":"wp","href":"https:\/\/api.w.org\/{rel}","templated":true}]}}