{"id":645,"date":"2026-03-03T09:49:28","date_gmt":"2026-03-03T07:49:28","guid":{"rendered":"https:\/\/www.vyl.fi\/kesy\/?page_id=645"},"modified":"2026-03-03T11:49:02","modified_gmt":"2026-03-03T09:49:02","slug":"leikkipuisto-vahatuvan-perusparantaminen","status":"publish","type":"page","link":"https:\/\/www.vyl.fi\/kesy\/kesy-hankkeet\/leikkipuisto-vahatuvan-perusparantaminen\/","title":{"rendered":"Leikkipuisto V\u00e4h\u00e4tuvan perusparantaminen"},"content":{"rendered":"\n<p class=\"wp-block-lala-blocks-lala-ingressi\">Helsingin Konalassa sijaitsevaan leikkipuisto V\u00e4h\u00e4tupaan haluttiin tehd\u00e4 perusparannus, jonka l\u00e4ht\u00f6kohdiksi otettiin olemassa olevien leikkiv\u00e4lineiden ja kalusteiden kunnostaminen.<\/p>\n\n\n\n<p>Helsinki, Konala<br>Pinta-ala: 35 000 m2<\/p>\n\n\n\n<p>Leikkipuisto V\u00e4h\u00e4tupa on perustettu alun perin 1970-luvun lopulla. Edelt\u00e4nyt perusparannus on tehty kohteeseen viimeksi 2000-luvun alkupuolella. Leikkipaikka oli j\u00e4lleen perusparannuksen tarpeessa.<\/p>\n\n\n\n<p>Leikkipaikan lis\u00e4ksi kunnostettiin ymp\u00e4r\u00f6iv\u00e4n Konalanpuiston viheralueita, pelikentt\u00e4, puistok\u00e4yt\u00e4vi\u00e4, valaistusta sek\u00e4 kuivatusta. Perusparannuksessa huonokuntoisimmat ja korjaukseen kelpaamattomat v\u00e4lineet poistettiin. Leikkipuistossa oli entuudestaan liian v\u00e4h\u00e4n leikkiv\u00e4lineit\u00e4 suhteessa leikkipuiston k\u00e4vij\u00e4m\u00e4\u00e4r\u00e4\u00e4n ja tilaan. My\u00f6s uusia leikkiv\u00e4lineit\u00e4 hankittiin vastaamaan paremmin nykyp\u00e4iv\u00e4n tarpeita. Suunnittelun tueksi tehtiin p\u00e4\u00e4st\u00f6laskenta, joka ohjasi rakennusmateriaalien valintaa.<\/p>\n\n\n\n<h2 class=\"wp-block-heading\">HANKKEEN TAVOITTEET<\/h2>\n\n\n\n<ul class=\"wp-block-list\">\n<li>P\u00e4\u00e4st\u00f6t\u00f6n ty\u00f6maa<\/li>\n\n\n\n<li>Olemassa olevien leikkiv\u00e4lineiden ja kalusteiden ennallistaminen kokonaan uusien v\u00e4linehankintojen sijaan<\/li>\n<\/ul>\n\n\n\n<h2 class=\"wp-block-heading\">KESY-TOIMINTA HANKKEESSA<\/h2>\n\n\n\n<p>KESY-toimintamallia on hy\u00f6dynnetty hankinta-\/tilaamisvaiheessa, valvontavaiheessa, suunnitteluvaiheessa ja rakennusvaiheessa.<\/p>\n\n\n\n<p>Hankkeessa onnistuttiin toteuttamaan suunnitelmien mukaiset KESY-ratkaisut, sek\u00e4 lis\u00e4\u00e4m\u00e4\u00e4n uusia kest\u00e4v\u00e4mpi\u00e4 ratkaisuja rakennusvaiheessa. KESY-toimintaa tehtiin muun muassa seuraavasti:<\/p>\n\n\n\n<p>\u2022 P\u00e4\u00e4st\u00f6tt\u00f6m\u00e4n ty\u00f6maan vaatimukset ty\u00f6koneiden, polttoaineiden ja s\u00e4hk\u00f6n osalta.<\/p>\n\n\n\n<p>\u2022 Olemassa olevien leikkiv\u00e4lineiden ja kalusteiden kunnostaminen.<\/p>\n\n\n\n<p>\u2022 Rakennekerrosten s\u00e4ilytt\u00e4minen laajoilla alueilla.<\/p>\n\n\n\n<p>\u2022 Istutusalueiden s\u00e4ilytt\u00e4minen ja kunnostaminen hoitoleikkauksilla sek\u00e4 t\u00e4ydennysistutuksilla.<\/p>\n\n\n\n<p>\u2022 Paikalta saatujen pintamaiden hy\u00f6dynt\u00e4minen alueella valmistetuissa ja paikalla k\u00e4ytetyiss\u00e4 kasvualustoissa.<\/p>\n\n\n\n<p>\u2022 Alueelta saatujen betoni- ja luonnonkivien hy\u00f6tyk\u00e4ytt\u00f6 puiston rakentamisessa.<\/p>\n\n\n\n<p>\u2022 Kaadettujen puiden runkojen s\u00e4ilytt\u00e4minen alueella, ja oksien haketus puistossa.<\/p>\n\n\n\n<p>\u2022 Puiston asfaltti- ja kivituhkapinta-alaa v\u00e4hennettiin<\/p>\n\n\n\n<p>\u2022 Perustettiin kukkivia niittyj\u00e4 ja istutettiin kukkivia puita<\/p>\n\n\n\n<p>\u2022 Tehtiin vieraslajien torjuntasuunnitelma<\/p>\n\n\n\n<p>\u2022 Nykyist\u00e4 kasvillisuutta ja puustoa vaalittiin hoitamalla. Persoonalliset puuyksil\u00f6t ja hieman r\u00e4nsistynyt kasvillisuus hy\u00f6dynnettiin leikkialueen seikkailumets\u00e4n\u00e4.<\/p>\n\n\n\n<p>\u2022 Kaadettuja puunrunkoja j\u00e4tettiin lahopuuksi sek\u00e4 lasten leikkeihin.<\/p>\n\n\n\n<p>\u2022 Rakenteiden tielle tulleet maakivet upotettiin maahan, siirrettiin mets\u00e4\u00e4n ja parhaimman muotoiset hy\u00f6dynnettiin hyppy- ja istuskelukivin\u00e4.<\/p>\n\n\n\n<p>\u2022 Risut ja puuaines haketettiin ja k\u00e4ytettiin kuorikatteena puistoalueella.<\/p>\n\n\n\n<p>\u2022 Nykyisi\u00e4 kalusteita ja leikkiv\u00e4lineit\u00e4 kunnostettiin ja uudet varusteet valittiin kest\u00e4vyysn\u00e4k\u00f6kulma huomioiden.<\/p>\n\n\n\n<p>\u2022 Pintamateriaaleja kierr\u00e4tettiin.<\/p>\n\n\n\n<p>\u2022 Uudet toiminnot suunniteltiin niin, ett\u00e4 pohjarakenteita voitiin s\u00e4\u00e4st\u00e4\u00e4. My\u00f6s nykyist\u00e4 metalliaitaa s\u00e4\u00e4stettiin ja toiminnot sovitettiin siihen sopiviksi.<\/p>\n\n\n\n<p>\u2022 Hiilijalanj\u00e4lkilaskentaa tehtiin materiaalivalintojen tueksi.<\/p>\n\n\n\n<p>\u2022 Rakentamisessa k\u00e4ytettiin paikalla tehtyj\u00e4 kasvualustoja niin hyvin, ett\u00e4 suunniteltuja kierr\u00e4tettyj\u00e4 kasvualustoja ei tarvittu. Niittyjen kasvualustan reseptiss\u00e4 k\u00e4ytettiin paikalta kuorittua kivituhkaa ja leikkihiekkaa. Osassa kasvualustoja kokeiltiin lis\u00e4n\u00e4 biohiilt\u00e4.<\/p>\n\n\n\n<p>Kierr\u00e4tyksest\u00e4:<\/p>\n\n\n\n<ul class=\"wp-block-list\">\n<li>Vanhoja betonikivi\u00e4 k\u00e4ytettiin uudelleen kiveysten tekemiseen. Lis\u00e4ksi osa kivist\u00e4 meni naapuruston k\u00e4ytt\u00f6\u00f6n. T\u00e4ll\u00e4 saatiin minimoitua betonij\u00e4tteen m\u00e4\u00e4r\u00e4.<\/li>\n\n\n\n<li>Vanhoja betonireunakivi\u00e4 k\u00e4ytettiin mm. maastoon tulleiden el\u00e4in hahmojen kiinnitysalustana tms.<\/li>\n\n\n\n<li>Osa poistettavista leikkiv\u00e4lineist\u00e4 meni k\u00e4ytt\u00f6\u00f6n kotipihaan.<\/li>\n<\/ul>\n\n\n\n<p><strong>Suunnittelu- ja toteutusaikataulu:<\/strong> PS ja RS suunnittelu 5\/2021-11\/2022 ja sen j\u00e4lkeen ty\u00f6maa-aikainen suunnittelu. Toteutus 5-11\/2023. Takuuaika 2 vuotta. Takuuajan hoito sis\u00e4ltyi urakkaan (2024-2025).<\/p>\n\n\n\n<p><strong>Tilaaja:<\/strong> Helsingin kaupunki, KYMP<\/p>\n\n\n\n<p><strong>Suunnittelu:<\/strong> WSP Finland Oy<\/p>\n\n\n\n<p><strong>Valvojat:<\/strong> Ramboll CM Oy<\/p>\n\n\n\n<p><strong>Rakentajat:<\/strong> Tieluiska Oy<\/p>\n\n\n\n<p><strong>Kunnossapit\u00e4j\u00e4t:<\/strong> Tieluiska Oy (takuun ajan)<\/p>\n\n\n\n<p><strong>Lis\u00e4tiedot:<\/strong> Heidi J\u00e4rkk\u00e4, Ramboll CM Oy puh. 040-4872681 <a href=\"mailto:heidi.jarkka@ramboll.fi\">heidi.jarkka@ramboll.fi<\/a><\/p>\n\n\n\n<figure class=\"wp-block-gallery has-nested-images columns-default is-cropped wp-block-gallery-1 is-layout-flex wp-block-gallery-is-layout-flex\">\n<figure class=\"wp-block-image size-large\"><img loading=\"lazy\" decoding=\"async\" width=\"1024\" height=\"576\" data-id=\"646\" src=\"https:\/\/www.vyl.fi\/kesy\/wp-content\/uploads\/sites\/4\/2026\/03\/Vahatuvan-perusparannus-2-1024x576.jpg\" alt=\"\" class=\"wp-image-646\" srcset=\"https:\/\/www.vyl.fi\/kesy\/wp-content\/uploads\/sites\/4\/2026\/03\/Vahatuvan-perusparannus-2-1024x576.jpg 1024w, https:\/\/www.vyl.fi\/kesy\/wp-content\/uploads\/sites\/4\/2026\/03\/Vahatuvan-perusparannus-2-300x169.jpg 300w, https:\/\/www.vyl.fi\/kesy\/wp-content\/uploads\/sites\/4\/2026\/03\/Vahatuvan-perusparannus-2-768x432.jpg 768w, https:\/\/www.vyl.fi\/kesy\/wp-content\/uploads\/sites\/4\/2026\/03\/Vahatuvan-perusparannus-2-1536x864.jpg 1536w, https:\/\/www.vyl.fi\/kesy\/wp-content\/uploads\/sites\/4\/2026\/03\/Vahatuvan-perusparannus-2.jpg 1640w\" sizes=\"(max-width: 1024px) 100vw, 1024px\" \/><\/figure>\n\n\n\n<figure class=\"wp-block-image size-large\"><img loading=\"lazy\" decoding=\"async\" width=\"1024\" height=\"576\" data-id=\"648\" src=\"https:\/\/www.vyl.fi\/kesy\/wp-content\/uploads\/sites\/4\/2026\/03\/Vahatuvan-perusparannus-3-1024x576.jpg\" alt=\"\" class=\"wp-image-648\" srcset=\"https:\/\/www.vyl.fi\/kesy\/wp-content\/uploads\/sites\/4\/2026\/03\/Vahatuvan-perusparannus-3-1024x576.jpg 1024w, https:\/\/www.vyl.fi\/kesy\/wp-content\/uploads\/sites\/4\/2026\/03\/Vahatuvan-perusparannus-3-300x169.jpg 300w, https:\/\/www.vyl.fi\/kesy\/wp-content\/uploads\/sites\/4\/2026\/03\/Vahatuvan-perusparannus-3-768x432.jpg 768w, https:\/\/www.vyl.fi\/kesy\/wp-content\/uploads\/sites\/4\/2026\/03\/Vahatuvan-perusparannus-3-1536x864.jpg 1536w, https:\/\/www.vyl.fi\/kesy\/wp-content\/uploads\/sites\/4\/2026\/03\/Vahatuvan-perusparannus-3.jpg 1639w\" sizes=\"(max-width: 1024px) 100vw, 1024px\" \/><\/figure>\n\n\n\n<figure class=\"wp-block-image size-large\"><img loading=\"lazy\" decoding=\"async\" width=\"1024\" height=\"576\" data-id=\"649\" src=\"https:\/\/www.vyl.fi\/kesy\/wp-content\/uploads\/sites\/4\/2026\/03\/Vahatuvan-perusparannus-4-1024x576.jpg\" alt=\"\" class=\"wp-image-649\" srcset=\"https:\/\/www.vyl.fi\/kesy\/wp-content\/uploads\/sites\/4\/2026\/03\/Vahatuvan-perusparannus-4-1024x576.jpg 1024w, https:\/\/www.vyl.fi\/kesy\/wp-content\/uploads\/sites\/4\/2026\/03\/Vahatuvan-perusparannus-4-300x169.jpg 300w, https:\/\/www.vyl.fi\/kesy\/wp-content\/uploads\/sites\/4\/2026\/03\/Vahatuvan-perusparannus-4-768x432.jpg 768w, https:\/\/www.vyl.fi\/kesy\/wp-content\/uploads\/sites\/4\/2026\/03\/Vahatuvan-perusparannus-4-1536x864.jpg 1536w, https:\/\/www.vyl.fi\/kesy\/wp-content\/uploads\/sites\/4\/2026\/03\/Vahatuvan-perusparannus-4.jpg 1639w\" sizes=\"(max-width: 1024px) 100vw, 1024px\" \/><\/figure>\n<\/figure>\n\n\n\n<figure class=\"wp-block-gallery has-nested-images columns-default is-cropped wp-block-gallery-2 is-layout-flex wp-block-gallery-is-layout-flex\">\n<figure class=\"wp-block-image size-large\"><img loading=\"lazy\" decoding=\"async\" width=\"1024\" height=\"768\" data-id=\"653\" src=\"https:\/\/www.vyl.fi\/kesy\/wp-content\/uploads\/sites\/4\/2026\/03\/20240516_080544-1024x768.jpg\" alt=\"\" class=\"wp-image-653\" srcset=\"https:\/\/www.vyl.fi\/kesy\/wp-content\/uploads\/sites\/4\/2026\/03\/20240516_080544-1024x768.jpg 1024w, https:\/\/www.vyl.fi\/kesy\/wp-content\/uploads\/sites\/4\/2026\/03\/20240516_080544-300x225.jpg 300w, https:\/\/www.vyl.fi\/kesy\/wp-content\/uploads\/sites\/4\/2026\/03\/20240516_080544-768x576.jpg 768w, https:\/\/www.vyl.fi\/kesy\/wp-content\/uploads\/sites\/4\/2026\/03\/20240516_080544-1536x1152.jpg 1536w, https:\/\/www.vyl.fi\/kesy\/wp-content\/uploads\/sites\/4\/2026\/03\/20240516_080544-2048x1536.jpg 2048w\" sizes=\"(max-width: 1024px) 100vw, 1024px\" \/><\/figure>\n\n\n\n<figure class=\"wp-block-image size-large\"><img loading=\"lazy\" decoding=\"async\" width=\"1024\" height=\"768\" data-id=\"652\" src=\"https:\/\/www.vyl.fi\/kesy\/wp-content\/uploads\/sites\/4\/2026\/03\/20240516_082536-1024x768.jpg\" alt=\"\" class=\"wp-image-652\" srcset=\"https:\/\/www.vyl.fi\/kesy\/wp-content\/uploads\/sites\/4\/2026\/03\/20240516_082536-1024x768.jpg 1024w, https:\/\/www.vyl.fi\/kesy\/wp-content\/uploads\/sites\/4\/2026\/03\/20240516_082536-300x225.jpg 300w, https:\/\/www.vyl.fi\/kesy\/wp-content\/uploads\/sites\/4\/2026\/03\/20240516_082536-768x576.jpg 768w, https:\/\/www.vyl.fi\/kesy\/wp-content\/uploads\/sites\/4\/2026\/03\/20240516_082536-1536x1152.jpg 1536w, https:\/\/www.vyl.fi\/kesy\/wp-content\/uploads\/sites\/4\/2026\/03\/20240516_082536-2048x1536.jpg 2048w\" sizes=\"(max-width: 1024px) 100vw, 1024px\" \/><\/figure>\n<\/figure>\n\n\n\n<p><\/p>\n","protected":false},"excerpt":{"rendered":"<p>Helsinki, KonalaPinta-ala: 35 000 m2 Leikkipuisto V\u00e4h\u00e4tupa on perustettu alun perin 1970-luvun lopulla. Edelt\u00e4nyt perusparannus on tehty kohteeseen viimeksi 2000-luvun alkupuolella. Leikkipaikka oli j\u00e4lleen perusparannuksen tarpeessa. Leikkipaikan lis\u00e4ksi kunnostettiin ymp\u00e4r\u00f6iv\u00e4n Konalanpuiston viheralueita, pelikentt\u00e4, puistok\u00e4yt\u00e4vi\u00e4, valaistusta sek\u00e4 kuivatusta. Perusparannuksessa huonokuntoisimmat ja korjaukseen kelpaamattomat v\u00e4lineet poistettiin. Leikkipuistossa oli entuudestaan liian v\u00e4h\u00e4n leikkiv\u00e4lineit\u00e4 suhteessa leikkipuiston k\u00e4vij\u00e4m\u00e4\u00e4r\u00e4\u00e4n ja tilaan. [&hellip;]<\/p>\n","protected":false},"author":7,"featured_media":0,"parent":24,"menu_order":53,"comment_status":"closed","ping_status":"closed","template":"","meta":{"_acf_changed":false,"_relevanssi_hide_post":"","_relevanssi_hide_content":"","_relevanssi_pin_for_all":"","_relevanssi_pin_keywords":"","_relevanssi_unpin_keywords":"","_relevanssi_related_keywords":"","_relevanssi_related_include_ids":"","_relevanssi_related_exclude_ids":"","_relevanssi_related_no_append":"","_relevanssi_related_not_related":"","_relevanssi_related_posts":"","_relevanssi_noindex_reason":"","footnotes":""},"class_list":["post-645","page","type-page","status-publish","hentry"],"acf":[],"_links":{"self":[{"href":"https:\/\/www.vyl.fi\/kesy\/wp-json\/wp\/v2\/pages\/645","targetHints":{"allow":["GET"]}}],"collection":[{"href":"https:\/\/www.vyl.fi\/kesy\/wp-json\/wp\/v2\/pages"}],"about":[{"href":"https:\/\/www.vyl.fi\/kesy\/wp-json\/wp\/v2\/types\/page"}],"author":[{"embeddable":true,"href":"https:\/\/www.vyl.fi\/kesy\/wp-json\/wp\/v2\/users\/7"}],"replies":[{"embeddable":true,"href":"https:\/\/www.vyl.fi\/kesy\/wp-json\/wp\/v2\/comments?post=645"}],"version-history":[{"count":2,"href":"https:\/\/www.vyl.fi\/kesy\/wp-json\/wp\/v2\/pages\/645\/revisions"}],"predecessor-version":[{"id":654,"href":"https:\/\/www.vyl.fi\/kesy\/wp-json\/wp\/v2\/pages\/645\/revisions\/654"}],"up":[{"embeddable":true,"href":"https:\/\/www.vyl.fi\/kesy\/wp-json\/wp\/v2\/pages\/24"}],"wp:attachment":[{"href":"https:\/\/www.vyl.fi\/kesy\/wp-json\/wp\/v2\/media?parent=645"}],"curies":[{"name":"wp","href":"https:\/\/api.w.org\/{rel}","templated":true}]}}