{"id":89,"date":"2024-10-16T13:16:11","date_gmt":"2024-10-16T10:16:11","guid":{"rendered":"https:\/\/u79114.www2.webdomain.fi\/kesy\/?page_id=89"},"modified":"2024-10-22T17:43:02","modified_gmt":"2024-10-22T14:43:02","slug":"maapera-ja-kasvillisuus","status":"publish","type":"page","link":"https:\/\/www.vyl.fi\/kesy\/teemat\/maapera-ja-kasvillisuus\/","title":{"rendered":"Maaper\u00e4 ja kasvillisuus"},"content":{"rendered":"\n<p class=\"wp-block-lala-blocks-lala-ingressi\">Maaper\u00e4\u00e4n ja kasvillisuuteen liittyv\u00e4t toimintaperiaatteet ja toimenpiteet edist\u00e4v\u00e4t terveen maaper\u00e4n ja kasvillisuuden s\u00e4ilytt\u00e4mist\u00e4, maaper\u00e4n kunnostusta ja hoitoa.<\/p>\n\n\n\n<p>Maaper\u00e4\u00e4n liittyv\u00e4t toimenpiteet ohjaavat arvokkaan ja alkuper\u00e4isen kasvillisuuden suojelemiseen, kasvupaikkaan soveltuvan kasvillisuuden k\u00e4ytt\u00f6\u00f6n ja vieraslajien hallintaan. Toimintaperiaatteet ohjaavat my\u00f6s kaupunkien l\u00e4mp\u00f6saarekkeiden (kaupunkisaarekeilmi\u00f6) vaikutusten lievent\u00e4misess\u00e4 ja rakennusten energiank\u00e4yt\u00f6n v\u00e4hent\u00e4misess\u00e4 kasvillisuuden keinoin. Lis\u00e4ksi niiden avulla edistet\u00e4\u00e4n kasvillisuuden lis\u00e4\u00e4mist\u00e4.<\/p>\n\n\n\n<p>Paikan l\u00e4ht\u00f6kohtiin liittyv\u00e4t toimintaperiaatteet nostavat esiin olemassa olevien olosuhteiden kartoittamisen merkityksen ja suunnitteluratkaisut sek\u00e4 rakentamisen ja kunnossapidon niiden pohjalta. Haittojen ja h\u00e4iri\u00f6tekij\u00f6iden v\u00e4hent\u00e4minen edellytt\u00e4v\u00e4t uusien tavoitteiden asettamista, my\u00f6s rakentamisen ja kunnossapidon aikana. Keskeisi\u00e4 toimia ovat rakennusty\u00f6maan suunnittelu ja suojausten huolehtiminen sek\u00e4 kunnossapitosuunnitelmien kehitt\u00e4minen kest\u00e4v\u00e4n kehityksen mukaisiksi. Toimenpiteiden tavoitteena on mm. luonnonmukaiset ratkaisut ja luonnon elinymp\u00e4rist\u00f6jen lis\u00e4\u00e4minen.<\/p>\n\n\n\n<h2 class=\"wp-block-heading\">Katso video: Maaper\u00e4- ja kasvillisuusolosuhteiden vaaliminen<\/h2>\n\n\n\n<figure class=\"wp-block-embed is-type-video is-provider-youtube wp-block-embed-youtube wp-embed-aspect-16-9 wp-has-aspect-ratio\"><div class=\"wp-block-embed__wrapper\">\n<iframe loading=\"lazy\" title=\"KESY toimintamalli. Teema 2: Maaper\u00e4- ja kasvillisuusolosuhteiden vaaliminen\" width=\"800\" height=\"450\" src=\"https:\/\/www.youtube.com\/embed\/cylm98X66aQ?feature=oembed\" frameborder=\"0\" allow=\"accelerometer; autoplay; clipboard-write; encrypted-media; gyroscope; picture-in-picture; web-share\" referrerpolicy=\"strict-origin-when-cross-origin\" allowfullscreen><\/iframe>\n<\/div><\/figure>\n","protected":false},"excerpt":{"rendered":"<p>Maaper\u00e4\u00e4n liittyv\u00e4t toimenpiteet ohjaavat arvokkaan ja alkuper\u00e4isen kasvillisuuden suojelemiseen, kasvupaikkaan soveltuvan kasvillisuuden k\u00e4ytt\u00f6\u00f6n ja vieraslajien hallintaan. Toimintaperiaatteet ohjaavat my\u00f6s kaupunkien l\u00e4mp\u00f6saarekkeiden (kaupunkisaarekeilmi\u00f6) vaikutusten lievent\u00e4misess\u00e4 ja rakennusten energiank\u00e4yt\u00f6n v\u00e4hent\u00e4misess\u00e4 kasvillisuuden keinoin. Lis\u00e4ksi niiden avulla edistet\u00e4\u00e4n kasvillisuuden lis\u00e4\u00e4mist\u00e4. Paikan l\u00e4ht\u00f6kohtiin liittyv\u00e4t toimintaperiaatteet nostavat esiin olemassa olevien olosuhteiden kartoittamisen merkityksen ja suunnitteluratkaisut sek\u00e4 rakentamisen ja kunnossapidon niiden pohjalta. [&hellip;]<\/p>\n","protected":false},"author":7,"featured_media":0,"parent":17,"menu_order":20,"comment_status":"closed","ping_status":"closed","template":"","meta":{"_acf_changed":false,"_relevanssi_hide_post":"","_relevanssi_hide_content":"","_relevanssi_pin_for_all":"","_relevanssi_pin_keywords":"","_relevanssi_unpin_keywords":"","_relevanssi_related_keywords":"","_relevanssi_related_include_ids":"","_relevanssi_related_exclude_ids":"","_relevanssi_related_no_append":"","_relevanssi_related_not_related":"","_relevanssi_related_posts":"1","_relevanssi_noindex_reason":"","footnotes":""},"class_list":["post-89","page","type-page","status-publish","hentry"],"acf":[],"_links":{"self":[{"href":"https:\/\/www.vyl.fi\/kesy\/wp-json\/wp\/v2\/pages\/89","targetHints":{"allow":["GET"]}}],"collection":[{"href":"https:\/\/www.vyl.fi\/kesy\/wp-json\/wp\/v2\/pages"}],"about":[{"href":"https:\/\/www.vyl.fi\/kesy\/wp-json\/wp\/v2\/types\/page"}],"author":[{"embeddable":true,"href":"https:\/\/www.vyl.fi\/kesy\/wp-json\/wp\/v2\/users\/7"}],"replies":[{"embeddable":true,"href":"https:\/\/www.vyl.fi\/kesy\/wp-json\/wp\/v2\/comments?post=89"}],"version-history":[{"count":3,"href":"https:\/\/www.vyl.fi\/kesy\/wp-json\/wp\/v2\/pages\/89\/revisions"}],"predecessor-version":[{"id":459,"href":"https:\/\/www.vyl.fi\/kesy\/wp-json\/wp\/v2\/pages\/89\/revisions\/459"}],"up":[{"embeddable":true,"href":"https:\/\/www.vyl.fi\/kesy\/wp-json\/wp\/v2\/pages\/17"}],"wp:attachment":[{"href":"https:\/\/www.vyl.fi\/kesy\/wp-json\/wp\/v2\/media?parent=89"}],"curies":[{"name":"wp","href":"https:\/\/api.w.org\/{rel}","templated":true}]}}