{"id":93,"date":"2024-10-16T13:17:13","date_gmt":"2024-10-16T10:17:13","guid":{"rendered":"https:\/\/u79114.www2.webdomain.fi\/kesy\/?page_id=93"},"modified":"2024-10-22T17:45:13","modified_gmt":"2024-10-22T14:45:13","slug":"energiansaasto-ilmanlaatu-ymparistonsuojelu","status":"publish","type":"page","link":"https:\/\/www.vyl.fi\/kesy\/teemat\/energiansaasto-ilmanlaatu-ymparistonsuojelu\/","title":{"rendered":"Energians\u00e4\u00e4st\u00f6, ilmanlaatu, ymp\u00e4rist\u00f6nsuojelu"},"content":{"rendered":"\n<p>Energias\u00e4\u00e4st\u00f6n, ilmanlaadun ja ymp\u00e4rist\u00f6suojelun edist\u00e4miseen liittyv\u00e4t toimintaperiaatteet ja toimenpiteet keskittyv\u00e4t erilaisten p\u00e4\u00e4st\u00f6jen v\u00e4hent\u00e4miseen. Tavoitteena on v\u00e4hent\u00e4\u00e4 kasvihuonep\u00e4\u00e4st\u00f6j\u00e4, elinymp\u00e4rist\u00f6jen tuhoutumista ja negatiivisia vaikutuksia ihmisten ja eli\u00f6iden terveyteen.<\/p>\n\n\n\n<p>Toimintaperiaatteet liittyv\u00e4t erityisesti toiminnan tehostamiseen, vaihtoehtoisten energiatuotantomuotojen k\u00e4ytt\u00f6\u00f6nottamiseen ja nykyist\u00e4 ymp\u00e4rist\u00f6yst\u00e4v\u00e4llisempien k\u00e4yt\u00e4nt\u00f6jen omaksumiseen.&nbsp;<\/p>\n\n\n\n<h2 class=\"wp-block-heading\">Katso video: Energians\u00e4\u00e4st\u00f6n, ilmanlaadun ja ymp\u00e4rist\u00f6nsuojelun edist\u00e4minen<\/h2>\n\n\n\n<figure class=\"wp-block-embed is-type-video is-provider-youtube wp-block-embed-youtube wp-embed-aspect-16-9 wp-has-aspect-ratio\"><div class=\"wp-block-embed__wrapper\">\n<iframe loading=\"lazy\" title=\"KESY toimintamalli. Teema 4: Energians\u00e4\u00e4st\u00f6n, ilmanlaadun ja ymp\u00e4rist\u00f6nsuojelun edist\u00e4minen\" width=\"800\" height=\"450\" src=\"https:\/\/www.youtube.com\/embed\/fK7KMY7xi8g?feature=oembed\" frameborder=\"0\" allow=\"accelerometer; autoplay; clipboard-write; encrypted-media; gyroscope; picture-in-picture; web-share\" referrerpolicy=\"strict-origin-when-cross-origin\" allowfullscreen><\/iframe>\n<\/div><\/figure>\n","protected":false},"excerpt":{"rendered":"<p>Energias\u00e4\u00e4st\u00f6n, ilmanlaadun ja ymp\u00e4rist\u00f6suojelun edist\u00e4miseen liittyv\u00e4t toimintaperiaatteet ja toimenpiteet keskittyv\u00e4t erilaisten p\u00e4\u00e4st\u00f6jen v\u00e4hent\u00e4miseen. Tavoitteena on v\u00e4hent\u00e4\u00e4 kasvihuonep\u00e4\u00e4st\u00f6j\u00e4, elinymp\u00e4rist\u00f6jen tuhoutumista ja negatiivisia vaikutuksia ihmisten ja eli\u00f6iden terveyteen. Toimintaperiaatteet liittyv\u00e4t erityisesti toiminnan tehostamiseen, vaihtoehtoisten energiatuotantomuotojen k\u00e4ytt\u00f6\u00f6nottamiseen ja nykyist\u00e4 ymp\u00e4rist\u00f6yst\u00e4v\u00e4llisempien k\u00e4yt\u00e4nt\u00f6jen omaksumiseen.&nbsp; Katso video: Energians\u00e4\u00e4st\u00f6n, ilmanlaadun ja ymp\u00e4rist\u00f6nsuojelun edist\u00e4minen<\/p>\n","protected":false},"author":7,"featured_media":0,"parent":17,"menu_order":40,"comment_status":"closed","ping_status":"closed","template":"","meta":{"_acf_changed":false,"_relevanssi_hide_post":"","_relevanssi_hide_content":"","_relevanssi_pin_for_all":"","_relevanssi_pin_keywords":"","_relevanssi_unpin_keywords":"","_relevanssi_related_keywords":"","_relevanssi_related_include_ids":"","_relevanssi_related_exclude_ids":"","_relevanssi_related_no_append":"","_relevanssi_related_not_related":"","_relevanssi_related_posts":"1","_relevanssi_noindex_reason":"","footnotes":""},"class_list":["post-93","page","type-page","status-publish","hentry"],"acf":[],"_links":{"self":[{"href":"https:\/\/www.vyl.fi\/kesy\/wp-json\/wp\/v2\/pages\/93","targetHints":{"allow":["GET"]}}],"collection":[{"href":"https:\/\/www.vyl.fi\/kesy\/wp-json\/wp\/v2\/pages"}],"about":[{"href":"https:\/\/www.vyl.fi\/kesy\/wp-json\/wp\/v2\/types\/page"}],"author":[{"embeddable":true,"href":"https:\/\/www.vyl.fi\/kesy\/wp-json\/wp\/v2\/users\/7"}],"replies":[{"embeddable":true,"href":"https:\/\/www.vyl.fi\/kesy\/wp-json\/wp\/v2\/comments?post=93"}],"version-history":[{"count":3,"href":"https:\/\/www.vyl.fi\/kesy\/wp-json\/wp\/v2\/pages\/93\/revisions"}],"predecessor-version":[{"id":461,"href":"https:\/\/www.vyl.fi\/kesy\/wp-json\/wp\/v2\/pages\/93\/revisions\/461"}],"up":[{"embeddable":true,"href":"https:\/\/www.vyl.fi\/kesy\/wp-json\/wp\/v2\/pages\/17"}],"wp:attachment":[{"href":"https:\/\/www.vyl.fi\/kesy\/wp-json\/wp\/v2\/media?parent=93"}],"curies":[{"name":"wp","href":"https:\/\/api.w.org\/{rel}","templated":true}]}}