{"id":205,"date":"2025-02-25T14:12:40","date_gmt":"2025-02-25T12:12:40","guid":{"rendered":"https:\/\/u79114.www2.webdomain.fi\/koulutus\/?page_id=205"},"modified":"2025-03-04T14:09:49","modified_gmt":"2025-03-04T12:09:49","slug":"tietoa-sivustosta","status":"publish","type":"page","link":"https:\/\/www.vyl.fi\/koulutus\/info\/tietoa-sivustosta\/","title":{"rendered":"Tietoa sivustosta"},"content":{"rendered":"\n<p>Alkuper\u00e4inen Koulutuspolku-sivusto julkaistiin vuonna 2018. Sit\u00e4 oli ty\u00f6st\u00e4m\u00e4ss\u00e4 Koulutuspolkuty\u00f6ryhm\u00e4, jonka puheenjohtajana toimi Outi Tahvonen H\u00e4meen ammattikorkeakoulusta. Koulutuspolkusivuston julkaisua rahoittivat viheralan koulutusta tarjoavat oppilaitokset:&nbsp;<a href=\"https:\/\/hami.fi\/\" target=\"_blank\" rel=\"noreferrer noopener\">H\u00e4meen ammatti-instituutti, HAMI<\/a>, <a href=\"https:\/\/www.gradia.fi\/\" target=\"_blank\" rel=\"noreferrer noopener\">GRADIA<\/a>&nbsp;(ent.&nbsp;J\u00e4ms\u00e4n ammattiopisto), <a href=\"https:\/\/www.saiedu.fi\/fi\" target=\"_blank\" rel=\"noreferrer noopener\">Suupohjan ammatti-instituutti<\/a> sek\u00e4 <a href=\"https:\/\/www.tts.fi\/\" target=\"_blank\" rel=\"noreferrer noopener\">TTS&nbsp;Ty\u00f6tehoseura<\/a>.<\/p>\n\n\n\n<p>Nykyinen sivusto pohjautuu vuonna 2018 julkaistuun Koulutuspolkusivustoon. Tietojen muutoksista voit olla yhteydess\u00e4 Viherymp\u00e4rist\u00f6liittoon.<\/p>\n\n\n\n<div class=\"wp-block-lala-blocks-lala-infobox-with-title\">\n<h2 class=\"wp-block-heading\">lis\u00e4tiedot<\/h2>\n\n\n\n<p>Tiia Naskali&nbsp;<br>Julkaisu- ja viestint\u00e4p\u00e4\u00e4llikk\u00f6, Viherymp\u00e4rist\u00f6liitto ry&nbsp;<br>050 4381860, tiia.naskali@vyl.fi&nbsp;<\/p>\n<\/div>\n","protected":false},"excerpt":{"rendered":"<p>Alkuper\u00e4inen Koulutuspolku-sivusto julkaistiin vuonna 2018. Sit\u00e4 oli ty\u00f6st\u00e4m\u00e4ss\u00e4 Koulutuspolkuty\u00f6ryhm\u00e4, jonka puheenjohtajana toimi Outi Tahvonen H\u00e4meen ammattikorkeakoulusta. Koulutuspolkusivuston julkaisua rahoittivat viheralan koulutusta tarjoavat oppilaitokset:&nbsp;H\u00e4meen ammatti-instituutti, HAMI, GRADIA&nbsp;(ent.&nbsp;J\u00e4ms\u00e4n ammattiopisto), Suupohjan ammatti-instituutti sek\u00e4 TTS&nbsp;Ty\u00f6tehoseura. Nykyinen sivusto pohjautuu vuonna 2018 julkaistuun Koulutuspolkusivustoon. Tietojen muutoksista voit olla yhteydess\u00e4 Viherymp\u00e4rist\u00f6liittoon.<\/p>\n","protected":false},"author":8,"featured_media":0,"parent":26,"menu_order":5,"comment_status":"closed","ping_status":"closed","template":"","meta":{"_acf_changed":false,"_relevanssi_hide_post":"","_relevanssi_hide_content":"","_relevanssi_pin_for_all":"","_relevanssi_pin_keywords":"","_relevanssi_unpin_keywords":"","_relevanssi_related_keywords":"","_relevanssi_related_include_ids":"","_relevanssi_related_exclude_ids":"","_relevanssi_related_no_append":"","_relevanssi_related_not_related":"","_relevanssi_related_posts":"1","_relevanssi_noindex_reason":"","footnotes":""},"class_list":["post-205","page","type-page","status-publish","hentry"],"acf":[],"_links":{"self":[{"href":"https:\/\/www.vyl.fi\/koulutus\/wp-json\/wp\/v2\/pages\/205","targetHints":{"allow":["GET"]}}],"collection":[{"href":"https:\/\/www.vyl.fi\/koulutus\/wp-json\/wp\/v2\/pages"}],"about":[{"href":"https:\/\/www.vyl.fi\/koulutus\/wp-json\/wp\/v2\/types\/page"}],"author":[{"embeddable":true,"href":"https:\/\/www.vyl.fi\/koulutus\/wp-json\/wp\/v2\/users\/8"}],"replies":[{"embeddable":true,"href":"https:\/\/www.vyl.fi\/koulutus\/wp-json\/wp\/v2\/comments?post=205"}],"version-history":[{"count":2,"href":"https:\/\/www.vyl.fi\/koulutus\/wp-json\/wp\/v2\/pages\/205\/revisions"}],"predecessor-version":[{"id":207,"href":"https:\/\/www.vyl.fi\/koulutus\/wp-json\/wp\/v2\/pages\/205\/revisions\/207"}],"up":[{"embeddable":true,"href":"https:\/\/www.vyl.fi\/koulutus\/wp-json\/wp\/v2\/pages\/26"}],"wp:attachment":[{"href":"https:\/\/www.vyl.fi\/koulutus\/wp-json\/wp\/v2\/media?parent=205"}],"curies":[{"name":"wp","href":"https:\/\/api.w.org\/{rel}","templated":true}]}}

<p>Alkuperäinen Koulutuspolku-sivusto julkaistiin vuonna 2018. Sitä oli työstämässä Koulutuspolkutyöryhmä, jonka puheenjohtajana toimi Outi Tahvonen Hämeen ammattikorkeakoulusta. Koulutuspolkusivuston julkaisua rahoittivat viheralan koulutusta tarjoavat oppilaitokset:&nbsp;<a href="https://hami.fi/" target="_blank" rel="noreferrer noopener">Hämeen ammatti-instituutti, HAMI</a>, <a href="https://www.gradia.fi/" target="_blank" rel="noreferrer noopener">GRADIA</a>&nbsp;(ent.&nbsp;Jämsän ammattiopisto), <a href="https://www.saiedu.fi/fi" target="_blank" rel="noreferrer noopener">Suupohjan ammatti-instituutti</a> sekä <a href="https://www.tts.fi/" target="_blank" rel="noreferrer noopener">TTS&nbsp;Työtehoseura</a>.</p>



<p>Nykyinen sivusto pohjautuu vuonna 2018 julkaistuun Koulutuspolkusivustoon. Tietojen muutoksista voit olla yhteydessä Viherympäristöliittoon.</p>



<div class="wp-block-lala-blocks-lala-infobox-with-title">
<h2 class="wp-block-heading">lisätiedot</h2>



<p>Tiia Naskali&nbsp;<br>Julkaisu- ja viestintäpäällikkö, Viherympäristöliitto ry&nbsp;<br>050 4381860, tiia.naskali@vyl.fi&nbsp;</p>
</div>

<p>Alkuperäinen Koulutuspolku-sivusto julkaistiin vuonna 2018. Sitä oli työstämässä Koulutuspolkutyöryhmä, jonka puheenjohtajana toimi Outi Tahvonen Hämeen ammattikorkeakoulusta. Koulutuspolkusivuston julkaisua rahoittivat viheralan koulutusta tarjoavat oppilaitokset:&nbsp;Hämeen ammatti-instituutti, HAMI, GRADIA&nbsp;(ent.&nbsp;Jämsän ammattiopisto), Suupohjan ammatti-instituutti sekä TTS&nbsp;Työtehoseura. Nykyinen sivusto pohjautuu vuonna 2018 julkaistuun Koulutuspolkusivustoon. Tietojen muutoksista voit olla yhteydessä Viherympäristöliittoon.</p>
