{"id":250,"date":"2025-02-26T10:54:01","date_gmt":"2025-02-26T08:54:01","guid":{"rendered":"https:\/\/u79114.www2.webdomain.fi\/koulutus\/?page_id=250"},"modified":"2025-03-20T15:09:03","modified_gmt":"2025-03-20T13:09:03","slug":"kokemus-kaytannon-toista-on-hyodyksi-yliopisto-opinnoissa","status":"publish","type":"page","link":"https:\/\/www.vyl.fi\/koulutus\/info\/kokemus-kaytannon-toista-on-hyodyksi-yliopisto-opinnoissa\/","title":{"rendered":"Kokemus k\u00e4yt\u00e4nn\u00f6n t\u00f6ist\u00e4 on hy\u00f6dyksi yliopisto-opinnoissa"},"content":{"rendered":"\n<p class=\"wp-block-lala-blocks-lala-ingressi\">Niko Okkonen, Koo Okkonen \u2013 mies tunnetaan monella nimell\u00e4. Moninainen on my\u00f6s h\u00e4nen ammatillinen polkunsa.<\/p>\n\n\n\n<h3 class=\"wp-block-heading\">Yll\u00e4tt\u00e4v\u00e4 idea vei viheralalle<\/h3>\n\n\n\n<p>Koo etsi peruskoulun j\u00e4lkeen omaa alaansa kuvataiteen, kirjastoty\u00f6n ja terveydenhuollon parista. Kolmen kuukauden jakso vapaaehtoisena luomupuutarhurina Japanissa avasi lopulta uran, joka sis\u00e4lt\u00e4\u00e4 kiehtovia mahdollisuuksia kauas tulevaisuuteen.<\/p>\n\n\n\n<p>\u201dSain ihme aivoituksen, ett\u00e4 l\u00e4hden vapaaehtoisluomupuutarhuriksi Japaniin WWOOF-j\u00e4rjest\u00f6n kautta. Siell\u00e4 minussa her\u00e4si puutarhurius ja ajatus, ett\u00e4 ehk\u00e4 t\u00e4m\u00e4 voisi olla se juttu\u201d, Koo kertoo.<\/p>\n\n\n\n<p>Palattuaan Suomeen Koo l\u00f6ysi Tampereella sijaitsevan Ahlmanin ammattiopiston eli AhlmanEdun <a href=\"https:\/\/www.vyl.fi\/koulutus\/ammatillinenkoulutus\/ammattitutkinnot\/\" data-type=\"page\" data-id=\"75\">viherrakentajan koulutuksen<\/a>. Siell\u00e4 h\u00e4n sai hyv\u00e4n pohjan viheralalle, sek\u00e4 viheralueiden rakentamiseen ett\u00e4 kunnossapidon t\u00f6ihin. Erityisesti opinnoissa saatu kasvintuntemus on ollut arvokas oppi viheralalla ty\u00f6skennelless\u00e4 sek\u00e4 Koon my\u00f6hemmiss\u00e4 opinnoissa.<\/p>\n\n\n\n<figure class=\"wp-block-image size-full\"><img loading=\"lazy\" decoding=\"async\" width=\"1020\" height=\"765\" src=\"http:\/\/u79114.www2.webdomain.fi\/koulutus\/wp-content\/uploads\/sites\/7\/2025\/02\/japani-2-web.jpg\" alt=\"\" class=\"wp-image-253\" srcset=\"https:\/\/www.vyl.fi\/koulutus\/wp-content\/uploads\/sites\/7\/2025\/02\/japani-2-web.jpg 1020w, https:\/\/www.vyl.fi\/koulutus\/wp-content\/uploads\/sites\/7\/2025\/02\/japani-2-web-300x225.jpg 300w, https:\/\/www.vyl.fi\/koulutus\/wp-content\/uploads\/sites\/7\/2025\/02\/japani-2-web-768x576.jpg 768w\" sizes=\"(max-width: 1020px) 100vw, 1020px\" \/><figcaption class=\"wp-element-caption\">Ajatus viheralan opinnoista her\u00e4si vapaaehtoist\u00f6iss\u00e4 Japanissa. Kuva: Koo Okkonen.<\/figcaption><\/figure>\n\n\n\n<h3 class=\"wp-block-heading\">Luonto vai kaupunki \u2013 vai molemmat?<\/h3>\n\n\n\n<p>Viherrakentamisen opinnoissa oli my\u00f6s mahdollisuus opiskella valinnaisena kurssina puutarhasuunnittelua.<\/p>\n\n\n\n<p>\u201dSain tehd\u00e4 asiakaskohteen pihasuunnitelman sek\u00e4 joitain pienempi\u00e4 suunnitelmia. Nyt kun j\u00e4lkik\u00e4teen katsoo, niin suunnitelmat ovat jo silloin olleet yll\u00e4tt\u00e4v\u00e4n tasokkaita\u201d, Koo toteaa ylpe\u00e4n\u00e4.<\/p>\n\n\n\n<p>Opintojen aikana Koo pohti my\u00f6s syv\u00e4llisempi\u00e4 kysymyksi\u00e4. Onko urbaani kaupunkikulttuuri ymp\u00e4rist\u00f6n kannalta kest\u00e4v\u00e4\u00e4? Olisiko askeettinen el\u00e4m\u00e4 luonnon ehdoilla parempi vaihtoehto? Pohdinnoissaan h\u00e4n p\u00e4\u00e4tyi siihen, ett\u00e4 parasta on yritt\u00e4\u00e4 sovittaa ihmisen ja luonnon toimintaa yhteen \u2013 ja ett\u00e4 se on viheralan teht\u00e4v\u00e4.<\/p>\n\n\n\n<p>\u201dKulttuuria, taidep\u00f6hin\u00e4\u00e4, hyv\u00e4\u00e4 urbaania meininki\u00e4 \u2013 mutta ei pilata luontoa samalla\u201d, Koo summaa. H\u00e4n oivalsi my\u00f6s, ett\u00e4 voi itse tehd\u00e4 asialle jotain ja alkaa viem\u00e4\u00e4n t\u00e4t\u00e4 yhteensovittamista eteenp\u00e4in.<\/p>\n\n\n\n<figure class=\"wp-block-embed is-type-video is-provider-youtube wp-block-embed-youtube wp-embed-aspect-16-9 wp-has-aspect-ratio\"><div class=\"wp-block-embed__wrapper\">\n<iframe loading=\"lazy\" title=\"Viheralan uratarinat: Koo kertoo, miten p\u00e4\u00e4tyi viheralalle ja miksi se tuntuu h\u00e4nelle juuri oikealta\" width=\"800\" height=\"450\" src=\"https:\/\/www.youtube.com\/embed\/E2ptNdKI_zg?feature=oembed\" frameborder=\"0\" allow=\"accelerometer; autoplay; clipboard-write; encrypted-media; gyroscope; picture-in-picture; web-share\" referrerpolicy=\"strict-origin-when-cross-origin\" allowfullscreen><\/iframe>\n<\/div><figcaption class=\"wp-element-caption\">Koo kertoo, miten p\u00e4\u00e4tyi viheralalle ja miksi se tuntuu h\u00e4nelle juuri oikealta.<\/figcaption><\/figure>\n\n\n\n<h3 class=\"wp-block-heading\">Positiivisia kokemuksia ja kiehtovia mahdollisuuksia<\/h3>\n\n\n\n<p>Viheralan opintoihin kuului paljon ty\u00f6harjoittelua eri paikoissa.<\/p>\n\n\n\n<p>\u201dP\u00e4\u00e4sin tekem\u00e4\u00e4n aika kivoja juttuja. Omatarhuri-nimisess\u00e4 yrityksess\u00e4 sain ty\u00f6skennell\u00e4 esimerkiksi kattopuutarhoissa\u201d, Koo kertoo.<\/p>\n\n\n\n<p>Viimeisen harjoittelujaksonsa Koo suoritti Hatanp\u00e4\u00e4n arboretumissa eli puulajipuistossa ja ty\u00f6 jatkui kausity\u00f6ntekij\u00e4n\u00e4 viel\u00e4 opintojen j\u00e4lkeenkin usean vuoden ajan. Kausity\u00f6 viheralalla voi kest\u00e4\u00e4 huhtikuusta jopa marraskuuhun saakka. Viheralan hyv\u00e4 ty\u00f6llisyystilanne tuo el\u00e4m\u00e4\u00e4n huolettomuutta.<\/p>\n\n\n\n<p>\u201dJos teet kausity\u00f6l\u00e4isen\u00e4 hommat hyvin, niin seuraavalla kaudella saat paikan aika takuuvarmasti\u201d, Koo toteaa.<\/p>\n\n\n\n<p>Samalla Koon silmiss\u00e4 siinsi jo seuraava haaste: <a href=\"https:\/\/www.vyl.fi\/koulutus\/korkeakoulututkinnot\/yliopisto\/\" data-type=\"page\" data-id=\"85\">maisema-arkkitehtuurin opinnot<\/a> Aalto-yliopistossa. Koo ei ollut k\u00e4ynyt lukiota, mutta paikka aukesi p\u00e4\u00e4sykokeiden sek\u00e4 itsen\u00e4isesti opiskeltujen lis\u00e4opintojen kautta. Koo on p\u00e4\u00e4ssyt opintojensa aikana my\u00f6s jakamaan aiemmassa viheralan koulutuksessa ja k\u00e4yt\u00e4nn\u00f6n ty\u00f6ss\u00e4 saamiaan oppeja muille opiskelijoille toimimalla opettajana joillain kursseilla.<\/p>\n\n\n\n<figure class=\"wp-block-image size-full\"><img loading=\"lazy\" decoding=\"async\" width=\"1020\" height=\"680\" src=\"http:\/\/u79114.www2.webdomain.fi\/koulutus\/wp-content\/uploads\/sites\/7\/2025\/02\/IMG_7528-web.jpg\" alt=\"\" class=\"wp-image-255\" srcset=\"https:\/\/www.vyl.fi\/koulutus\/wp-content\/uploads\/sites\/7\/2025\/02\/IMG_7528-web.jpg 1020w, https:\/\/www.vyl.fi\/koulutus\/wp-content\/uploads\/sites\/7\/2025\/02\/IMG_7528-web-300x200.jpg 300w, https:\/\/www.vyl.fi\/koulutus\/wp-content\/uploads\/sites\/7\/2025\/02\/IMG_7528-web-768x512.jpg 768w\" sizes=\"(max-width: 1020px) 100vw, 1020px\" \/><figcaption class=\"wp-element-caption\">Kiinnostus viheralaan on vienyt Koo Okkosen t\u00f6ihin arboretumiin ja sielt\u00e4 edelleen opiskelemaan kaupunkitiloja suunnittelevaksi maisema-arkkitehdiksi. <\/figcaption><\/figure>\n\n\n\n<p>Opintoja Koo ei edist\u00e4 vain suoritusmerkinn\u00e4t mieless\u00e4, vaan h\u00e4n haluaa keskitty\u00e4 jokaiseen kurssiin huolella.<\/p>\n\n\n\n<p>\u201dEn v\u00e4ltt\u00e4m\u00e4tt\u00e4 halua rivisuunnittelijaksi johonkin toimistoon, vaan haaveilen omasta yrityksest\u00e4\u201d, Koo kertoo.<\/p>\n\n\n\n<p>Toisaalta my\u00f6s opintojen jatkaminen maisterintutkinnon j\u00e4lkeen kiinnostaa h\u00e4nt\u00e4.<\/p>\n\n\n\n<p>\u201dV\u00e4it\u00f6skirja ja tohtorin tutkinto olisi kiehtova juttu.\u201d<\/p>\n\n\n\n<div class=\"wp-block-buttons is-layout-flex wp-block-buttons-is-layout-flex\">\n<div class=\"wp-block-button\"><a class=\"wp-block-button__link wp-element-button\" href=\"http:\/\/u79114.www2.webdomain.fi\/koulutus\/wp-content\/uploads\/sites\/7\/2025\/02\/GVEU-uratarinaesite-KOO.pdf\">Lataa tai tulosta Koon uratarina (pdf)<\/a><\/div>\n\n\n\n<div class=\"wp-block-button\"><a class=\"wp-block-button__link wp-element-button\" href=\"https:\/\/viherymparisto.vyl.fi\/shared\/article\/matkalla-jonnekin\/S_7RJJkU\">Lue lis\u00e4\u00e4 Viherymp\u00e4rist\u00f6-lehdest\u00e4<\/a><\/div>\n<\/div>\n\n\n\n<p><em>Uratarinat on toteutettu osana GreenVEU-hanketta. Hanketta rahoittaa Erasmus+ -ohjelma ja siin\u00e4 ovat mukana Suomen lis\u00e4ksi Alankomaat, Unkari, Romania, Tanska ja Espanja.<\/em><\/p>\n","protected":false},"excerpt":{"rendered":"<p>Yll\u00e4tt\u00e4v\u00e4 idea vei viheralalle Koo etsi peruskoulun j\u00e4lkeen omaa alaansa kuvataiteen, kirjastoty\u00f6n ja terveydenhuollon parista. Kolmen kuukauden jakso vapaaehtoisena luomupuutarhurina Japanissa avasi lopulta uran, joka sis\u00e4lt\u00e4\u00e4 kiehtovia mahdollisuuksia kauas tulevaisuuteen. \u201dSain ihme aivoituksen, ett\u00e4 l\u00e4hden vapaaehtoisluomupuutarhuriksi Japaniin WWOOF-j\u00e4rjest\u00f6n kautta. Siell\u00e4 minussa her\u00e4si puutarhurius ja ajatus, ett\u00e4 ehk\u00e4 t\u00e4m\u00e4 voisi olla se juttu\u201d, Koo kertoo. Palattuaan [&hellip;]<\/p>\n","protected":false},"author":8,"featured_media":254,"parent":26,"menu_order":3,"comment_status":"closed","ping_status":"closed","template":"","meta":{"_acf_changed":false,"_relevanssi_hide_post":"","_relevanssi_hide_content":"","_relevanssi_pin_for_all":"","_relevanssi_pin_keywords":"","_relevanssi_unpin_keywords":"","_relevanssi_related_keywords":"","_relevanssi_related_include_ids":"","_relevanssi_related_exclude_ids":"","_relevanssi_related_no_append":"","_relevanssi_related_not_related":"","_relevanssi_related_posts":"1","_relevanssi_noindex_reason":"","footnotes":""},"class_list":["post-250","page","type-page","status-publish","has-post-thumbnail","hentry"],"acf":[],"_links":{"self":[{"href":"https:\/\/www.vyl.fi\/koulutus\/wp-json\/wp\/v2\/pages\/250","targetHints":{"allow":["GET"]}}],"collection":[{"href":"https:\/\/www.vyl.fi\/koulutus\/wp-json\/wp\/v2\/pages"}],"about":[{"href":"https:\/\/www.vyl.fi\/koulutus\/wp-json\/wp\/v2\/types\/page"}],"author":[{"embeddable":true,"href":"https:\/\/www.vyl.fi\/koulutus\/wp-json\/wp\/v2\/users\/8"}],"replies":[{"embeddable":true,"href":"https:\/\/www.vyl.fi\/koulutus\/wp-json\/wp\/v2\/comments?post=250"}],"version-history":[{"count":9,"href":"https:\/\/www.vyl.fi\/koulutus\/wp-json\/wp\/v2\/pages\/250\/revisions"}],"predecessor-version":[{"id":336,"href":"https:\/\/www.vyl.fi\/koulutus\/wp-json\/wp\/v2\/pages\/250\/revisions\/336"}],"up":[{"embeddable":true,"href":"https:\/\/www.vyl.fi\/koulutus\/wp-json\/wp\/v2\/pages\/26"}],"wp:featuredmedia":[{"embeddable":true,"href":"https:\/\/www.vyl.fi\/koulutus\/wp-json\/wp\/v2\/media\/254"}],"wp:attachment":[{"href":"https:\/\/www.vyl.fi\/koulutus\/wp-json\/wp\/v2\/media?parent=250"}],"curies":[{"name":"wp","href":"https:\/\/api.w.org\/{rel}","templated":true}]}}

Kokemus käytännön töistä on hyödyksi yliopisto-opinnoissa

<p class="wp-block-lala-blocks-lala-ingressi">Niko Okkonen, Koo Okkonen – mies tunnetaan monella nimellä. Moninainen on myös hänen ammatillinen polkunsa.</p>



<h3 class="wp-block-heading">Yllättävä idea vei viheralalle</h3>



<p>Koo etsi peruskoulun jälkeen omaa alaansa kuvataiteen, kirjastotyön ja terveydenhuollon parista. Kolmen kuukauden jakso vapaaehtoisena luomupuutarhurina Japanissa avasi lopulta uran, joka sisältää kiehtovia mahdollisuuksia kauas tulevaisuuteen.</p>



<p>”Sain ihme aivoituksen, että lähden vapaaehtoisluomupuutarhuriksi Japaniin WWOOF-järjestön kautta. Siellä minussa heräsi puutarhurius ja ajatus, että ehkä tämä voisi olla se juttu”, Koo kertoo.</p>



<p>Palattuaan Suomeen Koo löysi Tampereella sijaitsevan Ahlmanin ammattiopiston eli AhlmanEdun <a href="https://www.vyl.fi/koulutus/ammatillinenkoulutus/ammattitutkinnot/" data-type="page" data-id="75">viherrakentajan koulutuksen</a>. Siellä hän sai hyvän pohjan viheralalle, sekä viheralueiden rakentamiseen että kunnossapidon töihin. Erityisesti opinnoissa saatu kasvintuntemus on ollut arvokas oppi viheralalla työskennellessä sekä Koon myöhemmissä opinnoissa.</p>



<figure class="wp-block-image size-full"><img loading="lazy" decoding="async" width="1020" height="765" src="http://u79114.www2.webdomain.fi/koulutus/wp-content/uploads/sites/7/2025/02/japani-2-web.jpg" alt="" class="wp-image-253" srcset="https://www.vyl.fi/koulutus/wp-content/uploads/sites/7/2025/02/japani-2-web.jpg 1020w, https://www.vyl.fi/koulutus/wp-content/uploads/sites/7/2025/02/japani-2-web-300x225.jpg 300w, https://www.vyl.fi/koulutus/wp-content/uploads/sites/7/2025/02/japani-2-web-768x576.jpg 768w" sizes="(max-width: 1020px) 100vw, 1020px" /><figcaption class="wp-element-caption">Ajatus viheralan opinnoista heräsi vapaaehtoistöissä Japanissa. Kuva: Koo Okkonen.</figcaption></figure>



<h3 class="wp-block-heading">Luonto vai kaupunki – vai molemmat?</h3>



<p>Viherrakentamisen opinnoissa oli myös mahdollisuus opiskella valinnaisena kurssina puutarhasuunnittelua.</p>



<p>”Sain tehdä asiakaskohteen pihasuunnitelman sekä joitain pienempiä suunnitelmia. Nyt kun jälkikäteen katsoo, niin suunnitelmat ovat jo silloin olleet yllättävän tasokkaita”, Koo toteaa ylpeänä.</p>



<p>Opintojen aikana Koo pohti myös syvällisempiä kysymyksiä. Onko urbaani kaupunkikulttuuri ympäristön kannalta kestävää? Olisiko askeettinen elämä luonnon ehdoilla parempi vaihtoehto? Pohdinnoissaan hän päätyi siihen, että parasta on yrittää sovittaa ihmisen ja luonnon toimintaa yhteen – ja että se on viheralan tehtävä.</p>



<p>”Kulttuuria, taidepöhinää, hyvää urbaania meininkiä – mutta ei pilata luontoa samalla”, Koo summaa. Hän oivalsi myös, että voi itse tehdä asialle jotain ja alkaa viemään tätä yhteensovittamista eteenpäin.</p>



<figure class="wp-block-embed is-type-video is-provider-youtube wp-block-embed-youtube wp-embed-aspect-16-9 wp-has-aspect-ratio"><div class="wp-block-embed__wrapper">
<iframe loading="lazy" title="Viheralan uratarinat: Koo kertoo, miten päätyi viheralalle ja miksi se tuntuu hänelle juuri oikealta" width="800" height="450" src="https://www.youtube.com/embed/E2ptNdKI_zg?feature=oembed" frameborder="0" allow="accelerometer; autoplay; clipboard-write; encrypted-media; gyroscope; picture-in-picture; web-share" referrerpolicy="strict-origin-when-cross-origin" allowfullscreen></iframe>
</div><figcaption class="wp-element-caption">Koo kertoo, miten päätyi viheralalle ja miksi se tuntuu hänelle juuri oikealta.</figcaption></figure>



<h3 class="wp-block-heading">Positiivisia kokemuksia ja kiehtovia mahdollisuuksia</h3>



<p>Viheralan opintoihin kuului paljon työharjoittelua eri paikoissa.</p>



<p>”Pääsin tekemään aika kivoja juttuja. Omatarhuri-nimisessä yrityksessä sain työskennellä esimerkiksi kattopuutarhoissa”, Koo kertoo.</p>



<p>Viimeisen harjoittelujaksonsa Koo suoritti Hatanpään arboretumissa eli puulajipuistossa ja työ jatkui kausityöntekijänä vielä opintojen jälkeenkin usean vuoden ajan. Kausityö viheralalla voi kestää huhtikuusta jopa marraskuuhun saakka. Viheralan hyvä työllisyystilanne tuo elämään huolettomuutta.</p>



<p>”Jos teet kausityöläisenä hommat hyvin, niin seuraavalla kaudella saat paikan aika takuuvarmasti”, Koo toteaa.</p>



<p>Samalla Koon silmissä siinsi jo seuraava haaste: <a href="https://www.vyl.fi/koulutus/korkeakoulututkinnot/yliopisto/" data-type="page" data-id="85">maisema-arkkitehtuurin opinnot</a> Aalto-yliopistossa. Koo ei ollut käynyt lukiota, mutta paikka aukesi pääsykokeiden sekä itsenäisesti opiskeltujen lisäopintojen kautta. Koo on päässyt opintojensa aikana myös jakamaan aiemmassa viheralan koulutuksessa ja käytännön työssä saamiaan oppeja muille opiskelijoille toimimalla opettajana joillain kursseilla.</p>



<figure class="wp-block-image size-full"><img loading="lazy" decoding="async" width="1020" height="680" src="http://u79114.www2.webdomain.fi/koulutus/wp-content/uploads/sites/7/2025/02/IMG_7528-web.jpg" alt="" class="wp-image-255" srcset="https://www.vyl.fi/koulutus/wp-content/uploads/sites/7/2025/02/IMG_7528-web.jpg 1020w, https://www.vyl.fi/koulutus/wp-content/uploads/sites/7/2025/02/IMG_7528-web-300x200.jpg 300w, https://www.vyl.fi/koulutus/wp-content/uploads/sites/7/2025/02/IMG_7528-web-768x512.jpg 768w" sizes="(max-width: 1020px) 100vw, 1020px" /><figcaption class="wp-element-caption">Kiinnostus viheralaan on vienyt Koo Okkosen töihin arboretumiin ja sieltä edelleen opiskelemaan kaupunkitiloja suunnittelevaksi maisema-arkkitehdiksi. </figcaption></figure>



<p>Opintoja Koo ei edistä vain suoritusmerkinnät mielessä, vaan hän haluaa keskittyä jokaiseen kurssiin huolella.</p>



<p>”En välttämättä halua rivisuunnittelijaksi johonkin toimistoon, vaan haaveilen omasta yrityksestä”, Koo kertoo.</p>



<p>Toisaalta myös opintojen jatkaminen maisterintutkinnon jälkeen kiinnostaa häntä.</p>



<p>”Väitöskirja ja tohtorin tutkinto olisi kiehtova juttu.”</p>



<div class="wp-block-buttons is-layout-flex wp-block-buttons-is-layout-flex">
<div class="wp-block-button"><a class="wp-block-button__link wp-element-button" href="http://u79114.www2.webdomain.fi/koulutus/wp-content/uploads/sites/7/2025/02/GVEU-uratarinaesite-KOO.pdf">Lataa tai tulosta Koon uratarina (pdf)</a></div>



<div class="wp-block-button"><a class="wp-block-button__link wp-element-button" href="https://viherymparisto.vyl.fi/shared/article/matkalla-jonnekin/S_7RJJkU">Lue lisää Viherympäristö-lehdestä</a></div>
</div>



<p><em>Uratarinat on toteutettu osana GreenVEU-hanketta. Hanketta rahoittaa Erasmus+ -ohjelma ja siinä ovat mukana Suomen lisäksi Alankomaat, Unkari, Romania, Tanska ja Espanja.</em></p>

<p>Yllättävä idea vei viheralalle Koo etsi peruskoulun jälkeen omaa alaansa kuvataiteen, kirjastotyön ja terveydenhuollon parista. Kolmen kuukauden jakso vapaaehtoisena luomupuutarhurina Japanissa avasi lopulta uran, joka sisältää kiehtovia mahdollisuuksia kauas tulevaisuuteen. ”Sain ihme aivoituksen, että lähden vapaaehtoisluomupuutarhuriksi Japaniin WWOOF-järjestön kautta. Siellä minussa heräsi puutarhurius ja ajatus, että ehkä tämä voisi olla se juttu”, Koo kertoo. Palattuaan [&hellip;]</p>
