{"id":16,"date":"2024-08-26T13:00:43","date_gmt":"2024-08-26T10:00:43","guid":{"rendered":"https:\/\/u79114.www2.webdomain.fi\/viherpaivat\/?page_id=16"},"modified":"2026-04-14T11:21:30","modified_gmt":"2026-04-14T08:21:30","slug":"naytteilleasettajille","status":"publish","type":"page","link":"https:\/\/www.vyl.fi\/viherpaivat\/naytteilleasettajille\/","title":{"rendered":"N\u00e4ytteilleasettajille"},"content":{"rendered":"\n<h4 class=\"wp-block-heading\">Tervetuloa&nbsp;viheralan valtakunnalliseen ykk\u00f6stapahtumaan! Viheralan suurin seminaari- ja messutapahtuma Viherp\u00e4iv\u00e4t j\u00e4rjestet\u00e4\u00e4n Jyv\u00e4skyl\u00e4ss\u00e4 10.-11.2.2027. <\/h4>\n\n\n\n<p>Vuodesta 1980 l\u00e4htien j\u00e4rjestetty tapahtuma kokoaa yhteen viheralan ammattilaiset ja se on vakiinnuttanut paikkansa viheralan t\u00e4rkeimp\u00e4n\u00e4 koulutus-, n\u00e4yttely- ja kontaktitapahtumana. Edellisen kerran Viherp\u00e4iv\u00e4t j\u00e4rjestettiin helmikuussa 2026.<\/p>\n\n\n\n<p><strong>Teemana \u201dEl\u00e4m\u00e4n mittainen viheralue &#8211; jokaiselle\u201d&nbsp;<\/strong><\/p>\n\n\n\n<p>N\u00e4ytteilleasettajana saat yrityksellesi parhaan mahdollisen n\u00e4kyvyyden ja mahdollisuuden verkostoitua t\u00e4rkeimpien alan toimijoiden kanssa. Varaa paikkasi nyt ja varmista, ett\u00e4 olet mukana vuoden merkitt\u00e4vimm\u00e4ss\u00e4 vihre\u00e4n alan ammattilaistapahtumassa!<\/p>\n\n\n\n<p><strong>N\u00c4YTTELYN KARTTA ON NYT AVOINNA T\u00c4M\u00c4N VUODEN N\u00c4YTTEILLEASETTAJILLE HUHTIKUUN LOPPUUN ASTI. TOUKOKUUN ALUSTA 1.5. ALKAEN N\u00c4YTTELYPAIKAT OVAT KAIKKIEN HALUKKAIDEN VARATTAVISSA ILAN V\u00c4LIMYYNTIEHTOJA!<\/strong><\/p>\n\n\n\n<p>Varaa paikkasi viheralan suurimmasta ammattilastapahtumasta. Edellisell\u00e4 kerralla kaikki n\u00e4yttelypaikat varattiin loppuun jo ennen vuoden vaihtumista, joten t\u00e4n\u00e4 vuonnakin osaston suhteen kannattaa olla ajoissa. <\/p>\n\n\n\n<p><a href=\"https:\/\/www.vyl.fi\/viherpaivat\/naytteilleasettajille\/osastopaikat\/\" data-type=\"link\" data-id=\"https:\/\/www.vyl.fi\/viherpaivat\/naytteilleasettajille\/osastopaikat\/\">Tutustu n\u00e4yttelykarttaan ja varaa paikka t\u00e4st\u00e4.<\/a><\/p>\n\n\n\n<p>N\u00e4yttelyehtoihin ja hinnastoon voit tutustua <a href=\"https:\/\/www.vyl.fi\/viherpaivat\/naytteilleasettajille\/nayttelyehdot\/\" data-type=\"link\" data-id=\"https:\/\/www.vyl.fi\/viherpaivat\/naytteilleasettajille\/nayttelyehdot\/\">t\u00e4m\u00e4n linkin kautta.<\/a><\/p>\n\n\n\n<p><\/p>\n\n\n\n<p><\/p>\n\n\n\n<p><strong>TUTUSTU VODEN 2026 TUNNELMIIN JA TILASTOIHIN<\/strong><\/p>\n\n\n\n<figure class=\"wp-block-embed is-type-video is-provider-youtube wp-block-embed-youtube wp-embed-aspect-16-9 wp-has-aspect-ratio\"><div class=\"wp-block-embed__wrapper\">\n<iframe loading=\"lazy\" title=\"Viherpa\u0308iva\u0308t 2026\" width=\"800\" height=\"450\" src=\"https:\/\/www.youtube.com\/embed\/x2WraCODXK4?feature=oembed\" frameborder=\"0\" allow=\"accelerometer; autoplay; clipboard-write; encrypted-media; gyroscope; picture-in-picture; web-share\" referrerpolicy=\"strict-origin-when-cross-origin\" allowfullscreen><\/iframe>\n<\/div><\/figure>\n\n\n\n<p><br><strong>TILASTOTIETOA 2026<\/strong> \/ <strong>Viherp\u00e4iv\u00e4t yhteisty\u00f6ss\u00e4 Talvitiep\u00e4iv\u00e4t<\/strong><br><br>Yksitt\u00e4isi\u00e4 n\u00e4yttelyk\u00e4vij\u00f6it\u00e4 n. 3 100 kpl<br>Yksitt\u00e4isi\u00e4 seminaarik\u00e4vij\u00f6it\u00e4 n. 800 kpl<br>ViherGaalaan osallistujia n.  600 kpl<\/p>\n\n\n\n<p><strong>Viherp\u00e4ivill\u00e4 tehd\u00e4\u00e4n p\u00e4\u00e4t\u00f6ksi\u00e4, luodaan suhteita ja kasvatetaan osaamista<\/strong><\/p>\n\n\n\n<p>Viherp\u00e4iv\u00e4t kokoavat vuosittain yhteen viherymp\u00e4rist\u00f6jen rakentamisen, suunnittelun, kunnossapidon ja kehitt\u00e4misen asiantuntijat \u2013 opiskelijoista kokeneisiin ammattilaisiin. T\u00e4n\u00e4 vuonna tapahtuman teemana oli <strong>Hyvinvointi rakentuu el\u00e4v\u00e4ss\u00e4 ymp\u00e4rist\u00f6ss\u00e4<\/strong>. T\u00e4ss\u00e4 koontia palautekyselyn vastauksista.<\/p>\n\n\n\n<ul class=\"wp-block-list\">\n<li>98 % osallistujista suosittelisi tapahtumaa muille.<\/li>\n\n\n\n<li>79 % osallistujista tuli kehitt\u00e4m\u00e4\u00e4n omaa osaamistaan ja p\u00e4ivitt\u00e4m\u00e4\u00e4n ammattitaitoaan.<\/li>\n\n\n\n<li>Yli 67 % osallistujista tuli luomaan uusia kontakteja, ja l\u00e4hes yht\u00e4 moni (52 %) tutustumaan ajankohtaisiin tuotteisiin ja palveluihin.<\/li>\n\n\n\n<li>My\u00f6s yhteisty\u00f6kumppaneiden kohtaaminen (54 %) ja sosiaalinen verkostoituminen (38 %) nousivat t\u00e4rkeiksi osallistumissyiksi.<\/li>\n\n\n\n<li>Osallistujista 32 % toimi yksityisell\u00e4 sektorilla ja 47 % julkisella sektorilla, erityisesti viheralueiden rakentamisen, suunnittelun, kuntatekniikan ja kaupunkisuunnittelun parissa, mukana oli my\u00f6s alan opiskelijoita (11 %).<\/li>\n\n\n\n<li>Yksityinen sektori: Viheralueiden rakentaminen 26%, suunnittelu 25% ja arkkitehtyyri ja konsultointi 15%<\/li>\n\n\n\n<li>Julkinen sektorI: Kuntatekniikka, kunnossapidon tuottajat 35 %, kaupunkisuunnittelu 23 % ja tilaajat 23%<\/li>\n\n\n\n<li>L\u00e4hes 71 % osallistujista kertoi vaikuttavansa hankintap\u00e4\u00e4t\u00f6ksiin omassa organisaatiossaan.<\/li>\n<\/ul>\n\n\n\n<p>Kyselyyn vastasi 282 henkil\u00f6\u00e4.<\/p>\n\n\n\n<h2 class=\"wp-block-heading\">Ota kaikki hy\u00f6dyt k\u00e4ytt\u00f6\u00f6n!<\/h2>\n\n\n\n<p><strong>9 syyt\u00e4 \/ mahdollisuutta hy\u00f6dynnett\u00e4v\u00e4ksi n\u00e4ytteilleasettajana:<\/strong><\/p>\n\n\n\n<p><strong>1. Liiketoimintaverkostojen laajentaminen<\/strong><\/p>\n\n\n\n<p>Viheralan suurin ammattilaistapahtuma Viherp\u00e4iv\u00e4t kokoavat yhteen vihre\u00e4n alan ammattilaiset, p\u00e4\u00e4t\u00f6ksentekij\u00e4t ja vaikuttajat. N\u00e4ytteilleasettajana saat ainutlaatuisen mahdollisuuden solmia uusia asiakas- ja yhteisty\u00f6suhteita omien tavoitteidenne mukaisesti.<\/p>\n\n\n\n<p><strong>2. Myynnin ja markkinointiviestinn\u00e4n vahvistaminen<\/strong><\/p>\n\n\n\n<p>Messut ovat tehokas kanava esitell\u00e4 tuotteita ja palveluita suoraan potentiaalisille asiakkaille ja eri sidosryhmille. Voit tavoittaa kohderyhm\u00e4si kasvokkain, lis\u00e4t\u00e4 tunnettuuttasi ja kasvattaa br\u00e4ndimielikuvaa sek\u00e4 myynti\u00e4si.<\/p>\n\n\n\n<p><strong>3. Yhteisty\u00f6n kehitt\u00e4minen<\/strong><\/p>\n\n\n\n<p>Viherp\u00e4iv\u00e4t tarjoavat loistavan alustan my\u00f6s strategisten kumppanuuksien luomiseen. Olipa kyseess\u00e4 n\u00e4kyvyyden vahvistaminen, yhteiset kampanjat tai tapahtumayhteisty\u00f6, Viherp\u00e4iv\u00e4t auttavat sinua l\u00f6yt\u00e4m\u00e4\u00e4n oikeat yhteisty\u00f6kumppanit.<\/p>\n\n\n\n<p><strong>4. Br\u00e4ndisi tunnettuuden kasvattaminen<\/strong><\/p>\n\n\n\n<p>N\u00e4ytteilleasettajana ammattilisille suunnatussa tapahtumassa saat n\u00e4kyvyytt\u00e4 kohdennetussa ymp\u00e4rist\u00f6ss\u00e4, jossa osallistujat ovat aidosti kiinnostuneita alastasi, tuotteista ja palveluista.<\/p>\n\n\n\n<p><strong>5. Alan asiantuntijana esiintyminen<\/strong><\/p>\n\n\n\n<p>Osallistumalla Viherp\u00e4iville vahvistat yrityksesi asemaa alan asiantuntijana ja luot vaikutusvaltaisia kontakteja.<\/p>\n\n\n\n<p><strong>6. Uusien innovaatioiden ja trendien hy\u00f6dynt\u00e4minen<\/strong><\/p>\n\n\n\n<p>Messut ovat my\u00f6s oppimisen paikka \u2013 kuulet alan uusimmista innovaatioista, trendeist\u00e4 ja kehityssuunnista ensimm\u00e4isten joukossa. Kannattaa siis ehdottomasti hy\u00f6dynt\u00e4\u00e4 Viherp\u00e4ivien seminaarien tarjonta ja tapahtuma-alueella olevat keskustelut ja puheenvuorot.<\/p>\n\n\n\n<p><strong>7. Asiakassuhteiden vahvistaminen<\/strong><\/p>\n\n\n\n<p>Tapahtuma tarjoaa loistavan mahdollisuuden syvent\u00e4\u00e4 asiakassuhteita, esitell\u00e4 uusia ratkaisuja ja saada suoraa palautetta asiakkailtasi.<\/p>\n\n\n\n<p><strong>8. Kilpailuedun saavuttaminen<\/strong><\/p>\n\n\n\n<p>Viherp\u00e4iv\u00e4t ovat paikka, jossa kilpailijatkin ovat l\u00e4sn\u00e4. N\u00e4ytteilleasettajana varmistat, ett\u00e4 juuri sinun yrityksesi erottuu edukseen.<\/p>\n\n\n\n<p><strong>9. Mahdollisuus vaikuttaa ja inspiroida<\/strong><\/p>\n\n\n\n<p>N\u00e4ytteilleasettajana voit olla mukana luomassa vihre\u00e4n alan tulevaisuutta ja innostaa muita kest\u00e4vill\u00e4 ja innovatiivisilla ratkaisuillasi.<\/p>\n\n\n\n<p><strong>Kiinnostaisiko teit\u00e4 Viherp\u00e4ivien yhteisty\u00f6kumppanuus?<\/strong><\/p>\n\n\n\n<p>Viherp\u00e4iv\u00e4t tarjoavat monipuolisia yhteisty\u00f6mahdollisuuksia yrityksille ja yhteis\u00f6ille, jotka haluavat erottua ja vaikuttaa alalla. Ota yhteytt\u00e4 ja r\u00e4\u00e4t\u00e4l\u00f6id\u00e4\u00e4n yhdess\u00e4 teille opiva kumppanuuspaketti!<\/p>\n\n\n\n<p>Oikeudet muutoksiin pid\u00e4tet\u00e4\u00e4n.<\/p>\n\n\n\n<div class=\"wp-block-lala-blocks-lala-infobox-with-title\">\n<h2 class=\"wp-block-heading\"><strong>Osastojen varaukset ja myynti:<\/strong><\/h2>\n\n\n\n<p>Asiakkuusp\u00e4\u00e4llikk\u00f6 Juha Lecklin, puh. 044 901 9153,&nbsp;<a href=\"mailto:juha.lecklin@vyl.fi\">juha.lecklin@vyl.fi<\/a><\/p>\n<\/div>\n\n\n\n<div class=\"wp-block-lala-blocks-lala-infobox-with-title\">\n<h2 class=\"wp-block-heading\"><strong>Lis\u00e4tiedot TAPAHTUMASTA:<\/strong><\/h2>\n\n\n\n<p>Taavi Forssell, toiminnanjohtaja, +358 40 197 1273,&nbsp;<a href=\"mailto:taavi.forssell@vyl.fi\">taavi.forssell@vyl.fi<\/a><br>Heidi Ovaska, tapahtumap\u00e4\u00e4llikk\u00f6, +358 40 592 5810, heidi.ovaska@vyl.fi<\/p>\n<\/div>\n\n\n\n<p><br><\/p>\n\n\n\n<p><\/p>\n","protected":false},"excerpt":{"rendered":"<p>Tervetuloa&nbsp;viheralan valtakunnalliseen ykk\u00f6stapahtumaan! Viheralan suurin seminaari- ja messutapahtuma Viherp\u00e4iv\u00e4t j\u00e4rjestet\u00e4\u00e4n Jyv\u00e4skyl\u00e4ss\u00e4 10.-11.2.2027. Vuodesta 1980 l\u00e4htien j\u00e4rjestetty tapahtuma kokoaa yhteen viheralan ammattilaiset ja se on vakiinnuttanut paikkansa viheralan t\u00e4rkeimp\u00e4n\u00e4 koulutus-, n\u00e4yttely- ja kontaktitapahtumana. Edellisen kerran Viherp\u00e4iv\u00e4t j\u00e4rjestettiin helmikuussa 2026. Teemana \u201dEl\u00e4m\u00e4n mittainen viheralue &#8211; jokaiselle\u201d&nbsp; N\u00e4ytteilleasettajana saat yrityksellesi parhaan mahdollisen n\u00e4kyvyyden ja mahdollisuuden verkostoitua t\u00e4rkeimpien alan [&hellip;]<\/p>\n","protected":false},"author":7,"featured_media":3141,"parent":0,"menu_order":0,"comment_status":"closed","ping_status":"closed","template":"","meta":{"_acf_changed":false,"_relevanssi_hide_post":"","_relevanssi_hide_content":"","_relevanssi_pin_for_all":"","_relevanssi_pin_keywords":"","_relevanssi_unpin_keywords":"","_relevanssi_related_keywords":"","_relevanssi_related_include_ids":"","_relevanssi_related_exclude_ids":"","_relevanssi_related_no_append":"","_relevanssi_related_not_related":"","_relevanssi_related_posts":"667","_relevanssi_noindex_reason":"","footnotes":""},"class_list":["post-16","page","type-page","status-publish","has-post-thumbnail","hentry"],"acf":[],"_links":{"self":[{"href":"https:\/\/www.vyl.fi\/viherpaivat\/wp-json\/wp\/v2\/pages\/16","targetHints":{"allow":["GET"]}}],"collection":[{"href":"https:\/\/www.vyl.fi\/viherpaivat\/wp-json\/wp\/v2\/pages"}],"about":[{"href":"https:\/\/www.vyl.fi\/viherpaivat\/wp-json\/wp\/v2\/types\/page"}],"author":[{"embeddable":true,"href":"https:\/\/www.vyl.fi\/viherpaivat\/wp-json\/wp\/v2\/users\/7"}],"replies":[{"embeddable":true,"href":"https:\/\/www.vyl.fi\/viherpaivat\/wp-json\/wp\/v2\/comments?post=16"}],"version-history":[{"count":53,"href":"https:\/\/www.vyl.fi\/viherpaivat\/wp-json\/wp\/v2\/pages\/16\/revisions"}],"predecessor-version":[{"id":3420,"href":"https:\/\/www.vyl.fi\/viherpaivat\/wp-json\/wp\/v2\/pages\/16\/revisions\/3420"}],"wp:featuredmedia":[{"embeddable":true,"href":"https:\/\/www.vyl.fi\/viherpaivat\/wp-json\/wp\/v2\/media\/3141"}],"wp:attachment":[{"href":"https:\/\/www.vyl.fi\/viherpaivat\/wp-json\/wp\/v2\/media?parent=16"}],"curies":[{"name":"wp","href":"https:\/\/api.w.org\/{rel}","templated":true}]}}

Näytteilleasettajille

<h4 class="wp-block-heading">Tervetuloa&nbsp;viheralan valtakunnalliseen ykköstapahtumaan! Viheralan suurin seminaari- ja messutapahtuma Viherpäivät järjestetään Jyväskylässä 10.-11.2.2027. </h4>



<p>Vuodesta 1980 lähtien järjestetty tapahtuma kokoaa yhteen viheralan ammattilaiset ja se on vakiinnuttanut paikkansa viheralan tärkeimpänä koulutus-, näyttely- ja kontaktitapahtumana. Edellisen kerran Viherpäivät järjestettiin helmikuussa 2026.</p>



<p><strong>Teemana ”Elämän mittainen viheralue &#8211; jokaiselle”&nbsp;</strong></p>



<p>Näytteilleasettajana saat yrityksellesi parhaan mahdollisen näkyvyyden ja mahdollisuuden verkostoitua tärkeimpien alan toimijoiden kanssa. Varaa paikkasi nyt ja varmista, että olet mukana vuoden merkittävimmässä vihreän alan ammattilaistapahtumassa!</p>



<p><strong>NÄYTTELYN KARTTA ON NYT AVOINNA TÄMÄN VUODEN NÄYTTEILLEASETTAJILLE HUHTIKUUN LOPPUUN ASTI. TOUKOKUUN ALUSTA 1.5. ALKAEN NÄYTTELYPAIKAT OVAT KAIKKIEN HALUKKAIDEN VARATTAVISSA ILAN VÄLIMYYNTIEHTOJA!</strong></p>



<p>Varaa paikkasi viheralan suurimmasta ammattilastapahtumasta. Edellisellä kerralla kaikki näyttelypaikat varattiin loppuun jo ennen vuoden vaihtumista, joten tänä vuonnakin osaston suhteen kannattaa olla ajoissa. </p>



<p><a href="https://www.vyl.fi/viherpaivat/naytteilleasettajille/osastopaikat/" data-type="link" data-id="https://www.vyl.fi/viherpaivat/naytteilleasettajille/osastopaikat/">Tutustu näyttelykarttaan ja varaa paikka tästä.</a></p>



<p>Näyttelyehtoihin ja hinnastoon voit tutustua <a href="https://www.vyl.fi/viherpaivat/naytteilleasettajille/nayttelyehdot/" data-type="link" data-id="https://www.vyl.fi/viherpaivat/naytteilleasettajille/nayttelyehdot/">tämän linkin kautta.</a></p>



<p></p>



<p></p>



<p><strong>TUTUSTU VODEN 2026 TUNNELMIIN JA TILASTOIHIN</strong></p>



<figure class="wp-block-embed is-type-video is-provider-youtube wp-block-embed-youtube wp-embed-aspect-16-9 wp-has-aspect-ratio"><div class="wp-block-embed__wrapper">
<iframe loading="lazy" title="Viherpäivät 2026" width="800" height="450" src="https://www.youtube.com/embed/x2WraCODXK4?feature=oembed" frameborder="0" allow="accelerometer; autoplay; clipboard-write; encrypted-media; gyroscope; picture-in-picture; web-share" referrerpolicy="strict-origin-when-cross-origin" allowfullscreen></iframe>
</div></figure>



<p><br><strong>TILASTOTIETOA 2026</strong> / <strong>Viherpäivät yhteistyössä Talvitiepäivät</strong><br><br>Yksittäisiä näyttelykävijöitä n. 3 100 kpl<br>Yksittäisiä seminaarikävijöitä n. 800 kpl<br>ViherGaalaan osallistujia n.  600 kpl</p>



<p><strong>Viherpäivillä tehdään päätöksiä, luodaan suhteita ja kasvatetaan osaamista</strong></p>



<p>Viherpäivät kokoavat vuosittain yhteen viherympäristöjen rakentamisen, suunnittelun, kunnossapidon ja kehittämisen asiantuntijat – opiskelijoista kokeneisiin ammattilaisiin. Tänä vuonna tapahtuman teemana oli <strong>Hyvinvointi rakentuu elävässä ympäristössä</strong>. Tässä koontia palautekyselyn vastauksista.</p>



<ul class="wp-block-list">
<li>98 % osallistujista suosittelisi tapahtumaa muille.</li>



<li>79 % osallistujista tuli kehittämään omaa osaamistaan ja päivittämään ammattitaitoaan.</li>



<li>Yli 67 % osallistujista tuli luomaan uusia kontakteja, ja lähes yhtä moni (52 %) tutustumaan ajankohtaisiin tuotteisiin ja palveluihin.</li>



<li>Myös yhteistyökumppaneiden kohtaaminen (54 %) ja sosiaalinen verkostoituminen (38 %) nousivat tärkeiksi osallistumissyiksi.</li>



<li>Osallistujista 32 % toimi yksityisellä sektorilla ja 47 % julkisella sektorilla, erityisesti viheralueiden rakentamisen, suunnittelun, kuntatekniikan ja kaupunkisuunnittelun parissa, mukana oli myös alan opiskelijoita (11 %).</li>



<li>Yksityinen sektori: Viheralueiden rakentaminen 26%, suunnittelu 25% ja arkkitehtyyri ja konsultointi 15%</li>



<li>Julkinen sektorI: Kuntatekniikka, kunnossapidon tuottajat 35 %, kaupunkisuunnittelu 23 % ja tilaajat 23%</li>



<li>Lähes 71 % osallistujista kertoi vaikuttavansa hankintapäätöksiin omassa organisaatiossaan.</li>
</ul>



<p>Kyselyyn vastasi 282 henkilöä.</p>



<h2 class="wp-block-heading">Ota kaikki hyödyt käyttöön!</h2>



<p><strong>9 syytä / mahdollisuutta hyödynnettäväksi näytteilleasettajana:</strong></p>



<p><strong>1. Liiketoimintaverkostojen laajentaminen</strong></p>



<p>Viheralan suurin ammattilaistapahtuma Viherpäivät kokoavat yhteen vihreän alan ammattilaiset, päätöksentekijät ja vaikuttajat. Näytteilleasettajana saat ainutlaatuisen mahdollisuuden solmia uusia asiakas- ja yhteistyösuhteita omien tavoitteidenne mukaisesti.</p>



<p><strong>2. Myynnin ja markkinointiviestinnän vahvistaminen</strong></p>



<p>Messut ovat tehokas kanava esitellä tuotteita ja palveluita suoraan potentiaalisille asiakkaille ja eri sidosryhmille. Voit tavoittaa kohderyhmäsi kasvokkain, lisätä tunnettuuttasi ja kasvattaa brändimielikuvaa sekä myyntiäsi.</p>



<p><strong>3. Yhteistyön kehittäminen</strong></p>



<p>Viherpäivät tarjoavat loistavan alustan myös strategisten kumppanuuksien luomiseen. Olipa kyseessä näkyvyyden vahvistaminen, yhteiset kampanjat tai tapahtumayhteistyö, Viherpäivät auttavat sinua löytämään oikeat yhteistyökumppanit.</p>



<p><strong>4. Brändisi tunnettuuden kasvattaminen</strong></p>



<p>Näytteilleasettajana ammattilisille suunnatussa tapahtumassa saat näkyvyyttä kohdennetussa ympäristössä, jossa osallistujat ovat aidosti kiinnostuneita alastasi, tuotteista ja palveluista.</p>



<p><strong>5. Alan asiantuntijana esiintyminen</strong></p>



<p>Osallistumalla Viherpäiville vahvistat yrityksesi asemaa alan asiantuntijana ja luot vaikutusvaltaisia kontakteja.</p>



<p><strong>6. Uusien innovaatioiden ja trendien hyödyntäminen</strong></p>



<p>Messut ovat myös oppimisen paikka – kuulet alan uusimmista innovaatioista, trendeistä ja kehityssuunnista ensimmäisten joukossa. Kannattaa siis ehdottomasti hyödyntää Viherpäivien seminaarien tarjonta ja tapahtuma-alueella olevat keskustelut ja puheenvuorot.</p>



<p><strong>7. Asiakassuhteiden vahvistaminen</strong></p>



<p>Tapahtuma tarjoaa loistavan mahdollisuuden syventää asiakassuhteita, esitellä uusia ratkaisuja ja saada suoraa palautetta asiakkailtasi.</p>



<p><strong>8. Kilpailuedun saavuttaminen</strong></p>



<p>Viherpäivät ovat paikka, jossa kilpailijatkin ovat läsnä. Näytteilleasettajana varmistat, että juuri sinun yrityksesi erottuu edukseen.</p>



<p><strong>9. Mahdollisuus vaikuttaa ja inspiroida</strong></p>



<p>Näytteilleasettajana voit olla mukana luomassa vihreän alan tulevaisuutta ja innostaa muita kestävillä ja innovatiivisilla ratkaisuillasi.</p>



<p><strong>Kiinnostaisiko teitä Viherpäivien yhteistyökumppanuus?</strong></p>



<p>Viherpäivät tarjoavat monipuolisia yhteistyömahdollisuuksia yrityksille ja yhteisöille, jotka haluavat erottua ja vaikuttaa alalla. Ota yhteyttä ja räätälöidään yhdessä teille opiva kumppanuuspaketti!</p>



<p>Oikeudet muutoksiin pidätetään.</p>



<div class="wp-block-lala-blocks-lala-infobox-with-title">
<h2 class="wp-block-heading"><strong>Osastojen varaukset ja myynti:</strong></h2>



<p>Asiakkuuspäällikkö Juha Lecklin, puh. 044 901 9153,&nbsp;<a href="mailto:juha.lecklin@vyl.fi">juha.lecklin@vyl.fi</a></p>
</div>



<div class="wp-block-lala-blocks-lala-infobox-with-title">
<h2 class="wp-block-heading"><strong>Lisätiedot TAPAHTUMASTA:</strong></h2>



<p>Taavi Forssell, toiminnanjohtaja, +358 40 197 1273,&nbsp;<a href="mailto:taavi.forssell@vyl.fi">taavi.forssell@vyl.fi</a><br>Heidi Ovaska, tapahtumapäällikkö, +358 40 592 5810, heidi.ovaska@vyl.fi</p>
</div>



<p><br></p>



<p></p>

<p>Tervetuloa&nbsp;viheralan valtakunnalliseen ykköstapahtumaan! Viheralan suurin seminaari- ja messutapahtuma Viherpäivät järjestetään Jyväskylässä 10.-11.2.2027. Vuodesta 1980 lähtien järjestetty tapahtuma kokoaa yhteen viheralan ammattilaiset ja se on vakiinnuttanut paikkansa viheralan tärkeimpänä koulutus-, näyttely- ja kontaktitapahtumana. Edellisen kerran Viherpäivät järjestettiin helmikuussa 2026. Teemana ”Elämän mittainen viheralue &#8211; jokaiselle”&nbsp; Näytteilleasettajana saat yrityksellesi parhaan mahdollisen näkyvyyden ja mahdollisuuden verkostoitua tärkeimpien alan [&hellip;]</p>
