{"id":3364,"date":"2026-04-09T11:11:28","date_gmt":"2026-04-09T08:11:28","guid":{"rendered":"https:\/\/www.vyl.fi\/viherpaivat\/?page_id=3364"},"modified":"2026-04-09T11:26:28","modified_gmt":"2026-04-09T08:26:28","slug":"ohjelmataulukko-2026","status":"publish","type":"page","link":"https:\/\/www.vyl.fi\/viherpaivat\/ohjelmataulukko-2026\/","title":{"rendered":"Viherp\u00e4ivien ohjelmataulukko 2026"},"content":{"rendered":"\n<p>Tervetuloa Viherp\u00e4iville! T\u00e4lt\u00e4 sivulta l\u00f6yd\u00e4t vuoden 2026 ohjelman taulukkomuodossa.<\/p>\n\n\n\n<div class=\"wp-block-buttons is-layout-flex wp-block-buttons-is-layout-flex\">\n<div class=\"wp-block-button\"><a class=\"wp-block-button__link wp-element-button\" href=\"javascript:if(window.print)window.print()\">Tulosta ohjelma<\/a><\/div>\n<\/div>\n\n\n\n<p><a href=\"https:\/\/www.vyl.fi\/viherpaivat\/etusivu\/ohjelma\/\" data-type=\"page\" data-id=\"37\">Listamuotoiseen ohjelmaan<\/a><\/p>\n","protected":false},"excerpt":{"rendered":"<p>Tervetuloa Viherp\u00e4iville! T\u00e4lt\u00e4 sivulta l\u00f6yd\u00e4t vuoden 2026 ohjelman taulukkomuodossa. Listamuotoiseen ohjelmaan<\/p>\n","protected":false},"author":1,"featured_media":0,"parent":0,"menu_order":0,"comment_status":"closed","ping_status":"closed","template":"page-all-events-table.php","meta":{"_acf_changed":false,"_relevanssi_hide_post":"","_relevanssi_hide_content":"","_relevanssi_pin_for_all":"","_relevanssi_pin_keywords":"","_relevanssi_unpin_keywords":"","_relevanssi_related_keywords":"","_relevanssi_related_include_ids":"","_relevanssi_related_exclude_ids":"","_relevanssi_related_no_append":"","_relevanssi_related_not_related":"","_relevanssi_related_posts":"","_relevanssi_noindex_reason":"","footnotes":""},"class_list":["post-3364","page","type-page","status-publish","hentry"],"acf":[],"_links":{"self":[{"href":"https:\/\/www.vyl.fi\/viherpaivat\/wp-json\/wp\/v2\/pages\/3364","targetHints":{"allow":["GET"]}}],"collection":[{"href":"https:\/\/www.vyl.fi\/viherpaivat\/wp-json\/wp\/v2\/pages"}],"about":[{"href":"https:\/\/www.vyl.fi\/viherpaivat\/wp-json\/wp\/v2\/types\/page"}],"author":[{"embeddable":true,"href":"https:\/\/www.vyl.fi\/viherpaivat\/wp-json\/wp\/v2\/users\/1"}],"replies":[{"embeddable":true,"href":"https:\/\/www.vyl.fi\/viherpaivat\/wp-json\/wp\/v2\/comments?post=3364"}],"version-history":[{"count":11,"href":"https:\/\/www.vyl.fi\/viherpaivat\/wp-json\/wp\/v2\/pages\/3364\/revisions"}],"predecessor-version":[{"id":3378,"href":"https:\/\/www.vyl.fi\/viherpaivat\/wp-json\/wp\/v2\/pages\/3364\/revisions\/3378"}],"wp:attachment":[{"href":"https:\/\/www.vyl.fi\/viherpaivat\/wp-json\/wp\/v2\/media?parent=3364"}],"curies":[{"name":"wp","href":"https:\/\/api.w.org\/{rel}","templated":true}]}}

Viherpäivien ohjelmataulukko 2026

<p>Tervetuloa Viherpäiville! Tältä sivulta löydät vuoden 2026 ohjelman taulukkomuodossa.</p>



<div class="wp-block-buttons is-layout-flex wp-block-buttons-is-layout-flex">
<div class="wp-block-button"><a class="wp-block-button__link wp-element-button" href="javascript:if(window.print)window.print()">Tulosta ohjelma</a></div>
</div>



<p><a href="https://www.vyl.fi/viherpaivat/etusivu/ohjelma/" data-type="page" data-id="37">Listamuotoiseen ohjelmaan</a></p>

<p>Tervetuloa Viherpäiville! Tältä sivulta löydät vuoden 2026 ohjelman taulukkomuodossa. Listamuotoiseen ohjelmaan</p>
