{"id":37,"date":"2024-08-26T13:17:05","date_gmt":"2024-08-26T10:17:05","guid":{"rendered":"https:\/\/u79114.www2.webdomain.fi\/viherpaivat\/?page_id=37"},"modified":"2026-04-02T09:27:11","modified_gmt":"2026-04-02T06:27:11","slug":"ohjelma","status":"publish","type":"page","link":"https:\/\/www.vyl.fi\/viherpaivat\/etusivu\/ohjelma\/","title":{"rendered":"Ohjelma 2026"},"content":{"rendered":"\n<p>Tervetuloa Viherp\u00e4iville! T\u00e4lt\u00e4 sivustolta l\u00f6yd\u00e4t p\u00e4ivitetyt tiedot Viherp\u00e4ivien 2026 seminaariohjelmasta, n\u00e4yttelyn ohjelmasta, n\u00e4ytteilleasettajista, illallisen k\u00e4yt\u00e4nteist\u00e4 ja yhteisty\u00f6kumppaneista.<\/p>\n\n\n\n<p>Tapahtuman aikana p\u00e4\u00e4set sivuille helpoiten k\u00e4ytt\u00e4m\u00e4ll\u00e4 aulatilojen inforuuduilta n\u00e4kyv\u00e4\u00e4 QR-koodia.<\/p>\n\n\n\n<p>HUOM! Olemme vaihtaneet toisen seminaarisalin paikkaa. Seminaarisali SALUS sijaitsee n\u00e4yttelyhalli B:n takaosassa, jonne kuljetaan hallin l\u00e4pi. B-hallin takaosassa sijaitsee my\u00f6s Talvitiep\u00e4ivien seminaarisali. Iso seminaarisali ENCORE sijaitsee entisess\u00e4 paikassaan Paviljongin 2. kerroksessa, sis\u00e4\u00e4nk\u00e4ynti narikoiden v\u00e4lisist\u00e4 portaista tai hissill\u00e4 aulasta 2. kerrokseen. <\/p>\n\n\n\n<p>Viherp\u00e4ivien ja Talvitiep\u00e4ivien koko ohjelma (Talvitiep\u00e4ivien ja Viherp\u00e4ivien seminaarit sek\u00e4 n\u00e4yttelyn ohjelma) l\u00f6ytyy helposti taulukkomuodossa Talvitiep\u00e4ivien sivuilta.<\/p>\n\n\n\n<p><em>J\u00e4rjest\u00e4j\u00e4t pid\u00e4tt\u00e4v\u00e4t oikeuden muutoksiin. <\/em><\/p>\n","protected":false},"excerpt":{"rendered":"<p>Tervetuloa Viherp\u00e4iville! T\u00e4lt\u00e4 sivustolta l\u00f6yd\u00e4t p\u00e4ivitetyt tiedot Viherp\u00e4ivien 2026 seminaariohjelmasta, n\u00e4yttelyn ohjelmasta, n\u00e4ytteilleasettajista, illallisen k\u00e4yt\u00e4nteist\u00e4 ja yhteisty\u00f6kumppaneista. Tapahtuman aikana p\u00e4\u00e4set sivuille helpoiten k\u00e4ytt\u00e4m\u00e4ll\u00e4 aulatilojen inforuuduilta n\u00e4kyv\u00e4\u00e4 QR-koodia. HUOM! Olemme vaihtaneet toisen seminaarisalin paikkaa. Seminaarisali SALUS sijaitsee n\u00e4yttelyhalli B:n takaosassa, jonne kuljetaan hallin l\u00e4pi. B-hallin takaosassa sijaitsee my\u00f6s Talvitiep\u00e4ivien seminaarisali. Iso seminaarisali ENCORE sijaitsee entisess\u00e4 paikassaan [&hellip;]<\/p>\n","protected":false},"author":7,"featured_media":0,"parent":97,"menu_order":20,"comment_status":"closed","ping_status":"closed","template":"page-all-events.php","meta":{"_acf_changed":false,"_relevanssi_hide_post":"","_relevanssi_hide_content":"","_relevanssi_pin_for_all":"","_relevanssi_pin_keywords":"","_relevanssi_unpin_keywords":"","_relevanssi_related_keywords":"","_relevanssi_related_include_ids":"","_relevanssi_related_exclude_ids":"","_relevanssi_related_no_append":"","_relevanssi_related_not_related":"","_relevanssi_related_posts":"135,161,158","_relevanssi_noindex_reason":"","footnotes":""},"class_list":["post-37","page","type-page","status-publish","hentry"],"acf":[],"_links":{"self":[{"href":"https:\/\/www.vyl.fi\/viherpaivat\/wp-json\/wp\/v2\/pages\/37","targetHints":{"allow":["GET"]}}],"collection":[{"href":"https:\/\/www.vyl.fi\/viherpaivat\/wp-json\/wp\/v2\/pages"}],"about":[{"href":"https:\/\/www.vyl.fi\/viherpaivat\/wp-json\/wp\/v2\/types\/page"}],"author":[{"embeddable":true,"href":"https:\/\/www.vyl.fi\/viherpaivat\/wp-json\/wp\/v2\/users\/7"}],"replies":[{"embeddable":true,"href":"https:\/\/www.vyl.fi\/viherpaivat\/wp-json\/wp\/v2\/comments?post=37"}],"version-history":[{"count":41,"href":"https:\/\/www.vyl.fi\/viherpaivat\/wp-json\/wp\/v2\/pages\/37\/revisions"}],"predecessor-version":[{"id":3357,"href":"https:\/\/www.vyl.fi\/viherpaivat\/wp-json\/wp\/v2\/pages\/37\/revisions\/3357"}],"up":[{"embeddable":true,"href":"https:\/\/www.vyl.fi\/viherpaivat\/wp-json\/wp\/v2\/pages\/97"}],"wp:attachment":[{"href":"https:\/\/www.vyl.fi\/viherpaivat\/wp-json\/wp\/v2\/media?parent=37"}],"curies":[{"name":"wp","href":"https:\/\/api.w.org\/{rel}","templated":true}]}}