{"id":46,"date":"2024-08-26T13:20:47","date_gmt":"2024-08-26T10:20:47","guid":{"rendered":"https:\/\/u79114.www2.webdomain.fi\/viherpaivat\/?page_id=46"},"modified":"2025-12-05T15:00:29","modified_gmt":"2025-12-05T13:00:29","slug":"yhteistyokumppanit","status":"publish","type":"page","link":"https:\/\/www.vyl.fi\/viherpaivat\/etusivu\/yhteistyokumppanit\/","title":{"rendered":"Yhteisty\u00f6kumppanit 2026"},"content":{"rendered":"\n<h2 class=\"wp-block-heading\">P\u00e4\u00e4yhteisty\u00f6kumppani<\/h2>\n\n\n\n<p class=\"wp-block-lala-blocks-lala-ingressi\"><strong>Hyvinvointia el\u00e4v\u00e4ss\u00e4 ymp\u00e4rist\u00f6ss\u00e4 \u2013 Lappset Viherp\u00e4ivien p\u00e4\u00e4yhteisty\u00f6kumppanina 2026<\/strong><\/p>\n\n\n\n<p class=\"has-medium-font-size\"><em>Lappset on yli 50 vuoden ajan tuonut liikkeen, leikin ja laadukkaiden ulkotilojen ratkaisut osaksi arkea, luoden aikaa kest\u00e4vi\u00e4 ymp\u00e4rist\u00f6j\u00e4, jotka tukevat eri-ik\u00e4isten hyvinvointia ja vahvistavat syd\u00e4men sykett\u00e4. Perheyrityksen juuret ja p\u00e4\u00e4konttori ovat Rovaniemell\u00e4, ja toiminta perustuu suomalaiseen muotoiluun, kest\u00e4viin materiaaleihin ja k\u00e4ytt\u00e4j\u00e4l\u00e4ht\u00f6iseen suunnitteluun.<\/em><\/p>\n\n\n\n<p><em>Lappset esittelee uuden Prime-tuotesarjan, joka tuo viherymp\u00e4rist\u00f6ihin leikkis\u00e4\u00e4 suomalaista muotoilua, inklusiivisia ratkaisuja ja l\u00e4pin\u00e4kyv\u00e4sti vastuullisia materiaalivalintoja. Prime tarjoaa kustannustehokkaita ja muokattavia mahdollisuuksia erilaisiin puistoihin, kaupunkitiloihin ja teemapuistoihin. Mukana on my\u00f6s ratkaisu, joka tuo leikkipaikoille ripauksen taikuutta.<\/em><\/p>\n\n\n\n<p><em>Lappsetin osastolla n\u00e4hd\u00e4\u00e4n lis\u00e4ksi Kisakalliosta tuttu osa taitoaluekokonaisuudesta, joka havainnollistaa motorisia taitoja kehitt\u00e4vi\u00e4 ja aktiivista hyvinvointia tukevia ratkaisuja.<\/em><\/p>\n\n\n\n<p><em>Tervetuloa keskustelemaan inklusiivisuudesta, kest\u00e4vist\u00e4 materiaalivalinnoista ja siit\u00e4, miten Lappset rakentaa el\u00e4v\u00e4\u00e4, osallistavaa ja hyvinvointia tukevaa viherymp\u00e4rist\u00f6\u00e4 \u2013 nyt ja tulevaisuudessa. L\u00f6yd\u00e4t Lappsetin osastolta C115.<\/em><\/p>\n\n\n\n<p class=\"has-medium-font-size\"><em>Lappset iloitsee mahdollisuudesta toimia Viherp\u00e4ivien p\u00e4\u00e4yhteisty\u00f6kumppanina ja olla mukana rakentamassa tulevaisuuden viherymp\u00e4rist\u00f6j\u00e4 yhdess\u00e4 alan ammattilaisten kanssa.<\/em><\/p>\n\n\n\n<div class=\"wp-block-buttons is-layout-flex wp-block-buttons-is-layout-flex\">\n<div class=\"wp-block-button\"><a class=\"wp-block-button__link wp-element-button\" href=\"https:\/\/youtu.be\/XywI20rf6Wg?si=DpjcgXozEWSetqgJ\" target=\"_blank\" rel=\"noreferrer noopener\">Katso video<\/a><\/div>\n<\/div>\n\n\n\n<div class=\"wp-block-buttons is-layout-flex wp-block-buttons-is-layout-flex\">\n<div class=\"wp-block-button\"><a class=\"wp-block-button__link wp-element-button\" href=\"https:\/\/www.lappset.com\/fi-FI\" target=\"_blank\" rel=\"noreferrer noopener\">Lue lis\u00e4\u00e4 p\u00e4\u00e4yhteisty\u00f6kumppanistamme<\/a><\/div>\n<\/div>\n\n\n\n<figure class=\"wp-block-image size-large is-resized\"><a href=\"https:\/\/www.lappset.com\/fi-FI\"><img loading=\"lazy\" decoding=\"async\" width=\"1024\" height=\"263\" src=\"https:\/\/www.vyl.fi\/viherpaivat\/wp-content\/uploads\/sites\/3\/2024\/11\/Lappset_Logo_slogan_below-002-1024x263.png\" alt=\"\" class=\"wp-image-1020\" style=\"width:400px\" srcset=\"https:\/\/www.vyl.fi\/viherpaivat\/wp-content\/uploads\/sites\/3\/2024\/11\/Lappset_Logo_slogan_below-002-1024x263.png 1024w, https:\/\/www.vyl.fi\/viherpaivat\/wp-content\/uploads\/sites\/3\/2024\/11\/Lappset_Logo_slogan_below-002-300x77.png 300w, https:\/\/www.vyl.fi\/viherpaivat\/wp-content\/uploads\/sites\/3\/2024\/11\/Lappset_Logo_slogan_below-002-768x197.png 768w, https:\/\/www.vyl.fi\/viherpaivat\/wp-content\/uploads\/sites\/3\/2024\/11\/Lappset_Logo_slogan_below-002-1536x395.png 1536w, https:\/\/www.vyl.fi\/viherpaivat\/wp-content\/uploads\/sites\/3\/2024\/11\/Lappset_Logo_slogan_below-002-2048x526.png 2048w\" sizes=\"(max-width: 1024px) 100vw, 1024px\" \/><\/a><\/figure>\n\n\n\n<h2 class=\"wp-block-heading\">YHTEISTY\u00d6KUMPPANI <\/h2>\n\n\n\n<p><strong>Rudus \u2013 Kest\u00e4v\u00e4t ratkaisut ymp\u00e4rist\u00f6rakentamiseen<\/strong><br>Rudus on suomalainen betoniratkaisujen asiantuntija, joka tukee ammattilaisia laadukkaiden ja ilmastoviisaiden rakenteiden suunnittelussa ja toteutuksessa. Meid\u00e4n tavoitteemme on olla mukana luomassa rakenteita ja ulkotiloja, jotka kest\u00e4v\u00e4t aikaa ja tukevat kest\u00e4v\u00e4\u00e4 kaupunki- ja ymp\u00e4rist\u00f6rakentamista.<\/p>\n\n\n\n<p>Esittelemme Viherp\u00e4ivill\u00e4 Veden polku -ratkaisukokonaisuuden, joka tarjoaa kattavan l\u00e4hestymistavan hulevesien hallintaan ymp\u00e4rist\u00f6- ja infrarakentamisessa. Keskeinen osa kokonaisuutta on suunnittelijoita palveleva ratkaisukirjasto, josta kerromme lis\u00e4\u00e4 Viherymp\u00e4rist\u00f6-areenalla <strong>keskiviikkona 11.2. klo 13:50-14:00<\/strong><\/p>\n\n\n\n<p>Lanseeraamme Viherp\u00e4ivill\u00e4 kiviuutuuden, Lumo-Gaalan, joka tuo suunnitteluun uudenlaista vapautta ja visuaalista ilmett\u00e4. Lumo-Gaalassa yhdistyv\u00e4t esteettisyys ja toiminnallisuus, ja se t\u00e4ydent\u00e4\u00e4 nurmi- ja hulevesikivien valikoimaa.<\/p>\n\n\n\n<p>Olemme panostaneet vahvasti <strong>v\u00e4h\u00e4hiilisten tuotteiden kehitykseen<\/strong>, jotta rakentamisen hiilijalanj\u00e4lki pienenee ja kest\u00e4v\u00e4t ratkaisut yleistyv\u00e4t. Pihakivemme tarjoavat suunnittelijoille ja rakentajille monipuolisia mahdollisuuksia yhdist\u00e4\u00e4 toiminnallisuus, muoto ja ekologisuus.<\/p>\n\n\n\n<p>Tervetuloa keskustelemaan v\u00e4h\u00e4hiilisist\u00e4 ratkaisuista, hulevesien hallinnasta sek\u00e4 tuoteuutuuksista ja siit\u00e4, miten Rudus voi tukea ymp\u00e4rist\u00f6suunnittelun ja -rakentamisen tavoitteita. L\u00f6yd\u00e4t Ruduksen osastolta <strong>B429<\/strong>.<\/p>\n\n\n\n<p>Rudus on innolla mukana Viherp\u00e4ivill\u00e4 ja ViherGaala -tapahtumassa. N\u00e4hd\u00e4\u00e4n pian!<\/p>\n\n\n\n<div class=\"wp-block-buttons is-layout-flex wp-block-buttons-is-layout-flex\">\n<div class=\"wp-block-button\"><a class=\"wp-block-button__link wp-element-button\" href=\"https:\/\/www.rudus.fi\/pihakivet\" target=\"_blank\" rel=\"noreferrer noopener\">Katso verkkosivumme<\/a><\/div>\n\n\n\n<div class=\"wp-block-button\"><a class=\"wp-block-button__link wp-element-button\" href=\"https:\/\/youtu.be\/l3NT2QYQ2tY?si=CYRGxu-bYjCExO5x\" target=\"_blank\" rel=\"noreferrer noopener\">Katso video<\/a><\/div>\n<\/div>\n\n\n\n<figure class=\"wp-block-image size-large is-resized\"><img loading=\"lazy\" decoding=\"async\" width=\"1024\" height=\"533\" src=\"https:\/\/www.vyl.fi\/viherpaivat\/wp-content\/uploads\/sites\/3\/2025\/12\/Rudus_Formento_RGB-1024x533.png\" alt=\"\" class=\"wp-image-2414\" style=\"width:250px\" srcset=\"https:\/\/www.vyl.fi\/viherpaivat\/wp-content\/uploads\/sites\/3\/2025\/12\/Rudus_Formento_RGB-1024x533.png 1024w, https:\/\/www.vyl.fi\/viherpaivat\/wp-content\/uploads\/sites\/3\/2025\/12\/Rudus_Formento_RGB-300x156.png 300w, https:\/\/www.vyl.fi\/viherpaivat\/wp-content\/uploads\/sites\/3\/2025\/12\/Rudus_Formento_RGB-768x400.png 768w, https:\/\/www.vyl.fi\/viherpaivat\/wp-content\/uploads\/sites\/3\/2025\/12\/Rudus_Formento_RGB-1536x800.png 1536w, https:\/\/www.vyl.fi\/viherpaivat\/wp-content\/uploads\/sites\/3\/2025\/12\/Rudus_Formento_RGB-2048x1066.png 2048w\" sizes=\"(max-width: 1024px) 100vw, 1024px\" \/><\/figure>\n","protected":false},"excerpt":{"rendered":"<p>P\u00e4\u00e4yhteisty\u00f6kumppani Lappset on yli 50 vuoden ajan tuonut liikkeen, leikin ja laadukkaiden ulkotilojen ratkaisut osaksi arkea, luoden aikaa kest\u00e4vi\u00e4 ymp\u00e4rist\u00f6j\u00e4, jotka tukevat eri-ik\u00e4isten hyvinvointia ja vahvistavat syd\u00e4men sykett\u00e4. Perheyrityksen juuret ja p\u00e4\u00e4konttori ovat Rovaniemell\u00e4, ja toiminta perustuu suomalaiseen muotoiluun, kest\u00e4viin materiaaleihin ja k\u00e4ytt\u00e4j\u00e4l\u00e4ht\u00f6iseen suunnitteluun. Lappset esittelee uuden Prime-tuotesarjan, joka tuo viherymp\u00e4rist\u00f6ihin leikkis\u00e4\u00e4 suomalaista muotoilua, inklusiivisia [&hellip;]<\/p>\n","protected":false},"author":7,"featured_media":2407,"parent":97,"menu_order":48,"comment_status":"closed","ping_status":"closed","template":"","meta":{"_acf_changed":false,"_relevanssi_hide_post":"","_relevanssi_hide_content":"","_relevanssi_pin_for_all":"","_relevanssi_pin_keywords":"","_relevanssi_unpin_keywords":"","_relevanssi_related_keywords":"","_relevanssi_related_include_ids":"","_relevanssi_related_exclude_ids":"","_relevanssi_related_no_append":"","_relevanssi_related_not_related":"","_relevanssi_related_posts":"808,799,943,796,806,794","_relevanssi_noindex_reason":"","footnotes":""},"class_list":["post-46","page","type-page","status-publish","has-post-thumbnail","hentry"],"acf":[],"_links":{"self":[{"href":"https:\/\/www.vyl.fi\/viherpaivat\/wp-json\/wp\/v2\/pages\/46","targetHints":{"allow":["GET"]}}],"collection":[{"href":"https:\/\/www.vyl.fi\/viherpaivat\/wp-json\/wp\/v2\/pages"}],"about":[{"href":"https:\/\/www.vyl.fi\/viherpaivat\/wp-json\/wp\/v2\/types\/page"}],"author":[{"embeddable":true,"href":"https:\/\/www.vyl.fi\/viherpaivat\/wp-json\/wp\/v2\/users\/7"}],"replies":[{"embeddable":true,"href":"https:\/\/www.vyl.fi\/viherpaivat\/wp-json\/wp\/v2\/comments?post=46"}],"version-history":[{"count":27,"href":"https:\/\/www.vyl.fi\/viherpaivat\/wp-json\/wp\/v2\/pages\/46\/revisions"}],"predecessor-version":[{"id":2460,"href":"https:\/\/www.vyl.fi\/viherpaivat\/wp-json\/wp\/v2\/pages\/46\/revisions\/2460"}],"up":[{"embeddable":true,"href":"https:\/\/www.vyl.fi\/viherpaivat\/wp-json\/wp\/v2\/pages\/97"}],"wp:featuredmedia":[{"embeddable":true,"href":"https:\/\/www.vyl.fi\/viherpaivat\/wp-json\/wp\/v2\/media\/2407"}],"wp:attachment":[{"href":"https:\/\/www.vyl.fi\/viherpaivat\/wp-json\/wp\/v2\/media?parent=46"}],"curies":[{"name":"wp","href":"https:\/\/api.w.org\/{rel}","templated":true}]}}

Yhteistyökumppanit 2026

<h2 class="wp-block-heading">Pääyhteistyökumppani</h2>



<p class="wp-block-lala-blocks-lala-ingressi"><strong>Hyvinvointia elävässä ympäristössä – Lappset Viherpäivien pääyhteistyökumppanina 2026</strong></p>



<p class="has-medium-font-size"><em>Lappset on yli 50 vuoden ajan tuonut liikkeen, leikin ja laadukkaiden ulkotilojen ratkaisut osaksi arkea, luoden aikaa kestäviä ympäristöjä, jotka tukevat eri-ikäisten hyvinvointia ja vahvistavat sydämen sykettä. Perheyrityksen juuret ja pääkonttori ovat Rovaniemellä, ja toiminta perustuu suomalaiseen muotoiluun, kestäviin materiaaleihin ja käyttäjälähtöiseen suunnitteluun.</em></p>



<p><em>Lappset esittelee uuden Prime-tuotesarjan, joka tuo viherympäristöihin leikkisää suomalaista muotoilua, inklusiivisia ratkaisuja ja läpinäkyvästi vastuullisia materiaalivalintoja. Prime tarjoaa kustannustehokkaita ja muokattavia mahdollisuuksia erilaisiin puistoihin, kaupunkitiloihin ja teemapuistoihin. Mukana on myös ratkaisu, joka tuo leikkipaikoille ripauksen taikuutta.</em></p>



<p><em>Lappsetin osastolla nähdään lisäksi Kisakalliosta tuttu osa taitoaluekokonaisuudesta, joka havainnollistaa motorisia taitoja kehittäviä ja aktiivista hyvinvointia tukevia ratkaisuja.</em></p>



<p><em>Tervetuloa keskustelemaan inklusiivisuudesta, kestävistä materiaalivalinnoista ja siitä, miten Lappset rakentaa elävää, osallistavaa ja hyvinvointia tukevaa viherympäristöä – nyt ja tulevaisuudessa. Löydät Lappsetin osastolta C115.</em></p>



<p class="has-medium-font-size"><em>Lappset iloitsee mahdollisuudesta toimia Viherpäivien pääyhteistyökumppanina ja olla mukana rakentamassa tulevaisuuden viherympäristöjä yhdessä alan ammattilaisten kanssa.</em></p>



<div class="wp-block-buttons is-layout-flex wp-block-buttons-is-layout-flex">
<div class="wp-block-button"><a class="wp-block-button__link wp-element-button" href="https://youtu.be/XywI20rf6Wg?si=DpjcgXozEWSetqgJ" target="_blank" rel="noreferrer noopener">Katso video</a></div>
</div>



<div class="wp-block-buttons is-layout-flex wp-block-buttons-is-layout-flex">
<div class="wp-block-button"><a class="wp-block-button__link wp-element-button" href="https://www.lappset.com/fi-FI" target="_blank" rel="noreferrer noopener">Lue lisää pääyhteistyökumppanistamme</a></div>
</div>



<figure class="wp-block-image size-large is-resized"><a href="https://www.lappset.com/fi-FI"><img loading="lazy" decoding="async" width="1024" height="263" src="https://www.vyl.fi/viherpaivat/wp-content/uploads/sites/3/2024/11/Lappset_Logo_slogan_below-002-1024x263.png" alt="" class="wp-image-1020" style="width:400px" srcset="https://www.vyl.fi/viherpaivat/wp-content/uploads/sites/3/2024/11/Lappset_Logo_slogan_below-002-1024x263.png 1024w, https://www.vyl.fi/viherpaivat/wp-content/uploads/sites/3/2024/11/Lappset_Logo_slogan_below-002-300x77.png 300w, https://www.vyl.fi/viherpaivat/wp-content/uploads/sites/3/2024/11/Lappset_Logo_slogan_below-002-768x197.png 768w, https://www.vyl.fi/viherpaivat/wp-content/uploads/sites/3/2024/11/Lappset_Logo_slogan_below-002-1536x395.png 1536w, https://www.vyl.fi/viherpaivat/wp-content/uploads/sites/3/2024/11/Lappset_Logo_slogan_below-002-2048x526.png 2048w" sizes="(max-width: 1024px) 100vw, 1024px" /></a></figure>



<h2 class="wp-block-heading">YHTEISTYÖKUMPPANI </h2>



<p><strong>Rudus – Kestävät ratkaisut ympäristörakentamiseen</strong><br>Rudus on suomalainen betoniratkaisujen asiantuntija, joka tukee ammattilaisia laadukkaiden ja ilmastoviisaiden rakenteiden suunnittelussa ja toteutuksessa. Meidän tavoitteemme on olla mukana luomassa rakenteita ja ulkotiloja, jotka kestävät aikaa ja tukevat kestävää kaupunki- ja ympäristörakentamista.</p>



<p>Esittelemme Viherpäivillä Veden polku -ratkaisukokonaisuuden, joka tarjoaa kattavan lähestymistavan hulevesien hallintaan ympäristö- ja infrarakentamisessa. Keskeinen osa kokonaisuutta on suunnittelijoita palveleva ratkaisukirjasto, josta kerromme lisää Viherympäristö-areenalla <strong>keskiviikkona 11.2. klo 13:50-14:00</strong></p>



<p>Lanseeraamme Viherpäivillä kiviuutuuden, Lumo-Gaalan, joka tuo suunnitteluun uudenlaista vapautta ja visuaalista ilmettä. Lumo-Gaalassa yhdistyvät esteettisyys ja toiminnallisuus, ja se täydentää nurmi- ja hulevesikivien valikoimaa.</p>



<p>Olemme panostaneet vahvasti <strong>vähähiilisten tuotteiden kehitykseen</strong>, jotta rakentamisen hiilijalanjälki pienenee ja kestävät ratkaisut yleistyvät. Pihakivemme tarjoavat suunnittelijoille ja rakentajille monipuolisia mahdollisuuksia yhdistää toiminnallisuus, muoto ja ekologisuus.</p>



<p>Tervetuloa keskustelemaan vähähiilisistä ratkaisuista, hulevesien hallinnasta sekä tuoteuutuuksista ja siitä, miten Rudus voi tukea ympäristösuunnittelun ja -rakentamisen tavoitteita. Löydät Ruduksen osastolta <strong>B429</strong>.</p>



<p>Rudus on innolla mukana Viherpäivillä ja ViherGaala -tapahtumassa. Nähdään pian!</p>



<div class="wp-block-buttons is-layout-flex wp-block-buttons-is-layout-flex">
<div class="wp-block-button"><a class="wp-block-button__link wp-element-button" href="https://www.rudus.fi/pihakivet" target="_blank" rel="noreferrer noopener">Katso verkkosivumme</a></div>



<div class="wp-block-button"><a class="wp-block-button__link wp-element-button" href="https://youtu.be/l3NT2QYQ2tY?si=CYRGxu-bYjCExO5x" target="_blank" rel="noreferrer noopener">Katso video</a></div>
</div>



<figure class="wp-block-image size-large is-resized"><img loading="lazy" decoding="async" width="1024" height="533" src="https://www.vyl.fi/viherpaivat/wp-content/uploads/sites/3/2025/12/Rudus_Formento_RGB-1024x533.png" alt="" class="wp-image-2414" style="width:250px" srcset="https://www.vyl.fi/viherpaivat/wp-content/uploads/sites/3/2025/12/Rudus_Formento_RGB-1024x533.png 1024w, https://www.vyl.fi/viherpaivat/wp-content/uploads/sites/3/2025/12/Rudus_Formento_RGB-300x156.png 300w, https://www.vyl.fi/viherpaivat/wp-content/uploads/sites/3/2025/12/Rudus_Formento_RGB-768x400.png 768w, https://www.vyl.fi/viherpaivat/wp-content/uploads/sites/3/2025/12/Rudus_Formento_RGB-1536x800.png 1536w, https://www.vyl.fi/viherpaivat/wp-content/uploads/sites/3/2025/12/Rudus_Formento_RGB-2048x1066.png 2048w" sizes="(max-width: 1024px) 100vw, 1024px" /></figure>

<p>Pääyhteistyökumppani Lappset on yli 50 vuoden ajan tuonut liikkeen, leikin ja laadukkaiden ulkotilojen ratkaisut osaksi arkea, luoden aikaa kestäviä ympäristöjä, jotka tukevat eri-ikäisten hyvinvointia ja vahvistavat sydämen sykettä. Perheyrityksen juuret ja pääkonttori ovat Rovaniemellä, ja toiminta perustuu suomalaiseen muotoiluun, kestäviin materiaaleihin ja käyttäjälähtöiseen suunnitteluun. Lappset esittelee uuden Prime-tuotesarjan, joka tuo viherympäristöihin leikkisää suomalaista muotoilua, inklusiivisia [&hellip;]</p>
