{"id":146,"date":"2025-08-05T15:37:54","date_gmt":"2025-08-05T12:37:54","guid":{"rendered":"https:\/\/u79114.www2.webdomain.fi\/puunhalausviikko\/?page_id=146"},"modified":"2025-08-26T14:03:25","modified_gmt":"2025-08-26T11:03:25","slug":"tietovisa","status":"publish","type":"page","link":"https:\/\/www.vyl.fi\/viherymparisto\/kampanjat\/puunhalausviikko\/tietovisa\/","title":{"rendered":"Puunhalausviikon tietovisa"},"content":{"rendered":"\n<p><em>Luonnonvarakeskus on kehitt\u00e4nyt i-Tree-laskentamenetelm\u00e4n, jolla saadaan tietoa puiden tuottamista ekosysteemipalveluista. Niit\u00e4 ovat esimerkiksi hulevesien hallinta, hiilensidonta, hiilen varastointi sek\u00e4 ilmanpuhdistus. Tuotettuihin palveluihin perustuen voidaan puille laskea my\u00f6s rahallinen arvo \u2013 joka tosin ei huomioi sit\u00e4, miten arvokkaana ihmiset omakohtaisesti kokevat puut ymp\u00e4rist\u00f6ss\u00e4\u00e4n.<\/em><\/p>\n\n\n\n<p><em>T\u00e4ss\u00e4 tietovisassa tutustutaan i-Tree-menetelm\u00e4ll\u00e4 saatuihin tietoihin. Kokeile, miten hyvin osaat arvata oikeat vastaukset!<\/em><\/p>\n\n\n\n<div id=\"watu_quiz\" class=\"quiz-area \">\n<form action=\"\" method=\"post\" class=\"quiz-form \" id=\"quiz-2\" >\n<div class='watu-question' id='question-1'><div class='question-content'><p><span class='watu_num'>1. <\/span><strong>Harry on Kokkolassa Hakalahdenkadulla el\u00e4v\u00e4 m\u00e4nty. Se on noin 17 metri\u00e4 korkea ja sen rungon paksuus rinnankorkeudelta on noin 65 senttimetri\u00e4. Harryn juuristo muodostaa merkitt\u00e4v\u00e4n osan puun kokonaismassasta.<\/strong><\/p>\n<p><img loading=\"lazy\" decoding=\"async\" class=\"alignnone size-medium wp-image-398\" src=\"https:\/\/www.vyl.fi\/viherymparisto\/wp-content\/uploads\/sites\/2\/2025\/08\/Harry-somepohja2-300x300.jpg\" alt=\"\" width=\"300\" height=\"300\" srcset=\"https:\/\/www.vyl.fi\/viherymparisto\/wp-content\/uploads\/sites\/2\/2025\/08\/Harry-somepohja2-300x300.jpg 300w, https:\/\/www.vyl.fi\/viherymparisto\/wp-content\/uploads\/sites\/2\/2025\/08\/Harry-somepohja2-1024x1024.jpg 1024w, https:\/\/www.vyl.fi\/viherymparisto\/wp-content\/uploads\/sites\/2\/2025\/08\/Harry-somepohja2-150x150.jpg 150w, https:\/\/www.vyl.fi\/viherymparisto\/wp-content\/uploads\/sites\/2\/2025\/08\/Harry-somepohja2-768x768.jpg 768w, https:\/\/www.vyl.fi\/viherymparisto\/wp-content\/uploads\/sites\/2\/2025\/08\/Harry-somepohja2-1536x1536.jpg 1536w, https:\/\/www.vyl.fi\/viherymparisto\/wp-content\/uploads\/sites\/2\/2025\/08\/Harry-somepohja2-2048x2048.jpg 2048w, https:\/\/www.vyl.fi\/viherymparisto\/wp-content\/uploads\/sites\/2\/2025\/08\/Harry-somepohja2-826x826.jpg 826w\" sizes=\"(max-width: 300px) 100vw, 300px\" \/><\/p>\n<p><strong>Osaatko arvata, kuinka paljon hulevett\u00e4 Harryn juuristo imee pois katualueelta vuosittain?<\/strong><\/p>\n<\/div><input type='hidden' name='question_id[]' value='4' \/><div class='watu-questions-wrap '><input type='hidden' name='answer_ids[]' class='watu-answer-ids' value='97' \/><div class='watu-question-choice'><input type='radio' name='answer-4[]' id='answer-id-97' class='answer answer-1 php-answer-label answerof-4' value='97' \/>&nbsp;<label for='answer-id-97' id='answer-label-97' class='php-answer-label answer label-1'><span class='answer'>1400 litraa<\/span><\/label><\/div>\n<input type='hidden' name='answer_ids[]' class='watu-answer-ids' value='98' \/><div class='watu-question-choice'><input type='radio' name='answer-4[]' id='answer-id-98' class='answer answer-1 js-answer-label answerof-4' value='98' \/>&nbsp;<label for='answer-id-98' id='answer-label-98' class='js-answer-label answer label-1'><span class='answer'>500 litraa<\/span><\/label><\/div>\n<input type='hidden' name='answer_ids[]' class='watu-answer-ids' value='99' \/><div class='watu-question-choice'><input type='radio' name='answer-4[]' id='answer-id-99' class='answer answer-1 js-answer-label answerof-4' value='99' \/>&nbsp;<label for='answer-id-99' id='answer-label-99' class='js-answer-label answer label-1'><span class='answer'>5000 litraa<\/span><\/label><\/div>\n<\/div><input type='hidden' id='questionType1' value='radio' class=''><div class=\"watu-feedback watu-padded\" id=\"watuQuestionFeedback-1\" style=\"display:none;\"><p><strong><em>Tiesitk\u00f6 ett\u00e4?<br \/>\n<\/em><\/strong><em>Puilla on merkitt\u00e4v\u00e4 teht\u00e4v\u00e4 hulevesien hallinnassa rakennetuilla alueilla. Asfaltti ja muut tiiviit pintamateriaalit eiv\u00e4t ime vett\u00e4, mutta johtamalla vesi n\u00e4ilt\u00e4 pinnoilta puiden kasvualustoihin vesi sek\u00e4 hy\u00f6dytt\u00e4\u00e4 puuta ett\u00e4 auttaa pit\u00e4m\u00e4\u00e4n kadut kuivina. <\/em><\/p>\n<\/div><\/div><div class='watu-question' id='question-2'><div class='question-content'><p><span class='watu_num'>2. <\/span><strong>Koivu nimelt\u00e4 Bettina kasvaa Nokian vanhalla hautausmaalla. Sen vehre\u00e4 latvus kurkottaa 22,5 metrin korkeuteen ja on poikkeuksellisen tehokas hiilensitoja.<\/strong><\/p>\n<p><strong><img loading=\"lazy\" decoding=\"async\" class=\"alignnone size-medium wp-image-424\" src=\"https:\/\/www.vyl.fi\/viherymparisto\/wp-content\/uploads\/sites\/2\/2025\/08\/Bettina-somekuva2-300x300.jpg\" alt=\"\" width=\"300\" height=\"300\" srcset=\"https:\/\/www.vyl.fi\/viherymparisto\/wp-content\/uploads\/sites\/2\/2025\/08\/Bettina-somekuva2-300x300.jpg 300w, https:\/\/www.vyl.fi\/viherymparisto\/wp-content\/uploads\/sites\/2\/2025\/08\/Bettina-somekuva2-1024x1024.jpg 1024w, https:\/\/www.vyl.fi\/viherymparisto\/wp-content\/uploads\/sites\/2\/2025\/08\/Bettina-somekuva2-150x150.jpg 150w, https:\/\/www.vyl.fi\/viherymparisto\/wp-content\/uploads\/sites\/2\/2025\/08\/Bettina-somekuva2-768x768.jpg 768w, https:\/\/www.vyl.fi\/viherymparisto\/wp-content\/uploads\/sites\/2\/2025\/08\/Bettina-somekuva2-1536x1536.jpg 1536w, https:\/\/www.vyl.fi\/viherymparisto\/wp-content\/uploads\/sites\/2\/2025\/08\/Bettina-somekuva2-2048x2048.jpg 2048w, https:\/\/www.vyl.fi\/viherymparisto\/wp-content\/uploads\/sites\/2\/2025\/08\/Bettina-somekuva2-826x826.jpg 826w\" sizes=\"(max-width: 300px) 100vw, 300px\" \/><\/strong><\/p>\n<p><strong>Millaisen m\u00e4\u00e4r\u00e4n arvelisit Bettinan sitovan hiilt\u00e4 joka vuosi?<\/strong><\/p>\n<\/div><input type='hidden' name='question_id[]' value='5' \/><div class='watu-questions-wrap '><input type='hidden' name='answer_ids[]' class='watu-answer-ids' value='100' \/><div class='watu-question-choice'><input type='radio' name='answer-5[]' id='answer-id-100' class='answer answer-2 js-answer-label answerof-5' value='100' \/>&nbsp;<label for='answer-id-100' id='answer-label-100' class='js-answer-label answer label-2'><span class='answer'>2 kg<\/span><\/label><\/div>\n<input type='hidden' name='answer_ids[]' class='watu-answer-ids' value='101' \/><div class='watu-question-choice'><input type='radio' name='answer-5[]' id='answer-id-101' class='answer answer-2 php-answer-label answerof-5' value='101' \/>&nbsp;<label for='answer-id-101' id='answer-label-101' class='php-answer-label answer label-2'><span class='answer'>47 kg<\/span><\/label><\/div>\n<input type='hidden' name='answer_ids[]' class='watu-answer-ids' value='102' \/><div class='watu-question-choice'><input type='radio' name='answer-5[]' id='answer-id-102' class='answer answer-2 js-answer-label answerof-5' value='102' \/>&nbsp;<label for='answer-id-102' id='answer-label-102' class='js-answer-label answer label-2'><span class='answer'>10 kg<\/span><\/label><\/div>\n<\/div><input type='hidden' id='questionType2' value='radio' class=''><div class=\"watu-feedback watu-padded\" id=\"watuQuestionFeedback-2\" style=\"display:none;\"><p><strong><em>Tiesitk\u00f6 ett\u00e4?<\/em><\/strong><\/p>\n<p><em>Puut sitovat ilmasta hiilidioksidia yhteytt\u00e4misprosessissaan. Hiili varastoituu puuhun, jolloin puun hiilivarasto kasvaa. Hiilensidonta on t\u00e4rke\u00e4\u00e4 ilmastonmuutoksen hillitsemiseksi.<\/em><\/p>\n<\/div><\/div><div class='watu-question' id='question-3'><div class='question-content'><p><span class='watu_num'>3. <\/span><strong>Joensuun Asemapuisto Assi-tammi on jyhke\u00e4, l\u00e4hes metrin paksuinen halattava. Assi onkin varastoinut runkoonsa, oksiinsa ja juuristoonsa merkitt\u00e4v\u00e4n m\u00e4\u00e4r\u00e4n hiilt\u00e4.<\/strong><\/p>\n<p><strong><img loading=\"lazy\" decoding=\"async\" class=\"alignnone size-medium wp-image-325\" src=\"https:\/\/www.vyl.fi\/viherymparisto\/wp-content\/uploads\/sites\/2\/2025\/08\/Assi-somekuva2-300x300.jpg\" alt=\"\" width=\"300\" height=\"300\" srcset=\"https:\/\/www.vyl.fi\/viherymparisto\/wp-content\/uploads\/sites\/2\/2025\/08\/Assi-somekuva2-300x300.jpg 300w, https:\/\/www.vyl.fi\/viherymparisto\/wp-content\/uploads\/sites\/2\/2025\/08\/Assi-somekuva2-1024x1024.jpg 1024w, https:\/\/www.vyl.fi\/viherymparisto\/wp-content\/uploads\/sites\/2\/2025\/08\/Assi-somekuva2-150x150.jpg 150w, https:\/\/www.vyl.fi\/viherymparisto\/wp-content\/uploads\/sites\/2\/2025\/08\/Assi-somekuva2-768x768.jpg 768w, https:\/\/www.vyl.fi\/viherymparisto\/wp-content\/uploads\/sites\/2\/2025\/08\/Assi-somekuva2-1536x1536.jpg 1536w, https:\/\/www.vyl.fi\/viherymparisto\/wp-content\/uploads\/sites\/2\/2025\/08\/Assi-somekuva2-2048x2048.jpg 2048w, https:\/\/www.vyl.fi\/viherymparisto\/wp-content\/uploads\/sites\/2\/2025\/08\/Assi-somekuva2-826x826.jpg 826w\" sizes=\"(max-width: 300px) 100vw, 300px\" \/><\/strong><\/p>\n<p><strong>Mutta kuinka suuri tuo m\u00e4\u00e4r\u00e4 onkaan?<\/strong><\/p>\n<\/div><input type='hidden' name='question_id[]' value='6' \/><div class='watu-questions-wrap '><input type='hidden' name='answer_ids[]' class='watu-answer-ids' value='103' \/><div class='watu-question-choice'><input type='radio' name='answer-6[]' id='answer-id-103' class='answer answer-3 php-answer-label answerof-6' value='103' \/>&nbsp;<label for='answer-id-103' id='answer-label-103' class='php-answer-label answer label-3'><span class='answer'>3827 kg<\/span><\/label><\/div>\n<input type='hidden' name='answer_ids[]' class='watu-answer-ids' value='104' \/><div class='watu-question-choice'><input type='radio' name='answer-6[]' id='answer-id-104' class='answer answer-3 js-answer-label answerof-6' value='104' \/>&nbsp;<label for='answer-id-104' id='answer-label-104' class='js-answer-label answer label-3'><span class='answer'>52 784 kg<\/span><\/label><\/div>\n<input type='hidden' name='answer_ids[]' class='watu-answer-ids' value='105' \/><div class='watu-question-choice'><input type='radio' name='answer-6[]' id='answer-id-105' class='answer answer-3 js-answer-label answerof-6' value='105' \/>&nbsp;<label for='answer-id-105' id='answer-label-105' class='js-answer-label answer label-3'><span class='answer'>986 kg<\/span><\/label><\/div>\n<\/div><input type='hidden' id='questionType3' value='radio' class=''><div class=\"watu-feedback watu-padded\" id=\"watuQuestionFeedback-3\" style=\"display:none;\"><p><strong><em>Tiesitko ett\u00e4?<br \/>\n<\/em><\/strong><em>Tammet ovat pitk\u00e4ik\u00e4isi\u00e4 hiilivarastoja. Ne kasvavat suuriksi ja voivat otollisissa olosuhteissa el\u00e4\u00e4 monta sataa vuotta. Aiemmin enimm\u00e4kseen vain Lounais-Suomessa p\u00e4rj\u00e4nnyt tammi on alkanut ilmastonmuutoksen my\u00f6t\u00e4 alkanut levit\u00e4 luontaisesti yh\u00e4 pohjoisemmaksi.<\/em><\/p>\n<\/div><\/div><div class='watu-question' id='question-4'><div class='question-content'><p><span class='watu_num'>4. <\/span><strong>Kookas tamperelainen vuorijalava Toimi varastoi 7500 kg hiilt\u00e4 ja imee 3000 litraa hulevett\u00e4 vuodessa. Se on siis tehokas toimija, ja osallistuu aktiivisesti my\u00f6s kaupunki-ilman puhdistamiseen.<\/strong><\/p>\n<p><strong><img loading=\"lazy\" decoding=\"async\" class=\"alignnone size-medium wp-image-361\" src=\"https:\/\/www.vyl.fi\/viherymparisto\/wp-content\/uploads\/sites\/2\/2025\/08\/toimi-somekuva2-300x300.jpg\" alt=\"\" width=\"300\" height=\"300\" srcset=\"https:\/\/www.vyl.fi\/viherymparisto\/wp-content\/uploads\/sites\/2\/2025\/08\/toimi-somekuva2-300x300.jpg 300w, https:\/\/www.vyl.fi\/viherymparisto\/wp-content\/uploads\/sites\/2\/2025\/08\/toimi-somekuva2-1024x1024.jpg 1024w, https:\/\/www.vyl.fi\/viherymparisto\/wp-content\/uploads\/sites\/2\/2025\/08\/toimi-somekuva2-150x150.jpg 150w, https:\/\/www.vyl.fi\/viherymparisto\/wp-content\/uploads\/sites\/2\/2025\/08\/toimi-somekuva2-768x768.jpg 768w, https:\/\/www.vyl.fi\/viherymparisto\/wp-content\/uploads\/sites\/2\/2025\/08\/toimi-somekuva2-1536x1536.jpg 1536w, https:\/\/www.vyl.fi\/viherymparisto\/wp-content\/uploads\/sites\/2\/2025\/08\/toimi-somekuva2-2048x2048.jpg 2048w, https:\/\/www.vyl.fi\/viherymparisto\/wp-content\/uploads\/sites\/2\/2025\/08\/toimi-somekuva2-826x826.jpg 826w\" sizes=\"(max-width: 300px) 100vw, 300px\" \/><\/strong><\/p>\n<p><strong>Mink\u00e4 verran uskoisit Toimin vehre\u00e4n lehv\u00e4st\u00f6n poistavan ilmansaasteita vuodessa?<\/strong><\/p>\n<\/div><input type='hidden' name='question_id[]' value='7' \/><div class='watu-questions-wrap '><input type='hidden' name='answer_ids[]' class='watu-answer-ids' value='106' \/><div class='watu-question-choice'><input type='radio' name='answer-7[]' id='answer-id-106' class='answer answer-4 js-answer-label answerof-7' value='106' \/>&nbsp;<label for='answer-id-106' id='answer-label-106' class='js-answer-label answer label-4'><span class='answer'>1001 g<\/span><\/label><\/div>\n<input type='hidden' name='answer_ids[]' class='watu-answer-ids' value='107' \/><div class='watu-question-choice'><input type='radio' name='answer-7[]' id='answer-id-107' class='answer answer-4 js-answer-label answerof-7' value='107' \/>&nbsp;<label for='answer-id-107' id='answer-label-107' class='js-answer-label answer label-4'><span class='answer'>200 g<\/span><\/label><\/div>\n<input type='hidden' name='answer_ids[]' class='watu-answer-ids' value='108' \/><div class='watu-question-choice'><input type='radio' name='answer-7[]' id='answer-id-108' class='answer answer-4 php-answer-label answerof-7' value='108' \/>&nbsp;<label for='answer-id-108' id='answer-label-108' class='php-answer-label answer label-4'><span class='answer'>1359 g<\/span><\/label><\/div>\n<\/div><input type='hidden' id='questionType4' value='radio' class=''><div class=\"watu-feedback watu-padded\" id=\"watuQuestionFeedback-4\" style=\"display:none;\"><p><strong><em>Tiesitk\u00f6, ett\u00e4?<\/em><\/strong><\/p>\n<p><em>Puut vaikuttavat paikallisesti ilmanlaadun lis\u00e4ksi my\u00f6s l\u00e4mp\u00f6tilaan. Puut tarjoavat helpottavaa varjoa silloin, kun kova helle piinaa. Laajemmat puustoiset alueet taajamassa ja sen ymp\u00e4rill\u00e4 auttavat my\u00f6s ehk\u00e4isem\u00e4\u00e4n kaupunkeja kes\u00e4isin piinaavaa l\u00e4mp\u00f6saarekeilmi\u00f6t\u00e4, joka nostaa kivisen kaupunkialueen l\u00e4mp\u00f6tilaa usealla asteella verrattuna ymp\u00e4r\u00f6iviin laajoihin viheralueisiin.<\/em><\/p>\n<\/div><\/div><div class='watu-question' id='question-5'><div class='question-content'><p><span class='watu_num'>5. <\/span><strong>H\u00e4meen ammattikorkeakoulun Lepaan kampuksella kasvaa Valle-valkopoppeli. Vallella on kokoa ja n\u00e4k\u00f6\u00e4: sen rungon ymp\u00e4rysmitta on huikeat 5,8 metri\u00e4. I-Tree-laskennan tulosten mukaan Valle sitoo vuosittain 8,1 kg hiilt\u00e4, toimii 7500 kg:n hiilivarastona, poistaa hulevesi\u00e4 6400 litraa ja ilmansaasteita 2878 grammaa vuodessa.<\/strong><\/p>\n<p><strong><img loading=\"lazy\" decoding=\"async\" class=\"alignnone size-medium wp-image-273\" src=\"https:\/\/www.vyl.fi\/viherymparisto\/wp-content\/uploads\/sites\/2\/2025\/08\/valle-somekuva-korjattu2-300x300.jpg\" alt=\"\" width=\"300\" height=\"300\" srcset=\"https:\/\/www.vyl.fi\/viherymparisto\/wp-content\/uploads\/sites\/2\/2025\/08\/valle-somekuva-korjattu2-300x300.jpg 300w, https:\/\/www.vyl.fi\/viherymparisto\/wp-content\/uploads\/sites\/2\/2025\/08\/valle-somekuva-korjattu2-1024x1024.jpg 1024w, https:\/\/www.vyl.fi\/viherymparisto\/wp-content\/uploads\/sites\/2\/2025\/08\/valle-somekuva-korjattu2-150x150.jpg 150w, https:\/\/www.vyl.fi\/viherymparisto\/wp-content\/uploads\/sites\/2\/2025\/08\/valle-somekuva-korjattu2-768x768.jpg 768w, https:\/\/www.vyl.fi\/viherymparisto\/wp-content\/uploads\/sites\/2\/2025\/08\/valle-somekuva-korjattu2-1536x1536.jpg 1536w, https:\/\/www.vyl.fi\/viherymparisto\/wp-content\/uploads\/sites\/2\/2025\/08\/valle-somekuva-korjattu2-2048x2048.jpg 2048w, https:\/\/www.vyl.fi\/viherymparisto\/wp-content\/uploads\/sites\/2\/2025\/08\/valle-somekuva-korjattu2-826x826.jpg 826w\" sizes=\"(max-width: 300px) 100vw, 300px\" \/><\/strong><\/p>\n<p><strong>Millainen on Vallen laskennallinen arvo n\u00e4iden ekosysteemipalvelujen perusteella?<\/strong><\/p>\n<\/div><input type='hidden' name='question_id[]' value='8' \/><div class='watu-questions-wrap '><input type='hidden' name='answer_ids[]' class='watu-answer-ids' value='109' \/><div class='watu-question-choice'><input type='radio' name='answer-8[]' id='answer-id-109' class='answer answer-5 js-answer-label answerof-8' value='109' \/>&nbsp;<label for='answer-id-109' id='answer-label-109' class='js-answer-label answer label-5'><span class='answer'>1 000 000 \u20ac<\/span><\/label><\/div>\n<input type='hidden' name='answer_ids[]' class='watu-answer-ids' value='110' \/><div class='watu-question-choice'><input type='radio' name='answer-8[]' id='answer-id-110' class='answer answer-5 js-answer-label answerof-8' value='110' \/>&nbsp;<label for='answer-id-110' id='answer-label-110' class='js-answer-label answer label-5'><span class='answer'>5000 \u20ac<\/span><\/label><\/div>\n<input type='hidden' name='answer_ids[]' class='watu-answer-ids' value='111' \/><div class='watu-question-choice'><input type='radio' name='answer-8[]' id='answer-id-111' class='answer answer-5 php-answer-label answerof-8' value='111' \/>&nbsp;<label for='answer-id-111' id='answer-label-111' class='php-answer-label answer label-5'><span class='answer'>12 956 \u20ac<\/span><\/label><\/div>\n<\/div><input type='hidden' id='questionType5' value='radio' class=''><div class=\"watu-feedback watu-padded\" id=\"watuQuestionFeedback-5\" style=\"display:none;\"><p><strong><em>Tiesitk\u00f6 ett\u00e4?<br \/>\n<\/em><\/strong><em>Ekosysteemipalveluiksi luetaan luonnon tuottamat tuotantopalvelut, s\u00e4\u00e4tely- ja yll\u00e4pitopalvelut sek\u00e4 kulttuuripalvelut. T\u00e4m\u00e4n tietovisan aiheena ovat puiden tuottamat s\u00e4\u00e4tely- ja yll\u00e4pitopalvelut, jotka auttavat hallitsemaan erityisesti ilmastonmuutoksen mukanaan tuomia vaikutuksia. Niiden lis\u00e4ksi puut tarjoavat my\u00f6s kulttuuripalveluja esimerkiksi maisemallisten ja historiallisten arvojen sek\u00e4 luontoyhteyden kokemisen muodossa. Joidenkin puiden tuottama sato tai raaka-aine luetaan puolestaan tuotantopalveluihin.<\/em><\/p>\n<\/div><\/div><div style='display:none' id='question-6'><br \/><div class='question-content'><img loading=\"lazy\" decoding=\"async\" src=\"https:\/\/www.vyl.fi\/viherymparisto\/wp-content\/plugins\/watu\/loading.gif\" width=\"16\" height=\"16\" alt=\"Loading ...\" title=\"Loading ...\" \/>&nbsp;Loading &#8230;<\/div><\/div><br \/>\n<input type=\"button\" id=\"show-answer\" value=\"Show Answer\"  \/><br \/>\n<input type=\"button\" name=\"action\" onclick=\"Watu.submitResult()\" id=\"action-button\" value=\"Submit\"  class=\"watu-submit-button\" \/>\n<input type=\"hidden\" name=\"no_ajax\" value=\"0\"><input type=\"hidden\" name=\"quiz_id\" value=\"2\" \/>\n<input type=\"hidden\" id=\"watuStartTime\" name=\"start_time\" value=\"2026-04-16 07:26:26\" \/>\n<\/form>\n<\/div>\n<div id=\"watu-loading-result\" style=\"display:none;\">\n\t<p align=\"center\"><img loading=\"lazy\" decoding=\"async\" src=\"https:\/\/www.vyl.fi\/viherymparisto\/wp-content\/plugins\/watu\/loading.gif\" width=\"16\" height=\"16\" alt=\"Loading\" title=\"Loading\" \/><\/p>\n<\/div>\t\n<script type=\"text\/javascript\">\nvar exam_id=0;\nvar question_ids='';\nvar watuURL='';\njQuery(function($){\nquestion_ids = \"4,5,6,7,8\";\nexam_id = 2;\nWatu.exam_id = exam_id;\nWatu.qArr = question_ids.split(',');\nWatu.post_id = 146;\nWatu.singlePage = '0';\nWatu.hAppID = \"0.65061800 1776313586\";\nwatuURL = \"https:\/\/www.vyl.fi\/viherymparisto\/wp-admin\/admin-ajax.php\";\nWatu.noAlertUnanswered = 0;\n});\n<\/script>\n\n\n\n<p><\/p>\n","protected":false},"excerpt":{"rendered":"<p>Luonnonvarakeskus on kehitt\u00e4nyt i-Tree-laskentamenetelm\u00e4n, jolla saadaan tietoa puiden tuottamista ekosysteemipalveluista. Niit\u00e4 ovat esimerkiksi hulevesien hallinta, hiilensidonta, hiilen varastointi sek\u00e4 ilmanpuhdistus. Tuotettuihin palveluihin perustuen voidaan puille laskea my\u00f6s rahallinen arvo \u2013 joka tosin ei huomioi sit\u00e4, miten arvokkaana ihmiset omakohtaisesti kokevat puut ymp\u00e4rist\u00f6ss\u00e4\u00e4n. T\u00e4ss\u00e4 tietovisassa tutustutaan i-Tree-menetelm\u00e4ll\u00e4 saatuihin tietoihin. Kokeile, miten hyvin osaat arvata oikeat vastaukset!<\/p>\n","protected":false},"author":1,"featured_media":0,"parent":105,"menu_order":0,"comment_status":"closed","ping_status":"closed","template":"","meta":{"_acf_changed":false,"_relevanssi_hide_post":"","_relevanssi_hide_content":"","_relevanssi_pin_for_all":"","_relevanssi_pin_keywords":"","_relevanssi_unpin_keywords":"","_relevanssi_related_keywords":"","_relevanssi_related_include_ids":"","_relevanssi_related_exclude_ids":"","_relevanssi_related_no_append":"","_relevanssi_related_not_related":"","_relevanssi_related_posts":"141,124,118,115,121,112","_relevanssi_noindex_reason":"","footnotes":""},"class_list":["post-146","page","type-page","status-publish","hentry"],"acf":[],"_links":{"self":[{"href":"https:\/\/www.vyl.fi\/viherymparisto\/wp-json\/wp\/v2\/pages\/146","targetHints":{"allow":["GET"]}}],"collection":[{"href":"https:\/\/www.vyl.fi\/viherymparisto\/wp-json\/wp\/v2\/pages"}],"about":[{"href":"https:\/\/www.vyl.fi\/viherymparisto\/wp-json\/wp\/v2\/types\/page"}],"author":[{"embeddable":true,"href":"https:\/\/www.vyl.fi\/viherymparisto\/wp-json\/wp\/v2\/users\/1"}],"replies":[{"embeddable":true,"href":"https:\/\/www.vyl.fi\/viherymparisto\/wp-json\/wp\/v2\/comments?post=146"}],"version-history":[{"count":4,"href":"https:\/\/www.vyl.fi\/viherymparisto\/wp-json\/wp\/v2\/pages\/146\/revisions"}],"predecessor-version":[{"id":536,"href":"https:\/\/www.vyl.fi\/viherymparisto\/wp-json\/wp\/v2\/pages\/146\/revisions\/536"}],"up":[{"embeddable":true,"href":"https:\/\/www.vyl.fi\/viherymparisto\/wp-json\/wp\/v2\/pages\/105"}],"wp:attachment":[{"href":"https:\/\/www.vyl.fi\/viherymparisto\/wp-json\/wp\/v2\/media?parent=146"}],"curies":[{"name":"wp","href":"https:\/\/api.w.org\/{rel}","templated":true}]}}