{"id":290,"date":"2025-08-21T15:05:40","date_gmt":"2025-08-21T12:05:40","guid":{"rendered":"https:\/\/www.vyl.fi\/viherymparisto\/?page_id=290"},"modified":"2025-08-21T15:05:40","modified_gmt":"2025-08-21T12:05:40","slug":"vieno-tammi","status":"publish","type":"page","link":"https:\/\/www.vyl.fi\/viherymparisto\/kampanjat\/puunhalausviikko\/puupersoonat\/vieno-tammi\/","title":{"rendered":"Vieno, tammi"},"content":{"rendered":"\n<ul class=\"wp-block-list\">\n<li>200-vuotias risteyksen maamerkki<\/li>\n\n\n\n<li>rungon paksuus 133 cm<\/li>\n\n\n\n<li>poistaa ilmansaasteita 1128 grammaa vuodessa<\/li>\n\n\n\n<li>h\u00f6rppii 2500 litraa hulevett\u00e4 vuodessa<\/li>\n<\/ul>\n\n\n\n<p>V.I. Oksasen kadun ja Erkyl\u00e4ntien risteyksess\u00e4 asuu tammi, joka sai Riihim\u00e4en yhteiskoulussa sata vuotta sitten vaikuttaneen johtajan Vieno Ilo Oksasen mukaan nimen Vieno. Tammi itse on viel\u00e4kin vanhempi ja merkitt\u00e4v\u00e4 persoona, suojeltu puu. Vieno tarjoaa lempe\u00e4\u00e4 suojaa lukuisille sen oksistossa ja rungossa asuvalle ja ruokailevalle el\u00e4imelle. Vienoa itse\u00e4\u00e4n on autettu sen haljenneita haaroja tukemalla.<\/p>\n\n\n\n<figure class=\"wp-block-image size-large\"><img loading=\"lazy\" decoding=\"async\" width=\"1024\" height=\"512\" src=\"https:\/\/www.vyl.fi\/viherymparisto\/wp-content\/uploads\/sites\/2\/2025\/08\/Vieno-kuva-logo-1024x512.jpg\" alt=\"\" class=\"wp-image-292\" srcset=\"https:\/\/www.vyl.fi\/viherymparisto\/wp-content\/uploads\/sites\/2\/2025\/08\/Vieno-kuva-logo-1024x512.jpg 1024w, https:\/\/www.vyl.fi\/viherymparisto\/wp-content\/uploads\/sites\/2\/2025\/08\/Vieno-kuva-logo-300x150.jpg 300w, https:\/\/www.vyl.fi\/viherymparisto\/wp-content\/uploads\/sites\/2\/2025\/08\/Vieno-kuva-logo-768x384.jpg 768w, https:\/\/www.vyl.fi\/viherymparisto\/wp-content\/uploads\/sites\/2\/2025\/08\/Vieno-kuva-logo.jpg 1240w\" sizes=\"(max-width: 1024px) 100vw, 1024px\" \/><\/figure>\n","protected":false},"excerpt":{"rendered":"<p>V.I. Oksasen kadun ja Erkyl\u00e4ntien risteyksess\u00e4 asuu tammi, joka sai Riihim\u00e4en yhteiskoulussa sata vuotta sitten vaikuttaneen johtajan Vieno Ilo Oksasen mukaan nimen Vieno. Tammi itse on viel\u00e4kin vanhempi ja merkitt\u00e4v\u00e4 persoona, suojeltu puu. Vieno tarjoaa lempe\u00e4\u00e4 suojaa lukuisille sen oksistossa ja rungossa asuvalle ja ruokailevalle el\u00e4imelle. Vienoa itse\u00e4\u00e4n on autettu sen haljenneita haaroja tukemalla.<\/p>\n","protected":false},"author":5,"featured_media":291,"parent":188,"menu_order":0,"comment_status":"closed","ping_status":"closed","template":"","meta":{"_acf_changed":false,"_relevanssi_hide_post":"","_relevanssi_hide_content":"","_relevanssi_pin_for_all":"","_relevanssi_pin_keywords":"","_relevanssi_unpin_keywords":"","_relevanssi_related_keywords":"","_relevanssi_related_include_ids":"","_relevanssi_related_exclude_ids":"","_relevanssi_related_no_append":"","_relevanssi_related_not_related":"","_relevanssi_related_posts":"183,118,112,141,121,115","_relevanssi_noindex_reason":"","footnotes":""},"class_list":["post-290","page","type-page","status-publish","has-post-thumbnail","hentry"],"acf":[],"_links":{"self":[{"href":"https:\/\/www.vyl.fi\/viherymparisto\/wp-json\/wp\/v2\/pages\/290","targetHints":{"allow":["GET"]}}],"collection":[{"href":"https:\/\/www.vyl.fi\/viherymparisto\/wp-json\/wp\/v2\/pages"}],"about":[{"href":"https:\/\/www.vyl.fi\/viherymparisto\/wp-json\/wp\/v2\/types\/page"}],"author":[{"embeddable":true,"href":"https:\/\/www.vyl.fi\/viherymparisto\/wp-json\/wp\/v2\/users\/5"}],"replies":[{"embeddable":true,"href":"https:\/\/www.vyl.fi\/viherymparisto\/wp-json\/wp\/v2\/comments?post=290"}],"version-history":[{"count":1,"href":"https:\/\/www.vyl.fi\/viherymparisto\/wp-json\/wp\/v2\/pages\/290\/revisions"}],"predecessor-version":[{"id":293,"href":"https:\/\/www.vyl.fi\/viherymparisto\/wp-json\/wp\/v2\/pages\/290\/revisions\/293"}],"up":[{"embeddable":true,"href":"https:\/\/www.vyl.fi\/viherymparisto\/wp-json\/wp\/v2\/pages\/188"}],"wp:featuredmedia":[{"embeddable":true,"href":"https:\/\/www.vyl.fi\/viherymparisto\/wp-json\/wp\/v2\/media\/291"}],"wp:attachment":[{"href":"https:\/\/www.vyl.fi\/viherymparisto\/wp-json\/wp\/v2\/media?parent=290"}],"curies":[{"name":"wp","href":"https:\/\/api.w.org\/{rel}","templated":true}]}}