{"id":302,"date":"2025-08-21T15:32:54","date_gmt":"2025-08-21T12:32:54","guid":{"rendered":"https:\/\/www.vyl.fi\/viherymparisto\/?page_id=302"},"modified":"2025-08-21T15:35:13","modified_gmt":"2025-08-21T12:35:13","slug":"kamu-metsamanty","status":"publish","type":"page","link":"https:\/\/www.vyl.fi\/viherymparisto\/kampanjat\/puunhalausviikko\/puupersoonat\/kamu-metsamanty\/","title":{"rendered":"Kamu, mets\u00e4m\u00e4nty"},"content":{"rendered":"\n<ul class=\"wp-block-list\">\n<li>salaper\u00e4inen oman tiens\u00e4 kulkija<\/li>\n\n\n\n<li>noin 70-vuotias nuorukainen<\/li>\n\n\n\n<li>sitoo hiilt\u00e4 10,7 kilogrammaa vuodessa<\/li>\n\n\n\n<li>poistaa ilmansaasteita 664 grammaa vuodessa<\/li>\n<\/ul>\n\n\n\n<p>Erikoismuotoinen Kamu-m\u00e4nty asettui jo pienokaisena asumaan keskelle talousmets\u00e4\u00e4. Sen erikoisuus huomattiin noin 10 vuotta sitten ja Kamulle my\u00f6nnettiin t\u00e4rke\u00e4 teht\u00e4v\u00e4 luonnonmuistomerkkin\u00e4. Kamun runko on muodostunut joko mutaation, uinuvien silmujen kylestymisen tai kenties sienten tai tuhohy\u00f6nteisten vaikutuksen takia kiehtovalla tavalla muhkuraiseksi.<\/p>\n\n\n\n<figure class=\"wp-block-image size-large\"><img loading=\"lazy\" decoding=\"async\" width=\"1024\" height=\"512\" src=\"https:\/\/www.vyl.fi\/viherymparisto\/wp-content\/uploads\/sites\/2\/2025\/08\/Kamu-kuva-logo-1024x512.jpg\" alt=\"\" class=\"wp-image-304\" srcset=\"https:\/\/www.vyl.fi\/viherymparisto\/wp-content\/uploads\/sites\/2\/2025\/08\/Kamu-kuva-logo-1024x512.jpg 1024w, https:\/\/www.vyl.fi\/viherymparisto\/wp-content\/uploads\/sites\/2\/2025\/08\/Kamu-kuva-logo-300x150.jpg 300w, https:\/\/www.vyl.fi\/viherymparisto\/wp-content\/uploads\/sites\/2\/2025\/08\/Kamu-kuva-logo-768x384.jpg 768w, https:\/\/www.vyl.fi\/viherymparisto\/wp-content\/uploads\/sites\/2\/2025\/08\/Kamu-kuva-logo.jpg 1240w\" sizes=\"(max-width: 1024px) 100vw, 1024px\" \/><\/figure>\n","protected":false},"excerpt":{"rendered":"<p>Erikoismuotoinen Kamu-m\u00e4nty asettui jo pienokaisena asumaan keskelle talousmets\u00e4\u00e4. Sen erikoisuus huomattiin noin 10 vuotta sitten ja Kamulle my\u00f6nnettiin t\u00e4rke\u00e4 teht\u00e4v\u00e4 luonnonmuistomerkkin\u00e4. Kamun runko on muodostunut joko mutaation, uinuvien silmujen kylestymisen tai kenties sienten tai tuhohy\u00f6nteisten vaikutuksen takia kiehtovalla tavalla muhkuraiseksi.<\/p>\n","protected":false},"author":5,"featured_media":308,"parent":188,"menu_order":0,"comment_status":"closed","ping_status":"closed","template":"","meta":{"_acf_changed":false,"_relevanssi_hide_post":"","_relevanssi_hide_content":"","_relevanssi_pin_for_all":"","_relevanssi_pin_keywords":"","_relevanssi_unpin_keywords":"","_relevanssi_related_keywords":"","_relevanssi_related_include_ids":"","_relevanssi_related_exclude_ids":"","_relevanssi_related_no_append":"","_relevanssi_related_not_related":"","_relevanssi_related_posts":"115,112,121,183,141,118","_relevanssi_noindex_reason":"","footnotes":""},"class_list":["post-302","page","type-page","status-publish","has-post-thumbnail","hentry"],"acf":[],"_links":{"self":[{"href":"https:\/\/www.vyl.fi\/viherymparisto\/wp-json\/wp\/v2\/pages\/302","targetHints":{"allow":["GET"]}}],"collection":[{"href":"https:\/\/www.vyl.fi\/viherymparisto\/wp-json\/wp\/v2\/pages"}],"about":[{"href":"https:\/\/www.vyl.fi\/viherymparisto\/wp-json\/wp\/v2\/types\/page"}],"author":[{"embeddable":true,"href":"https:\/\/www.vyl.fi\/viherymparisto\/wp-json\/wp\/v2\/users\/5"}],"replies":[{"embeddable":true,"href":"https:\/\/www.vyl.fi\/viherymparisto\/wp-json\/wp\/v2\/comments?post=302"}],"version-history":[{"count":1,"href":"https:\/\/www.vyl.fi\/viherymparisto\/wp-json\/wp\/v2\/pages\/302\/revisions"}],"predecessor-version":[{"id":305,"href":"https:\/\/www.vyl.fi\/viherymparisto\/wp-json\/wp\/v2\/pages\/302\/revisions\/305"}],"up":[{"embeddable":true,"href":"https:\/\/www.vyl.fi\/viherymparisto\/wp-json\/wp\/v2\/pages\/188"}],"wp:featuredmedia":[{"embeddable":true,"href":"https:\/\/www.vyl.fi\/viherymparisto\/wp-json\/wp\/v2\/media\/308"}],"wp:attachment":[{"href":"https:\/\/www.vyl.fi\/viherymparisto\/wp-json\/wp\/v2\/media?parent=302"}],"curies":[{"name":"wp","href":"https:\/\/api.w.org\/{rel}","templated":true}]}}