{"id":309,"date":"2025-08-21T15:41:00","date_gmt":"2025-08-21T12:41:00","guid":{"rendered":"https:\/\/www.vyl.fi\/viherymparisto\/?page_id=309"},"modified":"2025-08-21T15:41:01","modified_gmt":"2025-08-21T12:41:01","slug":"omppu-omenapuu","status":"publish","type":"page","link":"https:\/\/www.vyl.fi\/viherymparisto\/kampanjat\/puunhalausviikko\/puupersoonat\/omppu-omenapuu\/","title":{"rendered":"Omppu, omenapuu"},"content":{"rendered":"\n<ul class=\"wp-block-list\">\n<li>koululaisten ilahduttaja ja maiseman kaunistaja<\/li>\n\n\n\n<li>tarjoaa ravintoa ihmisille, el\u00e4imille ja hy\u00f6nteisille<\/li>\n<\/ul>\n\n\n\n<p>Omppu-omenapuu asustaa Hausj\u00e4rven Ryttyl\u00e4ss\u00e4. Aikoinaan 1930-luvulla Ompun teht\u00e4v\u00e4n\u00e4 oli tuottaa satoa Ryttyl\u00e4n ensimm\u00e4isen koulun puutarhassa. Nykyisen koulun piha ulottuu l\u00e4helle Omppua, joka on viimeinen puutarhan puista. Monen lapsen koulutaival on kulkenut t\u00e4m\u00e4n puun ohi. Ihmissukupolvet mummista miniin ovat maistelleet saman puun omenoita.<\/p>\n\n\n\n<figure class=\"wp-block-image size-large\"><img loading=\"lazy\" decoding=\"async\" width=\"1024\" height=\"512\" src=\"https:\/\/www.vyl.fi\/viherymparisto\/wp-content\/uploads\/sites\/2\/2025\/08\/Omppu-kuva-logo-1024x512.jpg\" alt=\"\" class=\"wp-image-311\" srcset=\"https:\/\/www.vyl.fi\/viherymparisto\/wp-content\/uploads\/sites\/2\/2025\/08\/Omppu-kuva-logo-1024x512.jpg 1024w, https:\/\/www.vyl.fi\/viherymparisto\/wp-content\/uploads\/sites\/2\/2025\/08\/Omppu-kuva-logo-300x150.jpg 300w, https:\/\/www.vyl.fi\/viherymparisto\/wp-content\/uploads\/sites\/2\/2025\/08\/Omppu-kuva-logo-768x384.jpg 768w, https:\/\/www.vyl.fi\/viherymparisto\/wp-content\/uploads\/sites\/2\/2025\/08\/Omppu-kuva-logo.jpg 1240w\" sizes=\"(max-width: 1024px) 100vw, 1024px\" \/><\/figure>\n","protected":false},"excerpt":{"rendered":"<p>Omppu-omenapuu asustaa Hausj\u00e4rven Ryttyl\u00e4ss\u00e4. Aikoinaan 1930-luvulla Ompun teht\u00e4v\u00e4n\u00e4 oli tuottaa satoa Ryttyl\u00e4n ensimm\u00e4isen koulun puutarhassa. Nykyisen koulun piha ulottuu l\u00e4helle Omppua, joka on viimeinen puutarhan puista. Monen lapsen koulutaival on kulkenut t\u00e4m\u00e4n puun ohi. Ihmissukupolvet mummista miniin ovat maistelleet saman puun omenoita.<\/p>\n","protected":false},"author":5,"featured_media":310,"parent":188,"menu_order":0,"comment_status":"closed","ping_status":"closed","template":"","meta":{"_acf_changed":false,"_relevanssi_hide_post":"","_relevanssi_hide_content":"","_relevanssi_pin_for_all":"","_relevanssi_pin_keywords":"","_relevanssi_unpin_keywords":"","_relevanssi_related_keywords":"","_relevanssi_related_include_ids":"","_relevanssi_related_exclude_ids":"","_relevanssi_related_no_append":"","_relevanssi_related_not_related":"","_relevanssi_related_posts":"118,115,112,183,124,121","_relevanssi_noindex_reason":"","footnotes":""},"class_list":["post-309","page","type-page","status-publish","has-post-thumbnail","hentry"],"acf":[],"_links":{"self":[{"href":"https:\/\/www.vyl.fi\/viherymparisto\/wp-json\/wp\/v2\/pages\/309","targetHints":{"allow":["GET"]}}],"collection":[{"href":"https:\/\/www.vyl.fi\/viherymparisto\/wp-json\/wp\/v2\/pages"}],"about":[{"href":"https:\/\/www.vyl.fi\/viherymparisto\/wp-json\/wp\/v2\/types\/page"}],"author":[{"embeddable":true,"href":"https:\/\/www.vyl.fi\/viherymparisto\/wp-json\/wp\/v2\/users\/5"}],"replies":[{"embeddable":true,"href":"https:\/\/www.vyl.fi\/viherymparisto\/wp-json\/wp\/v2\/comments?post=309"}],"version-history":[{"count":1,"href":"https:\/\/www.vyl.fi\/viherymparisto\/wp-json\/wp\/v2\/pages\/309\/revisions"}],"predecessor-version":[{"id":312,"href":"https:\/\/www.vyl.fi\/viherymparisto\/wp-json\/wp\/v2\/pages\/309\/revisions\/312"}],"up":[{"embeddable":true,"href":"https:\/\/www.vyl.fi\/viherymparisto\/wp-json\/wp\/v2\/pages\/188"}],"wp:featuredmedia":[{"embeddable":true,"href":"https:\/\/www.vyl.fi\/viherymparisto\/wp-json\/wp\/v2\/media\/310"}],"wp:attachment":[{"href":"https:\/\/www.vyl.fi\/viherymparisto\/wp-json\/wp\/v2\/media?parent=309"}],"curies":[{"name":"wp","href":"https:\/\/api.w.org\/{rel}","templated":true}]}}