{"id":321,"date":"2025-08-21T15:48:21","date_gmt":"2025-08-21T12:48:21","guid":{"rendered":"https:\/\/www.vyl.fi\/viherymparisto\/?page_id=321"},"modified":"2025-08-21T15:48:22","modified_gmt":"2025-08-21T12:48:22","slug":"assi-tammi","status":"publish","type":"page","link":"https:\/\/www.vyl.fi\/viherymparisto\/kampanjat\/puunhalausviikko\/puupersoonat\/assi-tammi\/","title":{"rendered":"Assi, tammi"},"content":{"rendered":"\n<ul class=\"wp-block-list\">\n<li>asuu Joensuun Asemapuistossa<\/li>\n\n\n\n<li>tarjoaa suojaa, varjoa ja el\u00e4imille ravintoa<\/li>\n\n\n\n<li>puhdistaa ilmaa poistamalla saasteita 1238<br>grammaa vuodessa<\/li>\n<\/ul>\n\n\n\n<p>Joensuun Asemapuiston jyhke\u00e4ll\u00e4 tammella nimelt\u00e4 Assi on monta t\u00e4rke\u00e4\u00e4 teht\u00e4v\u00e4\u00e4. Assi huolehtii keuhkoistamme puhdistamalla ilmaa. Assi sitoo hiilt\u00e4 22,5 kilogrammaa vuodessa ja toimii 3827 kilogramman hiilivarastona. Lis\u00e4ksi Assi auttaa pit\u00e4m\u00e4\u00e4n ymp\u00e4rist\u00f6n kunnossa: se imee maasta vuoden varrella jopa 2700 litraa hulevett\u00e4. N\u00e4yt\u00e4 ett\u00e4 arvostat t\u00e4t\u00e4 hienoa ty\u00f6t\u00e4 ja halaa Assia!<\/p>\n\n\n\n<figure class=\"wp-block-image size-large\"><img loading=\"lazy\" decoding=\"async\" width=\"1024\" height=\"512\" src=\"https:\/\/www.vyl.fi\/viherymparisto\/wp-content\/uploads\/sites\/2\/2025\/08\/Assi-kuva-logo-1024x512.jpg\" alt=\"\" class=\"wp-image-323\" srcset=\"https:\/\/www.vyl.fi\/viherymparisto\/wp-content\/uploads\/sites\/2\/2025\/08\/Assi-kuva-logo-1024x512.jpg 1024w, https:\/\/www.vyl.fi\/viherymparisto\/wp-content\/uploads\/sites\/2\/2025\/08\/Assi-kuva-logo-300x150.jpg 300w, https:\/\/www.vyl.fi\/viherymparisto\/wp-content\/uploads\/sites\/2\/2025\/08\/Assi-kuva-logo-768x384.jpg 768w, https:\/\/www.vyl.fi\/viherymparisto\/wp-content\/uploads\/sites\/2\/2025\/08\/Assi-kuva-logo.jpg 1240w\" sizes=\"(max-width: 1024px) 100vw, 1024px\" \/><\/figure>\n","protected":false},"excerpt":{"rendered":"<p>Joensuun Asemapuiston jyhke\u00e4ll\u00e4 tammella nimelt\u00e4 Assi on monta t\u00e4rke\u00e4\u00e4 teht\u00e4v\u00e4\u00e4. Assi huolehtii keuhkoistamme puhdistamalla ilmaa. Assi sitoo hiilt\u00e4 22,5 kilogrammaa vuodessa ja toimii 3827 kilogramman hiilivarastona. Lis\u00e4ksi Assi auttaa pit\u00e4m\u00e4\u00e4n ymp\u00e4rist\u00f6n kunnossa: se imee maasta vuoden varrella jopa 2700 litraa hulevett\u00e4. N\u00e4yt\u00e4 ett\u00e4 arvostat t\u00e4t\u00e4 hienoa ty\u00f6t\u00e4 ja halaa Assia!<\/p>\n","protected":false},"author":5,"featured_media":322,"parent":188,"menu_order":0,"comment_status":"closed","ping_status":"closed","template":"","meta":{"_acf_changed":false,"_relevanssi_hide_post":"","_relevanssi_hide_content":"","_relevanssi_pin_for_all":"","_relevanssi_pin_keywords":"","_relevanssi_unpin_keywords":"","_relevanssi_related_keywords":"","_relevanssi_related_include_ids":"","_relevanssi_related_exclude_ids":"","_relevanssi_related_no_append":"","_relevanssi_related_not_related":"","_relevanssi_related_posts":"141,115,112,183,118,121","_relevanssi_noindex_reason":"","footnotes":""},"class_list":["post-321","page","type-page","status-publish","has-post-thumbnail","hentry"],"acf":[],"_links":{"self":[{"href":"https:\/\/www.vyl.fi\/viherymparisto\/wp-json\/wp\/v2\/pages\/321","targetHints":{"allow":["GET"]}}],"collection":[{"href":"https:\/\/www.vyl.fi\/viherymparisto\/wp-json\/wp\/v2\/pages"}],"about":[{"href":"https:\/\/www.vyl.fi\/viherymparisto\/wp-json\/wp\/v2\/types\/page"}],"author":[{"embeddable":true,"href":"https:\/\/www.vyl.fi\/viherymparisto\/wp-json\/wp\/v2\/users\/5"}],"replies":[{"embeddable":true,"href":"https:\/\/www.vyl.fi\/viherymparisto\/wp-json\/wp\/v2\/comments?post=321"}],"version-history":[{"count":1,"href":"https:\/\/www.vyl.fi\/viherymparisto\/wp-json\/wp\/v2\/pages\/321\/revisions"}],"predecessor-version":[{"id":324,"href":"https:\/\/www.vyl.fi\/viherymparisto\/wp-json\/wp\/v2\/pages\/321\/revisions\/324"}],"up":[{"embeddable":true,"href":"https:\/\/www.vyl.fi\/viherymparisto\/wp-json\/wp\/v2\/pages\/188"}],"wp:featuredmedia":[{"embeddable":true,"href":"https:\/\/www.vyl.fi\/viherymparisto\/wp-json\/wp\/v2\/media\/322"}],"wp:attachment":[{"href":"https:\/\/www.vyl.fi\/viherymparisto\/wp-json\/wp\/v2\/media?parent=321"}],"curies":[{"name":"wp","href":"https:\/\/api.w.org\/{rel}","templated":true}]}}