{"id":357,"date":"2025-08-21T16:20:55","date_gmt":"2025-08-21T13:20:55","guid":{"rendered":"https:\/\/www.vyl.fi\/viherymparisto\/?page_id=357"},"modified":"2025-08-21T16:20:56","modified_gmt":"2025-08-21T13:20:56","slug":"toimi-vuorijalava","status":"publish","type":"page","link":"https:\/\/www.vyl.fi\/viherymparisto\/kampanjat\/puunhalausviikko\/puupersoonat\/toimi-vuorijalava\/","title":{"rendered":"Toimi, vuorijalava"},"content":{"rendered":"\n<ul class=\"wp-block-list\">\n<li>vuorijalava Toimi on Sorsapuiston 100-vuotias vartija<\/li>\n\n\n\n<li>varastoi yli 130 cm paksuisessa rungossaan 7500 kg hiilt\u00e4<\/li>\n\n\n\n<li>juo 3000 litraa hulevett\u00e4 vuodessa<\/li>\n<\/ul>\n\n\n\n<p>Vuorijalava Toimi asuu kasvaa 1930-luvulla ty\u00f6llisyyst\u00f6in\u00e4 rakennetussa puistossa, joka on yksi suosituimmista oleskelu ja toimintapuistoista Tampereella. Suuri ja hyv\u00e4kuntoinen Toimi antaa viereiselle leikkipaikalle t\u00e4rke\u00e4\u00e4 varjoa. Toimi on my\u00f6s t\u00e4rke\u00e4 maisemapuu ja luo Sorsapuistoon hienoa tunnelmaa.<\/p>\n\n\n\n<figure class=\"wp-block-image size-large\"><img loading=\"lazy\" decoding=\"async\" width=\"1024\" height=\"512\" src=\"https:\/\/www.vyl.fi\/viherymparisto\/wp-content\/uploads\/sites\/2\/2025\/08\/Toimi-kuva-logo-1024x512.jpg\" alt=\"\" class=\"wp-image-359\" srcset=\"https:\/\/www.vyl.fi\/viherymparisto\/wp-content\/uploads\/sites\/2\/2025\/08\/Toimi-kuva-logo-1024x512.jpg 1024w, https:\/\/www.vyl.fi\/viherymparisto\/wp-content\/uploads\/sites\/2\/2025\/08\/Toimi-kuva-logo-300x150.jpg 300w, https:\/\/www.vyl.fi\/viherymparisto\/wp-content\/uploads\/sites\/2\/2025\/08\/Toimi-kuva-logo-768x384.jpg 768w, https:\/\/www.vyl.fi\/viherymparisto\/wp-content\/uploads\/sites\/2\/2025\/08\/Toimi-kuva-logo.jpg 1240w\" sizes=\"(max-width: 1024px) 100vw, 1024px\" \/><\/figure>\n","protected":false},"excerpt":{"rendered":"<p>Vuorijalava Toimi asuu kasvaa 1930-luvulla ty\u00f6llisyyst\u00f6in\u00e4 rakennetussa puistossa, joka on yksi suosituimmista oleskelu ja toimintapuistoista Tampereella. Suuri ja hyv\u00e4kuntoinen Toimi antaa viereiselle leikkipaikalle t\u00e4rke\u00e4\u00e4 varjoa. Toimi on my\u00f6s t\u00e4rke\u00e4 maisemapuu ja luo Sorsapuistoon hienoa tunnelmaa.<\/p>\n","protected":false},"author":5,"featured_media":358,"parent":188,"menu_order":0,"comment_status":"closed","ping_status":"closed","template":"","meta":{"_acf_changed":false,"_relevanssi_hide_post":"","_relevanssi_hide_content":"","_relevanssi_pin_for_all":"","_relevanssi_pin_keywords":"","_relevanssi_unpin_keywords":"","_relevanssi_related_keywords":"","_relevanssi_related_include_ids":"","_relevanssi_related_exclude_ids":"","_relevanssi_related_no_append":"","_relevanssi_related_not_related":"","_relevanssi_related_posts":"118,124,112,141,115,121","_relevanssi_noindex_reason":"","footnotes":""},"class_list":["post-357","page","type-page","status-publish","has-post-thumbnail","hentry"],"acf":[],"_links":{"self":[{"href":"https:\/\/www.vyl.fi\/viherymparisto\/wp-json\/wp\/v2\/pages\/357","targetHints":{"allow":["GET"]}}],"collection":[{"href":"https:\/\/www.vyl.fi\/viherymparisto\/wp-json\/wp\/v2\/pages"}],"about":[{"href":"https:\/\/www.vyl.fi\/viherymparisto\/wp-json\/wp\/v2\/types\/page"}],"author":[{"embeddable":true,"href":"https:\/\/www.vyl.fi\/viherymparisto\/wp-json\/wp\/v2\/users\/5"}],"replies":[{"embeddable":true,"href":"https:\/\/www.vyl.fi\/viherymparisto\/wp-json\/wp\/v2\/comments?post=357"}],"version-history":[{"count":1,"href":"https:\/\/www.vyl.fi\/viherymparisto\/wp-json\/wp\/v2\/pages\/357\/revisions"}],"predecessor-version":[{"id":360,"href":"https:\/\/www.vyl.fi\/viherymparisto\/wp-json\/wp\/v2\/pages\/357\/revisions\/360"}],"up":[{"embeddable":true,"href":"https:\/\/www.vyl.fi\/viherymparisto\/wp-json\/wp\/v2\/pages\/188"}],"wp:featuredmedia":[{"embeddable":true,"href":"https:\/\/www.vyl.fi\/viherymparisto\/wp-json\/wp\/v2\/media\/358"}],"wp:attachment":[{"href":"https:\/\/www.vyl.fi\/viherymparisto\/wp-json\/wp\/v2\/media?parent=357"}],"curies":[{"name":"wp","href":"https:\/\/api.w.org\/{rel}","templated":true}]}}