{"id":446,"date":"2025-08-22T08:39:18","date_gmt":"2025-08-22T05:39:18","guid":{"rendered":"https:\/\/www.vyl.fi\/viherymparisto\/?page_id=446"},"modified":"2025-08-22T08:39:19","modified_gmt":"2025-08-22T05:39:19","slug":"tuisku-siperianlehtikuusi","status":"publish","type":"page","link":"https:\/\/www.vyl.fi\/viherymparisto\/kampanjat\/puunhalausviikko\/puupersoonat\/tuisku-siperianlehtikuusi\/","title":{"rendered":"Tuisku, siperianlehtikuusi"},"content":{"rendered":"\n<ul class=\"wp-block-list\">\n<li>lempe\u00e4 syd\u00e4nyst\u00e4v\u00e4 ja johtajahahmo<\/li>\n\n\n\n<li>huikea 35-metrinen hujoppi<\/li>\n\n\n\n<li>sitoo hiilt\u00e4 20,9 kilogrammaan vuosittain<\/li>\n\n\n\n<li>juo vuodessa 1600 litraa hulevett\u00e4<\/li>\n<\/ul>\n\n\n\n<p>Vaikka siperianlehtikuusi Tuisku on vanha ja kasvaa viistoon alaosastaan, on se matkallaan oikaissut ryhtins\u00e4 ja kest\u00e4nyt lukuisat myrskyt. Vanha puu on arvokas ja t\u00e4rke\u00e4 &#8211; erityisesti sen k\u00e4vyt tarjoavat ravintoa oraville ja linnuille. Nokian vanhalla hautausmaalla asusteleva Tuisku huolehtii my\u00f6s keuhkoistamme: se puhdistaa ilmaa poistamalla ilmansaasteita 728 grammaa joka vuosi.<\/p>\n\n\n\n<figure class=\"wp-block-image size-large\"><img loading=\"lazy\" decoding=\"async\" width=\"1024\" height=\"512\" src=\"https:\/\/www.vyl.fi\/viherymparisto\/wp-content\/uploads\/sites\/2\/2025\/08\/Tuisku-kuva-logo-1024x512.jpg\" alt=\"\" class=\"wp-image-448\" srcset=\"https:\/\/www.vyl.fi\/viherymparisto\/wp-content\/uploads\/sites\/2\/2025\/08\/Tuisku-kuva-logo-1024x512.jpg 1024w, https:\/\/www.vyl.fi\/viherymparisto\/wp-content\/uploads\/sites\/2\/2025\/08\/Tuisku-kuva-logo-300x150.jpg 300w, https:\/\/www.vyl.fi\/viherymparisto\/wp-content\/uploads\/sites\/2\/2025\/08\/Tuisku-kuva-logo-768x384.jpg 768w, https:\/\/www.vyl.fi\/viherymparisto\/wp-content\/uploads\/sites\/2\/2025\/08\/Tuisku-kuva-logo.jpg 1240w\" sizes=\"(max-width: 1024px) 100vw, 1024px\" \/><\/figure>\n","protected":false},"excerpt":{"rendered":"<p>Vaikka siperianlehtikuusi Tuisku on vanha ja kasvaa viistoon alaosastaan, on se matkallaan oikaissut ryhtins\u00e4 ja kest\u00e4nyt lukuisat myrskyt. Vanha puu on arvokas ja t\u00e4rke\u00e4 &#8211; erityisesti sen k\u00e4vyt tarjoavat ravintoa oraville ja linnuille. Nokian vanhalla hautausmaalla asusteleva Tuisku huolehtii my\u00f6s keuhkoistamme: se puhdistaa ilmaa poistamalla ilmansaasteita 728 grammaa joka vuosi.<\/p>\n","protected":false},"author":5,"featured_media":447,"parent":188,"menu_order":0,"comment_status":"closed","ping_status":"closed","template":"","meta":{"_acf_changed":false,"_relevanssi_hide_post":"","_relevanssi_hide_content":"","_relevanssi_pin_for_all":"","_relevanssi_pin_keywords":"","_relevanssi_unpin_keywords":"","_relevanssi_related_keywords":"","_relevanssi_related_include_ids":"","_relevanssi_related_exclude_ids":"","_relevanssi_related_no_append":"","_relevanssi_related_not_related":"","_relevanssi_related_posts":"121,112,183,141,115,124","_relevanssi_noindex_reason":"","footnotes":""},"class_list":["post-446","page","type-page","status-publish","has-post-thumbnail","hentry"],"acf":[],"_links":{"self":[{"href":"https:\/\/www.vyl.fi\/viherymparisto\/wp-json\/wp\/v2\/pages\/446","targetHints":{"allow":["GET"]}}],"collection":[{"href":"https:\/\/www.vyl.fi\/viherymparisto\/wp-json\/wp\/v2\/pages"}],"about":[{"href":"https:\/\/www.vyl.fi\/viherymparisto\/wp-json\/wp\/v2\/types\/page"}],"author":[{"embeddable":true,"href":"https:\/\/www.vyl.fi\/viherymparisto\/wp-json\/wp\/v2\/users\/5"}],"replies":[{"embeddable":true,"href":"https:\/\/www.vyl.fi\/viherymparisto\/wp-json\/wp\/v2\/comments?post=446"}],"version-history":[{"count":1,"href":"https:\/\/www.vyl.fi\/viherymparisto\/wp-json\/wp\/v2\/pages\/446\/revisions"}],"predecessor-version":[{"id":449,"href":"https:\/\/www.vyl.fi\/viherymparisto\/wp-json\/wp\/v2\/pages\/446\/revisions\/449"}],"up":[{"embeddable":true,"href":"https:\/\/www.vyl.fi\/viherymparisto\/wp-json\/wp\/v2\/pages\/188"}],"wp:featuredmedia":[{"embeddable":true,"href":"https:\/\/www.vyl.fi\/viherymparisto\/wp-json\/wp\/v2\/media\/447"}],"wp:attachment":[{"href":"https:\/\/www.vyl.fi\/viherymparisto\/wp-json\/wp\/v2\/media?parent=446"}],"curies":[{"name":"wp","href":"https:\/\/api.w.org\/{rel}","templated":true}]}}