{"id":489,"date":"2025-08-22T12:19:06","date_gmt":"2025-08-22T09:19:06","guid":{"rendered":"https:\/\/www.vyl.fi\/viherymparisto\/?page_id=489"},"modified":"2025-08-22T12:19:07","modified_gmt":"2025-08-22T09:19:07","slug":"lempi-tammi","status":"publish","type":"page","link":"https:\/\/www.vyl.fi\/viherymparisto\/kampanjat\/puunhalausviikko\/puupersoonat\/lempi-tammi\/","title":{"rendered":"Lempi, tammi"},"content":{"rendered":"\n<ul class=\"wp-block-list\">\n<li>Suurisyd\u00e4minen Lempi on Espoon<br>kaupunginpuutarhan lempe\u00e4 ikitammi<\/li>\n\n\n\n<li>Vehre\u00e4 Lempi toimii 2628 kg:n hiilivarastona ja<br>sitoo joka vuosi 29,2 kg lis\u00e4\u00e4 hiilt\u00e4<\/li>\n<\/ul>\n\n\n\n<p>Lempi-tammen ik\u00e4\u00e4 ei kukaan tarkalleen tied\u00e4, mutta se voi olla jopa 200-vuotias. Tammeksi se ei kuitenkaan ole viel\u00e4 vanha, sill\u00e4 tammet voivat el\u00e4\u00e4 Suomessa noin 400 vuoden ik\u00e4isiksi. Ymp\u00e4rysmitaltaan l\u00e4hes kolmimetrinen ja noin 20 metri\u00e4 korkea Lempi huolehtii keuhkoistamme poistamalla ilmansaasteita 1124 grammaa vuodessa. Juomakseen Lempi nauttii hulevett\u00e4 vuosittain 2500 litraa.<\/p>\n\n\n\n<figure class=\"wp-block-image size-large\"><img loading=\"lazy\" decoding=\"async\" width=\"1024\" height=\"512\" src=\"https:\/\/www.vyl.fi\/viherymparisto\/wp-content\/uploads\/sites\/2\/2025\/08\/Lempi-kuva-logo-1024x512.jpg\" alt=\"\" class=\"wp-image-492\" srcset=\"https:\/\/www.vyl.fi\/viherymparisto\/wp-content\/uploads\/sites\/2\/2025\/08\/Lempi-kuva-logo-1024x512.jpg 1024w, https:\/\/www.vyl.fi\/viherymparisto\/wp-content\/uploads\/sites\/2\/2025\/08\/Lempi-kuva-logo-300x150.jpg 300w, https:\/\/www.vyl.fi\/viherymparisto\/wp-content\/uploads\/sites\/2\/2025\/08\/Lempi-kuva-logo-768x384.jpg 768w, https:\/\/www.vyl.fi\/viherymparisto\/wp-content\/uploads\/sites\/2\/2025\/08\/Lempi-kuva-logo.jpg 1240w\" sizes=\"(max-width: 1024px) 100vw, 1024px\" \/><\/figure>\n","protected":false},"excerpt":{"rendered":"<p>Lempi-tammen ik\u00e4\u00e4 ei kukaan tarkalleen tied\u00e4, mutta se voi olla jopa 200-vuotias. Tammeksi se ei kuitenkaan ole viel\u00e4 vanha, sill\u00e4 tammet voivat el\u00e4\u00e4 Suomessa noin 400 vuoden ik\u00e4isiksi. Ymp\u00e4rysmitaltaan l\u00e4hes kolmimetrinen ja noin 20 metri\u00e4 korkea Lempi huolehtii keuhkoistamme poistamalla ilmansaasteita 1124 grammaa vuodessa. Juomakseen Lempi nauttii hulevett\u00e4 vuosittain 2500 litraa.<\/p>\n","protected":false},"author":5,"featured_media":491,"parent":188,"menu_order":0,"comment_status":"closed","ping_status":"closed","template":"","meta":{"_acf_changed":false,"_relevanssi_hide_post":"","_relevanssi_hide_content":"","_relevanssi_pin_for_all":"","_relevanssi_pin_keywords":"","_relevanssi_unpin_keywords":"","_relevanssi_related_keywords":"","_relevanssi_related_include_ids":"","_relevanssi_related_exclude_ids":"","_relevanssi_related_no_append":"","_relevanssi_related_not_related":"","_relevanssi_related_posts":"121,112,118,183,124,115","_relevanssi_noindex_reason":"","footnotes":""},"class_list":["post-489","page","type-page","status-publish","has-post-thumbnail","hentry"],"acf":[],"_links":{"self":[{"href":"https:\/\/www.vyl.fi\/viherymparisto\/wp-json\/wp\/v2\/pages\/489","targetHints":{"allow":["GET"]}}],"collection":[{"href":"https:\/\/www.vyl.fi\/viherymparisto\/wp-json\/wp\/v2\/pages"}],"about":[{"href":"https:\/\/www.vyl.fi\/viherymparisto\/wp-json\/wp\/v2\/types\/page"}],"author":[{"embeddable":true,"href":"https:\/\/www.vyl.fi\/viherymparisto\/wp-json\/wp\/v2\/users\/5"}],"replies":[{"embeddable":true,"href":"https:\/\/www.vyl.fi\/viherymparisto\/wp-json\/wp\/v2\/comments?post=489"}],"version-history":[{"count":1,"href":"https:\/\/www.vyl.fi\/viherymparisto\/wp-json\/wp\/v2\/pages\/489\/revisions"}],"predecessor-version":[{"id":493,"href":"https:\/\/www.vyl.fi\/viherymparisto\/wp-json\/wp\/v2\/pages\/489\/revisions\/493"}],"up":[{"embeddable":true,"href":"https:\/\/www.vyl.fi\/viherymparisto\/wp-json\/wp\/v2\/pages\/188"}],"wp:featuredmedia":[{"embeddable":true,"href":"https:\/\/www.vyl.fi\/viherymparisto\/wp-json\/wp\/v2\/media\/491"}],"wp:attachment":[{"href":"https:\/\/www.vyl.fi\/viherymparisto\/wp-json\/wp\/v2\/media?parent=489"}],"curies":[{"name":"wp","href":"https:\/\/api.w.org\/{rel}","templated":true}]}}