{"id":4,"date":"2025-03-20T12:49:36","date_gmt":"2025-03-20T10:49:36","guid":{"rendered":"https:\/\/www.vyl.fi\/vuodenymparistorakenne\/?page_id=4"},"modified":"2025-05-06T13:59:19","modified_gmt":"2025-05-06T10:59:19","slug":"kilpailun-esittely","status":"publish","type":"page","link":"https:\/\/www.vyl.fi\/vuodenymparistorakenne\/kilpailun-esittely\/","title":{"rendered":"Tietoa kilpailusta"},"content":{"rendered":"\n<p class=\"wp-block-lala-blocks-lala-ingressi\">Vuoden ymp\u00e4rist\u00f6rakenne -kilpailun tarkoituksena on tehd\u00e4 tunnetuksi ja edist\u00e4\u00e4 korkeatasoisia ymp\u00e4rist\u00f6kokonaisuuksia, joissa hyv\u00e4ll\u00e4 suunnittelulla ja toteutuksella on luotu esteettisesti ja toiminnallisesti kest\u00e4v\u00e4, hyv\u00e4 ymp\u00e4rist\u00f6. Erityisen\u00e4 ansiona pidet\u00e4\u00e4n uusien ratkaisumallien, k\u00e4ytt\u00f6kohteiden ja sovellutusten kehitt\u00e4mist\u00e4 sek\u00e4 kest\u00e4v\u00e4n ymp\u00e4rist\u00f6rakentamisen toimintamallin (KESY) toteutumista kilpailukohteessa. Kohteen tulee olla valmistunut viimeisen viiden vuoden aikana.<\/p>\n\n\n\n<h2 class=\"wp-block-heading\">Kilpailun aikataulu<\/h2>\n\n\n\n<ul class=\"wp-block-list\">\n<li>Ilmoittautuminen: touko-kes\u00e4kuu<\/li>\n\n\n\n<li>Kohdevierailut syys-lokakuu<\/li>\n\n\n\n<li>Finalistien julkistus vuoden lopulla<\/li>\n\n\n\n<li>Voittajan julkistus Viherp\u00e4ivill\u00e4 helmikuussa<\/li>\n<\/ul>\n\n\n\n<h2 class=\"wp-block-heading\">Kilpailun palkinto<\/h2>\n\n\n\n<p>Palkinto jaetaan palkitun kohteen rakennuttajille, suunnittelijoille, toteuttajille ja materiaalien toimittajille tuomariston harkinnan pohjalta.<\/p>\n\n\n\n<p>Kilpailupalkinnolla on haluttu edist\u00e4\u00e4 kotimaista taidetta. Ensimm\u00e4isin\u00e4 vuosina jaettiin taiteilija Maria Virkkalan suunnittelema betoniteos. Viimeisin palkinto on Inka J\u00e4rvisen grafiikkaty\u00f6.<\/p>\n\n\n\n<h2 class=\"wp-block-heading\">Osallistujam\u00e4\u00e4r\u00e4<\/h2>\n\n\n\n<p>Alkuvuosina kilpailuun tuli yli kaksikymment\u00e4 ehdotusta vuosittain. 1990-luvun laman edetess\u00e4 kilpailuun osallistuminen vaimeni, mutta se on palautunut viime vuosina takaisin parinkymmenen osallistujan tuntumaan.<\/p>\n\n\n\n<p>Kilpailuun on ilahduttavasti osallistunut hyvin erityyppisi\u00e4 kohteita \u2013 yksitt\u00e4isen tilaajan kerrostalopihasta suuren kaupungin isoon puistoalueeseen.<\/p>\n\n\n\n<h2 class=\"wp-block-heading\">Kilpailun j\u00e4rjest\u00e4j\u00e4t<\/h2>\n\n\n\n<p><a href=\"https:\/\/betoni.com\/\">Betoniteollisuus ry<\/a><br><a href=\"https:\/\/kivi.info\/\">Kivi ry<\/a><br><a href=\"https:\/\/www.vyl.fi\/\">Viherymp\u00e4rist\u00f6liitto ry<\/a><\/p>\n\n\n\n<h2 class=\"wp-block-heading\">Kilpailun logo<\/h2>\n\n\n\n<div class=\"wp-block-buttons is-layout-flex wp-block-buttons-is-layout-flex\">\n<div class=\"wp-block-button\"><a class=\"wp-block-button__link wp-element-button\" href=\"http:\/\/www.vyl.fi\/vuodenymparistorakenne\/wp-content\/uploads\/sites\/8\/2025\/04\/VYR-logo-png.png\">Vuoden Ymp\u00e4rist\u00f6rakenne -logo (png, verkko)<\/a><\/div>\n\n\n\n<div class=\"wp-block-button\"><a class=\"wp-block-button__link wp-element-button\" href=\"http:\/\/www.vyl.fi\/vuodenymparistorakenne\/wp-content\/uploads\/sites\/8\/2025\/04\/VYR-logoja-001.pdf\">Vuoden Ymp\u00e4rist\u00f6rakenne -logo (pdf, paino)<\/a><\/div>\n<\/div>\n\n\n\n<p><\/p>\n","protected":false},"excerpt":{"rendered":"<p>Kilpailun aikataulu Kilpailun palkinto Palkinto jaetaan palkitun kohteen rakennuttajille, suunnittelijoille, toteuttajille ja materiaalien toimittajille tuomariston harkinnan pohjalta. Kilpailupalkinnolla on haluttu edist\u00e4\u00e4 kotimaista taidetta. Ensimm\u00e4isin\u00e4 vuosina jaettiin taiteilija Maria Virkkalan suunnittelema betoniteos. Viimeisin palkinto on Inka J\u00e4rvisen grafiikkaty\u00f6. Osallistujam\u00e4\u00e4r\u00e4 Alkuvuosina kilpailuun tuli yli kaksikymment\u00e4 ehdotusta vuosittain. 1990-luvun laman edetess\u00e4 kilpailuun osallistuminen vaimeni, mutta se on palautunut [&hellip;]<\/p>\n","protected":false},"author":8,"featured_media":0,"parent":0,"menu_order":0,"comment_status":"closed","ping_status":"closed","template":"","meta":{"_acf_changed":false,"_relevanssi_hide_post":"","_relevanssi_hide_content":"","_relevanssi_pin_for_all":"","_relevanssi_pin_keywords":"","_relevanssi_unpin_keywords":"","_relevanssi_related_keywords":"","_relevanssi_related_include_ids":"","_relevanssi_related_exclude_ids":"","_relevanssi_related_no_append":"","_relevanssi_related_not_related":"","_relevanssi_related_posts":"1","_relevanssi_noindex_reason":"","footnotes":""},"class_list":["post-4","page","type-page","status-publish","hentry"],"acf":[],"_links":{"self":[{"href":"https:\/\/www.vyl.fi\/vuodenymparistorakenne\/wp-json\/wp\/v2\/pages\/4","targetHints":{"allow":["GET"]}}],"collection":[{"href":"https:\/\/www.vyl.fi\/vuodenymparistorakenne\/wp-json\/wp\/v2\/pages"}],"about":[{"href":"https:\/\/www.vyl.fi\/vuodenymparistorakenne\/wp-json\/wp\/v2\/types\/page"}],"author":[{"embeddable":true,"href":"https:\/\/www.vyl.fi\/vuodenymparistorakenne\/wp-json\/wp\/v2\/users\/8"}],"replies":[{"embeddable":true,"href":"https:\/\/www.vyl.fi\/vuodenymparistorakenne\/wp-json\/wp\/v2\/comments?post=4"}],"version-history":[{"count":19,"href":"https:\/\/www.vyl.fi\/vuodenymparistorakenne\/wp-json\/wp\/v2\/pages\/4\/revisions"}],"predecessor-version":[{"id":255,"href":"https:\/\/www.vyl.fi\/vuodenymparistorakenne\/wp-json\/wp\/v2\/pages\/4\/revisions\/255"}],"wp:attachment":[{"href":"https:\/\/www.vyl.fi\/vuodenymparistorakenne\/wp-json\/wp\/v2\/media?parent=4"}],"curies":[{"name":"wp","href":"https:\/\/api.w.org\/{rel}","templated":true}]}}