{"id":7,"date":"2025-03-20T12:50:26","date_gmt":"2025-03-20T10:50:26","guid":{"rendered":"https:\/\/www.vyl.fi\/vuodenymparistorakenne\/?page_id=7"},"modified":"2026-02-23T12:11:26","modified_gmt":"2026-02-23T10:11:26","slug":"osallistuminen","status":"publish","type":"page","link":"https:\/\/www.vyl.fi\/vuodenymparistorakenne\/osallistuminen\/","title":{"rendered":"Osallistuminen"},"content":{"rendered":"\n<p>Korkeatasoinen, kaunis ymp\u00e4rist\u00f6 on hyv\u00e4n suunnittelun ja ammattitaitoisen toteutuksen tulos. Se on onnistunut kokonaisuus, joka houkuttelee viihtym\u00e4\u00e4n, tarjoaa mahdollisuuden lepohetkeen sek\u00e4 virikkeit\u00e4 leikkiin ja toimintaan. Hyv\u00e4 ymp\u00e4rist\u00f6 on luontoa sellaisessa muodossa, joka kest\u00e4\u00e4 monenlaisen toiminnan ja vaikeidenkin olosuhteiden aiheuttamat rasitukset.<\/p>\n\n\n\n<p>Kilpailu j\u00e4rjestet\u00e4\u00e4n vuosittain. Ehdotuksia voivat tehd\u00e4 asiantuntijat, yhteis\u00f6t ja yksityiset henkil\u00f6t.<\/p>\n\n\n\n<p><strong>Kilpailukohde<\/strong>&nbsp;voi olla julkinen tai yksityinen, laaja tai suppea kokonaisuus. Siksi kilpailuun voivat osallistua esimerkiksi taloyhti\u00f6pihat, ulkoilu- ja virkistysalueet, teiden ja liikennealueiden ymp\u00e4rist\u00f6t, puistot, liikekeskusten ja julkisten rakennusten ymp\u00e4rist\u00f6t, k\u00e4velykadut ja jopa kokonaiset asuinalueet. Kilpailun ulkopuolelle on rajattu vain yksityiset omakotitalopihat. Ehdotuksia voivat tehd\u00e4 asiantuntijat, yhteis\u00f6t ja yksityiset henkil\u00f6t. Vuoden Ymp\u00e4rist\u00f6rakenne -kilpailun tulokset julkistetaan j\u00e4rjest\u00e4jien p\u00e4\u00e4tt\u00e4m\u00e4n\u00e4 ajankohtana.<\/p>\n\n\n\n<h2 class=\"wp-block-heading\">Kilpailuaika 2026<\/h2>\n\n\n\n<p>Kohteen voi ilmoittaa Vuoden Ymp\u00e4rist\u00f6rakenne 2026 -kilpailuun t\u00e4ytt\u00e4m\u00e4ll\u00e4 lomake\u00a0<strong>1.5-23.6.2026<\/strong>.<\/p>\n\n\n\n<div class=\"wp-block-lala-blocks-lala-infobox-with-title\">\n<h2 class=\"wp-block-heading\">Lis\u00e4tietoja<\/h2>\n\n\n\n<p>Taavi Forssell, Viherymp\u00e4rist\u00f6liitto<br>040 197 1273,&nbsp;<a href=\"javascript:;\" target=\"_blank\" rel=\"noreferrer noopener\">taavi.forssell@vyl.fi<\/a><\/p>\n\n\n\n<p>Sini Laine, Kivi Ry<br>050 330 1630,&nbsp;<a href=\"javascript:;\" target=\"_blank\" rel=\"noreferrer noopener\">sini.laine@kivi.info<\/a><\/p>\n\n\n\n<p>Antti Taivalkangas, Betoniteollisuus Ry<br>050 432 3360,&nbsp;<a href=\"mailto:antti.taivalkangas@rt.fi\">antti.taivalkangas@rt.fi<\/a><\/p>\n<\/div>\n","protected":false},"excerpt":{"rendered":"<p>Korkeatasoinen, kaunis ymp\u00e4rist\u00f6 on hyv\u00e4n suunnittelun ja ammattitaitoisen toteutuksen tulos. Se on onnistunut kokonaisuus, joka houkuttelee viihtym\u00e4\u00e4n, tarjoaa mahdollisuuden lepohetkeen sek\u00e4 virikkeit\u00e4 leikkiin ja toimintaan. Hyv\u00e4 ymp\u00e4rist\u00f6 on luontoa sellaisessa muodossa, joka kest\u00e4\u00e4 monenlaisen toiminnan ja vaikeidenkin olosuhteiden aiheuttamat rasitukset. Kilpailu j\u00e4rjestet\u00e4\u00e4n vuosittain. Ehdotuksia voivat tehd\u00e4 asiantuntijat, yhteis\u00f6t ja yksityiset henkil\u00f6t. Kilpailukohde&nbsp;voi olla julkinen tai [&hellip;]<\/p>\n","protected":false},"author":8,"featured_media":0,"parent":0,"menu_order":0,"comment_status":"closed","ping_status":"closed","template":"","meta":{"_acf_changed":false,"_relevanssi_hide_post":"","_relevanssi_hide_content":"","_relevanssi_pin_for_all":"","_relevanssi_pin_keywords":"","_relevanssi_unpin_keywords":"","_relevanssi_related_keywords":"","_relevanssi_related_include_ids":"","_relevanssi_related_exclude_ids":"","_relevanssi_related_no_append":"","_relevanssi_related_not_related":"","_relevanssi_related_posts":"1","_relevanssi_noindex_reason":"","footnotes":""},"class_list":["post-7","page","type-page","status-publish","hentry"],"acf":[],"_links":{"self":[{"href":"https:\/\/www.vyl.fi\/vuodenymparistorakenne\/wp-json\/wp\/v2\/pages\/7","targetHints":{"allow":["GET"]}}],"collection":[{"href":"https:\/\/www.vyl.fi\/vuodenymparistorakenne\/wp-json\/wp\/v2\/pages"}],"about":[{"href":"https:\/\/www.vyl.fi\/vuodenymparistorakenne\/wp-json\/wp\/v2\/types\/page"}],"author":[{"embeddable":true,"href":"https:\/\/www.vyl.fi\/vuodenymparistorakenne\/wp-json\/wp\/v2\/users\/8"}],"replies":[{"embeddable":true,"href":"https:\/\/www.vyl.fi\/vuodenymparistorakenne\/wp-json\/wp\/v2\/comments?post=7"}],"version-history":[{"count":21,"href":"https:\/\/www.vyl.fi\/vuodenymparistorakenne\/wp-json\/wp\/v2\/pages\/7\/revisions"}],"predecessor-version":[{"id":486,"href":"https:\/\/www.vyl.fi\/vuodenymparistorakenne\/wp-json\/wp\/v2\/pages\/7\/revisions\/486"}],"wp:attachment":[{"href":"https:\/\/www.vyl.fi\/vuodenymparistorakenne\/wp-json\/wp\/v2\/media?parent=7"}],"curies":[{"name":"wp","href":"https:\/\/api.w.org\/{rel}","templated":true}]}}